{"id":75701,"date":"2022-08-23T15:38:09","date_gmt":"2022-08-23T13:38:09","guid":{"rendered":"https:\/\/www.sp-ps.ch\/?post_type=cpt-campaign&#038;p=75701"},"modified":"2023-09-16T15:45:07","modified_gmt":"2023-09-16T13:45:07","slug":"oui-a-linitiative-sur-les-creches","status":"publish","type":"cpt-campaign","link":"https:\/\/www.sp-ps.ch\/fr\/campagne\/oui-a-linitiative-sur-les-creches\/","title":{"rendered":"Des places de cr\u00e8ches pour l&#8217;\u00e9galit\u00e9"},"content":{"rendered":"\t\t<div data-elementor-type=\"wp-post\" data-elementor-id=\"75701\" class=\"elementor elementor-75701\" data-elementor-post-type=\"cpt-campaign\">\n\t\t\t\t\t\t<section class=\"elementor-section elementor-top-section elementor-element elementor-element-d27e09d elementor-section-boxed elementor-section-height-default elementor-section-height-default\" data-id=\"d27e09d\" data-element_type=\"section\" data-settings=\"{&quot;jet_parallax_layout_list&quot;:[]}\">\n\t\t\t\t\t\t<div class=\"elementor-container elementor-column-gap-default\">\n\t\t\t\t\t<div class=\"elementor-column elementor-col-100 elementor-top-column elementor-element elementor-element-efadf6f\" data-id=\"efadf6f\" data-element_type=\"column\">\n\t\t\t<div class=\"elementor-widget-wrap elementor-element-populated\">\n\t\t\t\t\t\t<div class=\"elementor-element elementor-element-2d9700a elementor-widget elementor-widget-image\" data-id=\"2d9700a\" data-element_type=\"widget\" data-widget_type=\"image.default\">\n\t\t\t\t<div class=\"elementor-widget-container\">\n\t\t\t\t\t\t\t\t\t\t\t\t\t\t\t<img fetchpriority=\"high\" decoding=\"async\" width=\"800\" height=\"564\" src=\"https:\/\/www.sp-ps.ch\/wp-content\/uploads\/2022\/01\/KITA-Initiative-A5-RGB-FR-quer-1024x722.jpg\" class=\"attachment-large size-large wp-image-73783\" alt=\"\" srcset=\"https:\/\/www.sp-ps.ch\/wp-content\/uploads\/2022\/01\/KITA-Initiative-A5-RGB-FR-quer-1024x722.jpg 1024w, https:\/\/www.sp-ps.ch\/wp-content\/uploads\/2022\/01\/KITA-Initiative-A5-RGB-FR-quer-300x211.jpg 300w, https:\/\/www.sp-ps.ch\/wp-content\/uploads\/2022\/01\/KITA-Initiative-A5-RGB-FR-quer-768x541.jpg 768w, https:\/\/www.sp-ps.ch\/wp-content\/uploads\/2022\/01\/KITA-Initiative-A5-RGB-FR-quer-1536x1083.jpg 1536w, https:\/\/www.sp-ps.ch\/wp-content\/uploads\/2022\/01\/KITA-Initiative-A5-RGB-FR-quer-2048x1444.jpg 2048w\" sizes=\"(max-width: 800px) 100vw, 800px\" \/>\t\t\t\t\t\t\t\t\t\t\t\t\t\t\t<\/div>\n\t\t\t\t<\/div>\n\t\t\t\t<div class=\"elementor-element elementor-element-d13243d elementor-widget elementor-widget-spps_button_list\" data-id=\"d13243d\" data-element_type=\"widget\" data-widget_type=\"spps_button_list.default\">\n\t\t\t\t<div class=\"elementor-widget-container\">\n\t\t\t\t\t<div class=\"button-list-wrapper   \"><div class=\"button-list-container\"><div class=\"button-list-text\"><div class=\"lead\">Pour les jeunes familles, il est difficile de trouver une place de cr\u00e8che de qualit\u00e9 et abordable. Cela conduit notamment les femmes \u00e0 abandonner totalement ou partiellement leur activit\u00e9 professionnelle pour garder les enfants. L'initiative pour les cr\u00e8ches veut changer cela. Elle garantit suffisamment de places de cr\u00e8che abordables et favorise ainsi la conciliation de la vie familiale avec la vie professionnelle. C'est une pi\u00e8ce importante du puzzle sur la voie de l'\u00e9galit\u00e9.<\/div><div class=\"body\"><h3><strong>L'initiative sur les cr\u00e8ches demande :<\/strong><\/h3><p><strong>Des cr\u00e8ches abordables\u00a0<\/strong><\/p><p>Aujourd'hui, de nombreux parents ne peuvent pas s'offrir un moyen d\u2019accueil extrafamilial pour leurs enfants. En cons\u00e9quence, les femmes, en particulier, abandonnent tout ou partie de leur travail, ce qui se traduit par des salaires et des rentes plus faibles. Avec l\u2019initiative, les parents ne devraient pas d\u00e9penser plus de 10 pourcents de leur revenu pour les places de cr\u00e8che de leurs enfants. Cela favorisera l'\u00e9galit\u00e9.<\/p><p><strong>\u00a0Suffisamment de cr\u00e8ches\u00a0<\/strong><\/p><p>La possibilit\u00e9 de trouver une cr\u00e8che adapt\u00e9e d\u00e9pend aujourd'hui fortement du lieu de r\u00e9sidence. Avec l'initiative sur les cr\u00e8ches, nous garantissons aux familles un acc\u00e8s \u00e0 un accueil extrafamilial des enfants sur l\u2019ensemble du territoire. Les parents doivent pouvoir choisir librement le mode de garde de leurs enfants, quel que soit leur lieu de r\u00e9sidence.<\/p><p><strong>De bonnes conditions de travail pour les travailleurs et travailleuses de la petite enfance\u00a0<\/strong><\/p><p>Trop peu de personnel form\u00e9, trop d'enfants par \u00e9ducateur-trice, mauvaise r\u00e9mun\u00e9ration - de telles conditions sont aujourd'hui une r\u00e9alit\u00e9 dans de nombreux endroits. L'initiative pour les cr\u00e8ches veille \u00e0 ce que les salaires soient \u00e9quitables et les conditions de travail bonnes.\u00a0\u00a0<\/p><\/div><\/div><div class=\"button-list-items\"><div class=\"button-list-item\"><div class=\"button-wrapper \"><a href=\"https:\/\/creches-de-qualite.ch\/\"  target=\"_self\" class=\"button-link button-link-default\" >Singez ici en ligne<span class=\"button-media-date\">01.05.2026<\/span><\/a><\/div><\/div><\/div><\/div><\/div>\t\t\t\t<\/div>\n\t\t\t\t<\/div>\n\t\t\t\t\t<\/div>\n\t\t<\/div>\n\t\t\t\t\t<\/div>\n\t\t<\/section>\n\t\t\t\t<section class=\"elementor-section elementor-top-section elementor-element elementor-element-ce2cf2f elementor-section-boxed elementor-section-height-default elementor-section-height-default\" data-id=\"ce2cf2f\" data-element_type=\"section\" data-settings=\"{&quot;jet_parallax_layout_list&quot;:[]}\">\n\t\t\t\t\t\t<div class=\"elementor-container elementor-column-gap-default\">\n\t\t\t\t\t<div class=\"elementor-column elementor-col-100 elementor-top-column elementor-element elementor-element-b57be90\" data-id=\"b57be90\" data-element_type=\"column\">\n\t\t\t<div class=\"elementor-widget-wrap\">\n\t\t\t\t\t\t\t<\/div>\n\t\t<\/div>\n\t\t\t\t\t<\/div>\n\t\t<\/section>\n\t\t\t\t<\/div>\n\t\t","protected":false},"template":"","meta":{"open_link_in_new_window":""},"categories":[4743],"class_list":["post-75701","cpt-campaign","type-cpt-campaign","status-publish","hentry","category-femmes-socialistes-suisses"],"_links":{"self":[{"href":"https:\/\/www.sp-ps.ch\/fr\/wp-json\/wp\/v2\/cpt-campaign\/75701","targetHints":{"allow":["GET"]}}],"collection":[{"href":"https:\/\/www.sp-ps.ch\/fr\/wp-json\/wp\/v2\/cpt-campaign"}],"about":[{"href":"https:\/\/www.sp-ps.ch\/fr\/wp-json\/wp\/v2\/types\/cpt-campaign"}],"version-history":[{"count":9,"href":"https:\/\/www.sp-ps.ch\/fr\/wp-json\/wp\/v2\/cpt-campaign\/75701\/revisions"}],"predecessor-version":[{"id":78435,"href":"https:\/\/www.sp-ps.ch\/fr\/wp-json\/wp\/v2\/cpt-campaign\/75701\/revisions\/78435"}],"wp:attachment":[{"href":"https:\/\/www.sp-ps.ch\/fr\/wp-json\/wp\/v2\/media?parent=75701"}],"wp:term":[{"taxonomy":"category","embeddable":true,"href":"https:\/\/www.sp-ps.ch\/fr\/wp-json\/wp\/v2\/categories?post=75701"}],"curies":[{"name":"wp","href":"https:\/\/api.w.org\/{rel}","templated":true}]}}

Des places de crèches pour l&#8217;égalité

<div data-elementor-type="wp-post" data-elementor-id="75701" class="elementor elementor-75701" data-elementor-post-type="cpt-campaign">
						<section class="elementor-section elementor-top-section elementor-element elementor-element-d27e09d elementor-section-boxed elementor-section-height-default elementor-section-height-default" data-id="d27e09d" data-element_type="section" data-settings="{&quot;jet_parallax_layout_list&quot;:[]}">
						<div class="elementor-container elementor-column-gap-default">
					<div class="elementor-column elementor-col-100 elementor-top-column elementor-element elementor-element-efadf6f" data-id="efadf6f" data-element_type="column">
			<div class="elementor-widget-wrap elementor-element-populated">
						<div class="elementor-element elementor-element-2d9700a elementor-widget elementor-widget-image" data-id="2d9700a" data-element_type="widget" data-widget_type="image.default">
				<div class="elementor-widget-container">
															<img fetchpriority="high" decoding="async" width="800" height="564" src="https://www.sp-ps.ch/wp-content/uploads/2022/01/KITA-Initiative-A5-RGB-FR-quer-1024x722.jpg" class="attachment-large size-large wp-image-73783" alt="" srcset="https://www.sp-ps.ch/wp-content/uploads/2022/01/KITA-Initiative-A5-RGB-FR-quer-1024x722.jpg 1024w, https://www.sp-ps.ch/wp-content/uploads/2022/01/KITA-Initiative-A5-RGB-FR-quer-300x211.jpg 300w, https://www.sp-ps.ch/wp-content/uploads/2022/01/KITA-Initiative-A5-RGB-FR-quer-768x541.jpg 768w, https://www.sp-ps.ch/wp-content/uploads/2022/01/KITA-Initiative-A5-RGB-FR-quer-1536x1083.jpg 1536w, https://www.sp-ps.ch/wp-content/uploads/2022/01/KITA-Initiative-A5-RGB-FR-quer-2048x1444.jpg 2048w" sizes="(max-width: 800px) 100vw, 800px" />															</div>
				</div>
				<div class="elementor-element elementor-element-d13243d elementor-widget elementor-widget-spps_button_list" data-id="d13243d" data-element_type="widget" data-widget_type="spps_button_list.default">
				<div class="elementor-widget-container">
					<div class="button-list-wrapper   "><div class="button-list-container"><div class="button-list-text"><div class="lead">Pour les jeunes familles, il est difficile de trouver une place de crèche de qualité et abordable. Cela conduit notamment les femmes à abandonner totalement ou partiellement leur activité professionnelle pour garder les enfants. L'initiative pour les crèches veut changer cela. Elle garantit suffisamment de places de crèche abordables et favorise ainsi la conciliation de la vie familiale avec la vie professionnelle. C'est une pièce importante du puzzle sur la voie de l'égalité.</div><div class="body"><h3><strong>L'initiative sur les crèches demande :</strong></h3><p><strong>Des crèches abordables </strong></p><p>Aujourd'hui, de nombreux parents ne peuvent pas s'offrir un moyen d’accueil extrafamilial pour leurs enfants. En conséquence, les femmes, en particulier, abandonnent tout ou partie de leur travail, ce qui se traduit par des salaires et des rentes plus faibles. Avec l’initiative, les parents ne devraient pas dépenser plus de 10 pourcents de leur revenu pour les places de crèche de leurs enfants. Cela favorisera l'égalité.</p><p><strong> Suffisamment de crèches </strong></p><p>La possibilité de trouver une crèche adaptée dépend aujourd'hui fortement du lieu de résidence. Avec l'initiative sur les crèches, nous garantissons aux familles un accès à un accueil extrafamilial des enfants sur l’ensemble du territoire. Les parents doivent pouvoir choisir librement le mode de garde de leurs enfants, quel que soit leur lieu de résidence.</p><p><strong>De bonnes conditions de travail pour les travailleurs et travailleuses de la petite enfance </strong></p><p>Trop peu de personnel formé, trop d'enfants par éducateur-trice, mauvaise rémunération - de telles conditions sont aujourd'hui une réalité dans de nombreux endroits. L'initiative pour les crèches veille à ce que les salaires soient équitables et les conditions de travail bonnes.  </p></div></div><div class="button-list-items"><div class="button-list-item"><div class="button-wrapper "><a href="https://creches-de-qualite.ch/"  target="_self" class="button-link button-link-default" >Singez ici en ligne<span class="button-media-date">01.05.2026</span></a></div></div></div></div></div>				</div>
				</div>
					</div>
		</div>
					</div>
		</section>
				<section class="elementor-section elementor-top-section elementor-element elementor-element-ce2cf2f elementor-section-boxed elementor-section-height-default elementor-section-height-default" data-id="ce2cf2f" data-element_type="section" data-settings="{&quot;jet_parallax_layout_list&quot;:[]}">
						<div class="elementor-container elementor-column-gap-default">
					<div class="elementor-column elementor-col-100 elementor-top-column elementor-element elementor-element-b57be90" data-id="b57be90" data-element_type="column">
			<div class="elementor-widget-wrap">
							</div>
		</div>
					</div>
		</section>
				</div>
