{"id":81442,"date":"2022-10-03T02:23:11","date_gmt":"2022-10-03T00:23:11","guid":{"rendered":"https:\/\/www.sp-ps.ch\/?post_type=cpt-quizfragen&#038;p=81442"},"modified":"2022-11-16T16:53:29","modified_gmt":"2022-11-16T15:53:29","slug":"serie-25-fr","status":"publish","type":"cpt-quizfragen","link":"https:\/\/www.sp-ps.ch\/fr\/cpt-quizfragen\/serie-25-fr\/","title":{"rendered":"Serie 25 &#8211; fr"},"content":{"rendered":"","protected":false},"template":"","meta":{"mtool-quiz-question-1":"Frage 1: Quel conseiller f\u00e9d\u00e9ral socialiste saute par-dessus la cl\u00f4ture ?","mtool-quiz-image-1":"https:\/\/www.sp-ps.ch\/wp-content\/uploads\/2022\/10\/122.jpg","mtool-quiz-answer-1-1":"Ren\u00e9 Felber","mtool-quiz-answer-1-2":"Pierre Graber","mtool-quiz-answer-1-3":"Willy Sp\u00fchler","mtool-quiz-answer-1-4":"Hans-Peter Tschudi","mtool-quiz-solution-1":"Hans-Peter Tschudi saute par-dessus une cl\u00f4ture lors d'un voyage du Conseil f\u00e9d\u00e9ral \u00e0 Kronberg en 1970.","mtool-quiz-question-2":"Frage 2: Quel parti cantonal du PS a gagn\u00e9 contre le canton devant le tribunal f\u00e9d\u00e9ral au d\u00e9but de 2019?","mtool-quiz-image-2":"https:\/\/www.sp-ps.ch\/wp-content\/uploads\/2022\/10\/124.jpg","mtool-quiz-answer-2-1":"Zurich","mtool-quiz-answer-2-2":"Schaffhouse","mtool-quiz-answer-2-3":"Lucerne","mtool-quiz-answer-2-4":"Lausanne","mtool-quiz-solution-2":"Le gouvernement lucernois a abaiss\u00e9 le seuil pour les b\u00e9n\u00e9ficiaires des subsides de l\u2019assurance-maladie, pour des raisons politiques et financi\u00e8res, de 75'000 \u00e0 54'000 CHF du revenu imposable. Le PS Lucerne, avec les personnes concern\u00e9es, a attaqu\u00e9 cette d\u00e9cision en justice et a obtenu gain de cause au tribunal f\u00e9d\u00e9ral.","mtool-quiz-question-3":"Frage 3: Qui est l'auteur de la citation suivante : \"Premi\u00e8rement, je ne mange pas quand je travaille et deuxi\u00e8mement, je ne travaille pas quand je mange. Et troisi\u00e8mement, je veux faire les deux sans Frank A. Meyer\" ?","mtool-quiz-image-3":"https:\/\/www.sp-ps.ch\/wp-content\/uploads\/2022\/10\/126.jpg","mtool-quiz-answer-3-1":"Christian Levrat","mtool-quiz-answer-3-2":"Moritz Leuenberger","mtool-quiz-answer-3-3":"Tamara Funiciello","mtool-quiz-answer-3-4":"Otto Stich","mtool-quiz-solution-3":"Peu apr\u00e8s son \u00e9lection au Conseil f\u00e9d\u00e9ral, Otto Stich a \u00e9t\u00e9 invit\u00e9 \u00e0 un d\u00e9jeuner de travail avec Frank A. Meyer, journaliste de Ringier, \u00e0 qui il a annonc\u00e9 : \"Premi\u00e8rement, je ne mange pas quand je travaille et deuxi\u00e8mement, je ne travaille pas quand je mange. Et troisi\u00e8mement, j'aimerais faire les deux sans Frank A. Meyer.","mtool-quiz-question-4":"Frage 4: \u00c0 quelle p\u00e9riode Helmut Hubacher a-t-il \u00e9t\u00e9 pr\u00e9sident de SP Suisse ?","mtool-quiz-image-4":"https:\/\/www.sp-ps.ch\/wp-content\/uploads\/2022\/10\/127.jpg","mtool-quiz-answer-4-1":"1980 - 1991","mtool-quiz-answer-4-2":"1975 - 1990","mtool-quiz-answer-4-3":"1978 - 1995","mtool-quiz-answer-4-4":"1978 - 1990","mtool-quiz-solution-4":"1975 \u00e0 1990 Helmut Hubacher a \u00e9t\u00e9 pr\u00e9sident du PS Suisse","mtool-quiz-question-5":"Frage 5: Quel artiste a con\u00e7u cette affiche pour le vote sur l'AVS en 1947 ?","mtool-quiz-image-5":"https:\/\/www.sp-ps.ch\/wp-content\/uploads\/2022\/10\/128.png","mtool-quiz-answer-5-1":"Ferdinand Hodler","mtool-quiz-answer-5-2":"Hans Erni","mtool-quiz-answer-5-3":"Giovanni Giacometti","mtool-quiz-answer-5-4":"Alois Carigiet","mtool-quiz-solution-5":"L'affiche proclamait un message simple et clair : une vieillesse en paix et la solidarit\u00e9 entre les g\u00e9n\u00e9rations. Gr\u00e2ce au \"oui\", l'homme peut lire calmement un livre. Le vote a \u00e9t\u00e9 remport\u00e9 massivement, avec 80%."},"class_list":["post-81442","cpt-quizfragen","type-cpt-quizfragen","status-publish","hentry"],"_links":{"self":[{"href":"https:\/\/www.sp-ps.ch\/fr\/wp-json\/wp\/v2\/cpt-quizfragen\/81442","targetHints":{"allow":["GET"]}}],"collection":[{"href":"https:\/\/www.sp-ps.ch\/fr\/wp-json\/wp\/v2\/cpt-quizfragen"}],"about":[{"href":"https:\/\/www.sp-ps.ch\/fr\/wp-json\/wp\/v2\/types\/cpt-quizfragen"}],"wp:attachment":[{"href":"https:\/\/www.sp-ps.ch\/fr\/wp-json\/wp\/v2\/media?parent=81442"}],"curies":[{"name":"wp","href":"https:\/\/api.w.org\/{rel}","templated":true}]}}

Frage 1: Quel conseiller fédéral socialiste saute par-dessus la clôture ?

René Felber

Willy Spühler

Hans-Peter Tschudi saute par-dessus une clôture lors d'un voyage du Conseil fédéral à Kronberg en 1970.

Frage 2: Quel parti cantonal du PS a gagné contre le canton devant le tribunal fédéral au début de 2019?

Le gouvernement lucernois a abaissé le seuil pour les bénéficiaires des subsides de l’assurance-maladie, pour des raisons politiques et financières, de 75'000 à 54'000 CHF du revenu imposable. Le PS Lucerne, avec les personnes concernées, a attaqué cette décision en justice et a obtenu gain de cause au tribunal fédéral.

Frage 3: Qui est l'auteur de la citation suivante : "Premièrement, je ne mange pas quand je travaille et deuxièmement, je ne travaille pas quand je mange. Et troisièmement, je veux faire les deux sans Frank A. Meyer" ?

Peu après son élection au Conseil fédéral, Otto Stich a été invité à un déjeuner de travail avec Frank A. Meyer, journaliste de Ringier, à qui il a annoncé : "Premièrement, je ne mange pas quand je travaille et deuxièmement, je ne travaille pas quand je mange. Et troisièmement, j'aimerais faire les deux sans Frank A. Meyer.

Frage 4: À quelle période Helmut Hubacher a-t-il été président de SP Suisse ?

1975 à 1990 Helmut Hubacher a été président du PS Suisse

Frage 5: Quel artiste a conçu cette affiche pour le vote sur l'AVS en 1947 ?

L'affiche proclamait un message simple et clair : une vieillesse en paix et la solidarité entre les générations. Grâce au "oui", l'homme peut lire calmement un livre. Le vote a été remporté massivement, avec 80%.
