{"id":85224,"date":"2022-11-17T09:20:28","date_gmt":"2022-11-17T08:20:28","guid":{"rendered":"https:\/\/www.sp-ps.ch\/cpt-quizfragen\/serie-29-fr\/"},"modified":"2023-05-05T10:24:04","modified_gmt":"2023-05-05T08:24:04","slug":"serie-29-fr","status":"publish","type":"cpt-quizfragen","link":"https:\/\/www.sp-ps.ch\/fr\/cpt-quizfragen\/serie-29-fr\/","title":{"rendered":"Serie 29 FR"},"content":{"rendered":"","protected":false},"template":"","meta":{"mtool-quiz-question-1":"La part des femmes du PS au Conseil national est ","mtool-quiz-image-1":"https:\/\/www.sp-ps.ch\/wp-content\/uploads\/2022\/11\/nr-saal.jpg","mtool-quiz-answer-1-1":"64.10%","mtool-quiz-answer-1-2":"43.70%","mtool-quiz-answer-1-3":"72.50%","mtool-quiz-answer-1-4":"39.90%","mtool-quiz-solution-1":"La part des femmes du PS au Conseil national est de 64,10%. ","mtool-quiz-question-2":"Quand le PS a-t-il \u00e9t\u00e9 fond\u00e9 ? ","mtool-quiz-image-2":"https:\/\/www.sp-ps.ch\/wp-content\/uploads\/2022\/10\/logo_some_de.webp","mtool-quiz-answer-2-1":"21 octobre 1923","mtool-quiz-answer-2-2":"21 octobre 1790","mtool-quiz-answer-2-3":"21 octobre 1847","mtool-quiz-answer-2-4":"21 octobre 1888","mtool-quiz-solution-2":"Le PS a \u00e9t\u00e9 fond\u00e9 le 21 octobre 1888. ","mtool-quiz-question-3":"Quand Ruth Dreifuss a-t-elle \u00e9t\u00e9 \u00e9lue premi\u00e8re conseill\u00e8re f\u00e9d\u00e9rale socialiste ?","mtool-quiz-image-3":"https:\/\/www.sp-ps.ch\/wp-content\/uploads\/2022\/11\/Bild13.jpg","mtool-quiz-answer-3-1":"1993","mtool-quiz-answer-3-2":"1991","mtool-quiz-answer-3-3":"1995","mtool-quiz-answer-3-4":"1996","mtool-quiz-solution-3":"Ruth Dreifuss a \u00e9t\u00e9 \u00e9lue en 1993. ","mtool-quiz-question-4":"Combien de conseillers-\u00e8res f\u00e9d\u00e9raux-les tessinois le PS a-t-il d\u00e9j\u00e0 eu ?","mtool-quiz-image-4":"https:\/\/www.sp-ps.ch\/wp-content\/uploads\/2022\/11\/Bild14.jpeg","mtool-quiz-answer-4-1":"","mtool-quiz-answer-4-2":"1","mtool-quiz-answer-4-3":"2","mtool-quiz-answer-4-4":"3","mtool-quiz-solution-4":"Jusqu'\u00e0 pr\u00e9sent, il n'y avait pas encore de conseiller(\u00e8re) f\u00e9d\u00e9ral(e) PS tessinois(e). ","mtool-quiz-question-5":"Qui n'a jamais \u00e9t\u00e9 pr\u00e9sident-e de la Jeunesse socialiste suisse ?","mtool-quiz-image-5":"https:\/\/www.sp-ps.ch\/wp-content\/uploads\/2022\/11\/Bild2-1.jpg","mtool-quiz-answer-5-1":"Ronja Jansen","mtool-quiz-answer-5-2":"Tamara Funicello ","mtool-quiz-answer-5-3":"Pierre-Yves Maillard ","mtool-quiz-answer-5-4":"David Roth","mtool-quiz-solution-5":"Pierre-Yves Maillard n'a jamais \u00e9t\u00e9 pr\u00e9sident de la JS."},"class_list":["post-85224","cpt-quizfragen","type-cpt-quizfragen","status-publish","hentry"],"_links":{"self":[{"href":"https:\/\/www.sp-ps.ch\/fr\/wp-json\/wp\/v2\/cpt-quizfragen\/85224","targetHints":{"allow":["GET"]}}],"collection":[{"href":"https:\/\/www.sp-ps.ch\/fr\/wp-json\/wp\/v2\/cpt-quizfragen"}],"about":[{"href":"https:\/\/www.sp-ps.ch\/fr\/wp-json\/wp\/v2\/types\/cpt-quizfragen"}],"wp:attachment":[{"href":"https:\/\/www.sp-ps.ch\/fr\/wp-json\/wp\/v2\/media?parent=85224"}],"curies":[{"name":"wp","href":"https:\/\/api.w.org\/{rel}","templated":true}]}}

Quand le PS a-t-il été fondé ?

Le PS a été fondé le 21 octobre 1888.

Quand Ruth Dreifuss a-t-elle été élue première conseillère fédérale socialiste ?

Ruth Dreifuss a été élue en 1993.

Combien de conseillers-ères fédéraux-les tessinois le PS a-t-il déjà eu ?

Jusqu'à présent, il n'y avait pas encore de conseiller(ère) fédéral(e) PS tessinois(e).

Qui n'a jamais été président-e de la Jeunesse socialiste suisse ?

Pierre-Yves Maillard n'a jamais été président de la JS.
