{"id":102245,"date":"2023-07-11T09:55:42","date_gmt":"2023-07-11T07:55:42","guid":{"rendered":"https:\/\/www.sp-ps.ch\/?page_id=102245"},"modified":"2026-03-31T11:37:32","modified_gmt":"2026-03-31T09:37:32","slug":"migration-et-integration","status":"publish","type":"page","link":"https:\/\/www.sp-ps.ch\/fr\/parti\/commissions-thematiques\/migration-et-integration\/","title":{"rendered":"Commission th\u00e9matique &#8220;Migration et int\u00e9gration&#8221;"},"content":{"rendered":"\t\t<div data-elementor-type=\"wp-page\" data-elementor-id=\"102245\" class=\"elementor elementor-102245 elementor-102244\" data-elementor-post-type=\"page\">\n\t\t\t\t\t\t<section class=\"elementor-section elementor-top-section elementor-element elementor-element-54f3b70 elementor-section-boxed elementor-section-height-default elementor-section-height-default\" data-id=\"54f3b70\" data-element_type=\"section\" data-settings=\"{&quot;jet_parallax_layout_list&quot;:[],&quot;background_background&quot;:&quot;classic&quot;}\">\n\t\t\t\t\t\t<div class=\"elementor-container elementor-column-gap-wide\">\n\t\t\t\t\t<div class=\"elementor-column elementor-col-100 elementor-top-column elementor-element elementor-element-dc746ae\" data-id=\"dc746ae\" data-element_type=\"column\">\n\t\t\t<div class=\"elementor-widget-wrap elementor-element-populated\">\n\t\t\t\t\t\t<div class=\"elementor-element elementor-element-0b64c52 elementor-widget elementor-widget-heading\" data-id=\"0b64c52\" data-element_type=\"widget\" data-widget_type=\"heading.default\">\n\t\t\t\t<div class=\"elementor-widget-container\">\n\t\t\t\t\t<h1 class=\"elementor-heading-title elementor-size-default\">Commission th\u00e9matique \u00ab Migration et int\u00e9gration \u00bb<\/h1>\t\t\t\t<\/div>\n\t\t\t\t<\/div>\n\t\t\t\t<div class=\"elementor-element elementor-element-a1bb74f elementor-widget elementor-widget-jet-breadcrumbs\" data-id=\"a1bb74f\" data-element_type=\"widget\" data-widget_type=\"jet-breadcrumbs.default\">\n\t\t\t\t<div class=\"elementor-widget-container\">\n\t\t\t\t\t<div class=\"elementor-jet-breadcrumbs jet-blocks\">\n\t\t<div class=\"jet-breadcrumbs\">\n\t\t<div class=\"jet-breadcrumbs__content\">\n\t\t<div class=\"jet-breadcrumbs__wrap\">\n\t\t<\/div>\n\t\t<\/div>\n\t\t<\/div><\/div>\t\t\t\t<\/div>\n\t\t\t\t<\/div>\n\t\t\t\t\t<\/div>\n\t\t<\/div>\n\t\t\t\t\t<\/div>\n\t\t<\/section>\n\t\t\t\t<section class=\"elementor-section elementor-top-section elementor-element elementor-element-720b15e elementor-section-boxed elementor-section-height-default elementor-section-height-default\" data-id=\"720b15e\" data-element_type=\"section\" data-settings=\"{&quot;jet_parallax_layout_list&quot;:[]}\">\n\t\t\t\t\t\t<div class=\"elementor-container elementor-column-gap-wide\">\n\t\t\t\t\t<div class=\"elementor-column elementor-col-100 elementor-top-column elementor-element elementor-element-4ae9764\" data-id=\"4ae9764\" data-element_type=\"column\">\n\t\t\t<div class=\"elementor-widget-wrap elementor-element-populated\">\n\t\t\t\t\t\t<div class=\"elementor-element elementor-element-5dd654d elementor-widget elementor-widget-spps_person_grid\" data-id=\"5dd654d\" data-element_type=\"widget\" id=\"Themenkommission-Migration-und-Integration\" data-widget_type=\"spps_person_grid.default\">\n\t\t\t\t<div class=\"elementor-widget-container\">\n\t\t\t\t\t<div class=\"button-list-wrapper \"><div class=\"button-list-container\"><div class=\"persons persons-grid-2\"><div class=\"persons-items\"><div class=\"persons-item\"><div class=\"person-container\"><div class=\"person-portrait\"><a href=\"https:\/\/www.sp-ps.ch\/fr\/person\/samira-marti\/\"><img decoding=\"async\" src=\"https:\/\/www.sp-ps.ch\/wp-content\/uploads\/2023\/10\/BL_NR_2023_SP_Marti_Samira_5446-G-600x600.jpg?v=1709397624\" alt=\"Samira Marti\" loading=\"lazy\"><\/a><\/div><div class=\"person-content\"><a href=\"https:\/\/www.sp-ps.ch\/fr\/person\/samira-marti\/\" class=\"person-name\"><p><strong>Samira Marti<\/strong><\/p><\/a><p class=\"person-position\">Conseill\u00e8re nationale BL, co-pr\u00e9sidente du Groupe socialiste aux Chambres f\u00e9d\u00e9rales<\/p><ul class=\"person-kontakt list-pills list-pills-grey\"><li><a href=\"mailto:samira.marti@parl.ch\">E-Mail<\/a><\/li><\/ul><\/div><\/div><\/div><div class=\"persons-item\"><div class=\"person-container\"><div class=\"person-portrait\"><a href=\"https:\/\/www.sp-ps.ch\/fr\/person\/carla-mueller\/\"><img decoding=\"async\" src=\"https:\/\/www.sp-ps.ch\/wp-content\/uploads\/2025\/05\/DSCF5712_low2-600x600.jpg?v=1748872196\" alt=\"Carla M\u00fcller\" loading=\"lazy\"><\/a><\/div><div class=\"person-content\"><a href=\"https:\/\/www.sp-ps.ch\/fr\/person\/carla-mueller\/\" class=\"person-name\"><p><strong>Carla M\u00fcller<\/strong><\/p><\/a><p class=\"person-position\">Conseill\u00e8re specialis\u00e9e (CIP & CAJ)<\/p><ul class=\"person-kontakt list-pills list-pills-grey\"><li><a href=\"tel:+41313296961\">+41 31 329 69 61<\/a><\/li><li><a href=\"mailto:carla.mueller@spschweiz.ch\">E-Mail<\/a><\/li><\/ul><\/div><\/div><\/div><div class=\"persons-item\"><div class=\"person-container\"><div class=\"person-portrait\"><a href=\"https:\/\/www.sp-ps.ch\/fr\/person\/samson-yemane\/\"><img decoding=\"async\" src=\"https:\/\/www.sp-ps.ch\/wp-content\/uploads\/2024\/09\/samson-600x600.jpg?v=1725955544\" alt=\"Samson Yemane\" loading=\"lazy\"><\/a><\/div><div class=\"person-content\"><a href=\"https:\/\/www.sp-ps.ch\/fr\/person\/samson-yemane\/\" class=\"person-name\"><p><strong>Samson Yemane<\/strong><\/p><\/a><p class=\"person-position\">Conseiller communal de Lausanne, Membre de la commission f\u00e9d\u00e9rale contre le racisme (CFR)<\/p><ul class=\"person-kontakt list-pills list-pills-grey\"><li><a href=\"mailto:samson.yemane@lausanne-cc.ch\">E-Mail<\/a><\/li><\/ul><\/div><\/div><\/div><\/div><\/div><\/div><\/div>\t\t\t\t<\/div>\n\t\t\t\t<\/div>\n\t\t\t\t<div class=\"elementor-element elementor-element-574c106 elementor-widget elementor-widget-heading\" data-id=\"574c106\" data-element_type=\"widget\" data-widget_type=\"heading.default\">\n\t\t\t\t<div class=\"elementor-widget-container\">\n\t\t\t\t\t<h2 class=\"elementor-heading-title elementor-size-medium\">Br\u00e8ve description des travaux de la commission<\/h2>\t\t\t\t<\/div>\n\t\t\t\t<\/div>\n\t\t\t\t<div class=\"elementor-element elementor-element-9267f04 elementor-widget elementor-widget-spps_title_text\" data-id=\"9267f04\" data-element_type=\"widget\" data-widget_type=\"spps_title_text.default\">\n\t\t\t\t<div class=\"elementor-widget-container\">\n\t\t\t\t\t<div class=\"title-text-wrapper \"><div class=\"title-text-container\"><div class=\"title-text-text\"><div class=\"body\"><p>La commission th\u00e9matique \u00ab\u00a0Migration et int\u00e9gration\u00a0\u00bb se penche sur des questions d\u2019actualit\u00e9 en mati\u00e8re de migration, d\u2019asile et d\u2019int\u00e9gration. Il s\u2019agit entre autres de questions relatives au diff\u00e9rents permis (principalement B, F et S) et \u00e0 leur impact sur le quotidien des personnes concern\u00e9es. Nous nous penchons \u00e9galement sur les crises actuelles, comme la guerre d\u2019agression contre l\u2019Ukraine, la situation des droits humains, en particulier en Afghanistan, etc. Enfin, la commission th\u00e9matique doit aussi \u00eatre un lieu pour trouver des solutions communes et am\u00e9liorer ainsi la situation des migrants et des personnes qui cherchent en Suisse une protection.<\/p><p>Les s\u00e9ances se tiennent entre deux et quatre fois par ann\u00e9e, g\u00e9n\u00e9ralement en ligne. Une r\u00e9union pr\u00e9sentielle est organis\u00e9e si possible une fois par an.<\/p><\/div><\/div><\/div><\/div>\t\t\t\t<\/div>\n\t\t\t\t<\/div>\n\t\t\t\t<div class=\"elementor-element elementor-element-1dd772b elementor-widget elementor-widget-spacer\" data-id=\"1dd772b\" data-element_type=\"widget\" data-widget_type=\"spacer.default\">\n\t\t\t\t<div class=\"elementor-widget-container\">\n\t\t\t\t\t\t\t<div class=\"elementor-spacer\">\n\t\t\t<div class=\"elementor-spacer-inner\"><\/div>\n\t\t<\/div>\n\t\t\t\t\t\t<\/div>\n\t\t\t\t<\/div>\n\t\t\t\t\t<\/div>\n\t\t<\/div>\n\t\t\t\t\t<\/div>\n\t\t<\/section>\n\t\t\t\t<section class=\"elementor-section elementor-top-section elementor-element elementor-element-7949173 elementor-section-boxed elementor-section-height-default elementor-section-height-default\" data-id=\"7949173\" data-element_type=\"section\" data-settings=\"{&quot;jet_parallax_layout_list&quot;:[]}\">\n\t\t\t\t\t\t<div class=\"elementor-container elementor-column-gap-default\">\n\t\t\t\t\t<div class=\"elementor-column elementor-col-100 elementor-top-column elementor-element elementor-element-b241324\" data-id=\"b241324\" data-element_type=\"column\">\n\t\t\t<div class=\"elementor-widget-wrap elementor-element-populated\">\n\t\t\t\t\t\t<div class=\"elementor-element elementor-element-02924fb elementor-widget elementor-widget-spps_call_to_action\" data-id=\"02924fb\" data-element_type=\"widget\" id=\"themenkommission-migration-integration\" data-widget_type=\"spps_call_to_action.default\">\n\t\t\t\t<div class=\"elementor-widget-container\">\n\t\t\t\t\t<div class=\"call-to-action-wrapper  \" style=\"background:#E4002B\" ><div class=\"call-to-action-title\"><h2>Int\u00e9ress\u00e9-e ?<\/h2><\/div><div class=\"call-to-action-container\"><div class=\"call-to-action-text\"><p>Ici tu peux t'inscrire pour la Commission th\u00e9matique \u00abMigration et int\u00e9gration\u00bb.<\/p>\n<p>Nous nous r\u00e9jouissons !<\/p>\n<\/div><div class=\"call-to-action-buttons call-to-action-buttons-left\"><div class=\"button-wrapper \"><a href=\"https:\/\/www.sp-ps.ch\/fr\/parti\/commissions-thematiques\/formulaire-dinscription-commissions-specialisees\/\"  target=\"_self\" class=\"button-link button-link-default\"  style='color:#E4002B' onMouseOver=\"this.style.color='white';this.style.background='#E4002B'\" onMouseOut=\"this.style.color='#E4002B';this.style.background='#EBEBEB'\">Anmeldeformular<\/a><\/div><\/div><\/div><\/div>\t\t\t\t<\/div>\n\t\t\t\t<\/div>\n\t\t\t\t\t<\/div>\n\t\t<\/div>\n\t\t\t\t\t<\/div>\n\t\t<\/section>\n\t\t\t\t<\/div>\n\t\t","protected":false},"excerpt":{"rendered":"<p>Commission th\u00e9matique \u00ab Migration et int\u00e9gration \u00bb Samira Marti Nationalr\u00e4tin BL, Co-Pr\u00e4sidentin der SP-Bundeshausfraktion E-Mail Carla M\u00fcller Politische Fachreferentin (SPK &amp; RK) +41 31 329 69 61 E-Mail Samson Yemane [&hellip;]<\/p>\n","protected":false},"author":23,"featured_media":0,"parent":30493,"menu_order":12,"comment_status":"closed","ping_status":"closed","template":"","meta":{"footnotes":""},"class_list":["post-102245","page","type-page","status-publish","hentry"],"_links":{"self":[{"href":"https:\/\/www.sp-ps.ch\/fr\/wp-json\/wp\/v2\/pages\/102245","targetHints":{"allow":["GET"]}}],"collection":[{"href":"https:\/\/www.sp-ps.ch\/fr\/wp-json\/wp\/v2\/pages"}],"about":[{"href":"https:\/\/www.sp-ps.ch\/fr\/wp-json\/wp\/v2\/types\/page"}],"author":[{"embeddable":true,"href":"https:\/\/www.sp-ps.ch\/fr\/wp-json\/wp\/v2\/users\/23"}],"replies":[{"embeddable":true,"href":"https:\/\/www.sp-ps.ch\/fr\/wp-json\/wp\/v2\/comments?post=102245"}],"version-history":[{"count":35,"href":"https:\/\/www.sp-ps.ch\/fr\/wp-json\/wp\/v2\/pages\/102245\/revisions"}],"predecessor-version":[{"id":181295,"href":"https:\/\/www.sp-ps.ch\/fr\/wp-json\/wp\/v2\/pages\/102245\/revisions\/181295"}],"up":[{"embeddable":true,"href":"https:\/\/www.sp-ps.ch\/fr\/wp-json\/wp\/v2\/pages\/30493"}],"wp:attachment":[{"href":"https:\/\/www.sp-ps.ch\/fr\/wp-json\/wp\/v2\/media?parent=102245"}],"curies":[{"name":"wp","href":"https:\/\/api.w.org\/{rel}","templated":true}]}}

Commission thématique &#8220;Migration et intégration&#8221;

<div data-elementor-type="wp-page" data-elementor-id="102245" class="elementor elementor-102245 elementor-102244" data-elementor-post-type="page">
						<section class="elementor-section elementor-top-section elementor-element elementor-element-54f3b70 elementor-section-boxed elementor-section-height-default elementor-section-height-default" data-id="54f3b70" data-element_type="section" data-settings="{&quot;jet_parallax_layout_list&quot;:[],&quot;background_background&quot;:&quot;classic&quot;}">
						<div class="elementor-container elementor-column-gap-wide">
					<div class="elementor-column elementor-col-100 elementor-top-column elementor-element elementor-element-dc746ae" data-id="dc746ae" data-element_type="column">
			<div class="elementor-widget-wrap elementor-element-populated">
						<div class="elementor-element elementor-element-0b64c52 elementor-widget elementor-widget-heading" data-id="0b64c52" data-element_type="widget" data-widget_type="heading.default">
				<div class="elementor-widget-container">
					<h1 class="elementor-heading-title elementor-size-default">Commission thématique « Migration et intégration »</h1>				</div>
				</div>
				<div class="elementor-element elementor-element-a1bb74f elementor-widget elementor-widget-jet-breadcrumbs" data-id="a1bb74f" data-element_type="widget" data-widget_type="jet-breadcrumbs.default">
				<div class="elementor-widget-container">
					<div class="elementor-jet-breadcrumbs jet-blocks">
		<div class="jet-breadcrumbs">
		<div class="jet-breadcrumbs__content">
		<div class="jet-breadcrumbs__wrap">
		</div>
		</div>
		</div></div>				</div>
				</div>
					</div>
		</div>
					</div>
		</section>
				<section class="elementor-section elementor-top-section elementor-element elementor-element-720b15e elementor-section-boxed elementor-section-height-default elementor-section-height-default" data-id="720b15e" data-element_type="section" data-settings="{&quot;jet_parallax_layout_list&quot;:[]}">
						<div class="elementor-container elementor-column-gap-wide">
					<div class="elementor-column elementor-col-100 elementor-top-column elementor-element elementor-element-4ae9764" data-id="4ae9764" data-element_type="column">
			<div class="elementor-widget-wrap elementor-element-populated">
						<div class="elementor-element elementor-element-5dd654d elementor-widget elementor-widget-spps_person_grid" data-id="5dd654d" data-element_type="widget" id="Themenkommission-Migration-und-Integration" data-widget_type="spps_person_grid.default">
				<div class="elementor-widget-container">
					<div class="button-list-wrapper "><div class="button-list-container"><div class="persons persons-grid-2"><div class="persons-items"><div class="persons-item"><div class="person-container"><div class="person-portrait"><a href="https://www.sp-ps.ch/fr/person/samira-marti/"><img decoding="async" src="https://www.sp-ps.ch/wp-content/uploads/2023/10/BL_NR_2023_SP_Marti_Samira_5446-G-600x600.jpg?v=1709397624" alt="Samira Marti" loading="lazy"></a></div><div class="person-content"><a href="https://www.sp-ps.ch/fr/person/samira-marti/" class="person-name"><p><strong>Samira Marti</strong></p></a><p class="person-position">Conseillère nationale BL, co-présidente du Groupe socialiste aux Chambres fédérales</p><ul class="person-kontakt list-pills list-pills-grey"><li><a href="mailto:samira.marti@parl.ch">E-Mail</a></li></ul></div></div></div><div class="persons-item"><div class="person-container"><div class="person-portrait"><a href="https://www.sp-ps.ch/fr/person/carla-mueller/"><img decoding="async" src="https://www.sp-ps.ch/wp-content/uploads/2025/05/DSCF5712_low2-600x600.jpg?v=1748872196" alt="Carla Müller" loading="lazy"></a></div><div class="person-content"><a href="https://www.sp-ps.ch/fr/person/carla-mueller/" class="person-name"><p><strong>Carla Müller</strong></p></a><p class="person-position">Conseillère specialisée (CIP & CAJ)</p><ul class="person-kontakt list-pills list-pills-grey"><li><a href="tel:+41313296961">+41 31 329 69 61</a></li><li><a href="mailto:carla.mueller@spschweiz.ch">E-Mail</a></li></ul></div></div></div><div class="persons-item"><div class="person-container"><div class="person-portrait"><a href="https://www.sp-ps.ch/fr/person/samson-yemane/"><img decoding="async" src="https://www.sp-ps.ch/wp-content/uploads/2024/09/samson-600x600.jpg?v=1725955544" alt="Samson Yemane" loading="lazy"></a></div><div class="person-content"><a href="https://www.sp-ps.ch/fr/person/samson-yemane/" class="person-name"><p><strong>Samson Yemane</strong></p></a><p class="person-position">Conseiller communal de Lausanne, Membre de la commission fédérale contre le racisme (CFR)</p><ul class="person-kontakt list-pills list-pills-grey"><li><a href="mailto:samson.yemane@lausanne-cc.ch">E-Mail</a></li></ul></div></div></div></div></div></div></div>				</div>
				</div>
				<div class="elementor-element elementor-element-574c106 elementor-widget elementor-widget-heading" data-id="574c106" data-element_type="widget" data-widget_type="heading.default">
				<div class="elementor-widget-container">
					<h2 class="elementor-heading-title elementor-size-medium">Brève description des travaux de la commission</h2>				</div>
				</div>
				<div class="elementor-element elementor-element-9267f04 elementor-widget elementor-widget-spps_title_text" data-id="9267f04" data-element_type="widget" data-widget_type="spps_title_text.default">
				<div class="elementor-widget-container">
					<div class="title-text-wrapper "><div class="title-text-container"><div class="title-text-text"><div class="body"><p>La commission thématique « Migration et intégration » se penche sur des questions d’actualité en matière de migration, d’asile et d’intégration. Il s’agit entre autres de questions relatives au différents permis (principalement B, F et S) et à leur impact sur le quotidien des personnes concernées. Nous nous penchons également sur les crises actuelles, comme la guerre d’agression contre l’Ukraine, la situation des droits humains, en particulier en Afghanistan, etc. Enfin, la commission thématique doit aussi être un lieu pour trouver des solutions communes et améliorer ainsi la situation des migrants et des personnes qui cherchent en Suisse une protection.</p><p>Les séances se tiennent entre deux et quatre fois par année, généralement en ligne. Une réunion présentielle est organisée si possible une fois par an.</p></div></div></div></div>				</div>
				</div>
				<div class="elementor-element elementor-element-1dd772b elementor-widget elementor-widget-spacer" data-id="1dd772b" data-element_type="widget" data-widget_type="spacer.default">
				<div class="elementor-widget-container">
							<div class="elementor-spacer">
			<div class="elementor-spacer-inner"></div>
		</div>
						</div>
				</div>
					</div>
		</div>
					</div>
		</section>
				<section class="elementor-section elementor-top-section elementor-element elementor-element-7949173 elementor-section-boxed elementor-section-height-default elementor-section-height-default" data-id="7949173" data-element_type="section" data-settings="{&quot;jet_parallax_layout_list&quot;:[]}">
						<div class="elementor-container elementor-column-gap-default">
					<div class="elementor-column elementor-col-100 elementor-top-column elementor-element elementor-element-b241324" data-id="b241324" data-element_type="column">
			<div class="elementor-widget-wrap elementor-element-populated">
						<div class="elementor-element elementor-element-02924fb elementor-widget elementor-widget-spps_call_to_action" data-id="02924fb" data-element_type="widget" id="themenkommission-migration-integration" data-widget_type="spps_call_to_action.default">
				<div class="elementor-widget-container">
					<div class="call-to-action-wrapper  " style="background:#E4002B" ><div class="call-to-action-title"><h2>Intéressé-e ?</h2></div><div class="call-to-action-container"><div class="call-to-action-text"><p>Ici tu peux t'inscrire pour la Commission thématique «Migration et intégration».</p>
<p>Nous nous réjouissons !</p>
</div><div class="call-to-action-buttons call-to-action-buttons-left"><div class="button-wrapper "><a href="https://www.sp-ps.ch/fr/parti/commissions-thematiques/formulaire-dinscription-commissions-specialisees/"  target="_self" class="button-link button-link-default"  style='color:#E4002B' onMouseOver="this.style.color='white';this.style.background='#E4002B'" onMouseOut="this.style.color='#E4002B';this.style.background='#EBEBEB'">Anmeldeformular</a></div></div></div></div>				</div>
				</div>
					</div>
		</div>
					</div>
		</section>
				</div>

<p>Commission thématique « Migration et intégration » Samira Marti Nationalrätin BL, Co-Präsidentin der SP-Bundeshausfraktion E-Mail Carla Müller Politische Fachreferentin (SPK &amp; RK) +41 31 329 69 61 E-Mail Samson Yemane [&hellip;]</p>
