{"id":102347,"date":"2023-06-16T14:46:05","date_gmt":"2023-06-16T12:46:05","guid":{"rendered":"https:\/\/www.sp-ps.ch\/?page_id=102347"},"modified":"2026-03-31T11:51:19","modified_gmt":"2026-03-31T09:51:19","slug":"paix-et-securite","status":"publish","type":"page","link":"https:\/\/www.sp-ps.ch\/fr\/parti\/commissions-thematiques\/paix-et-securite\/","title":{"rendered":"Commission th\u00e9matique &#8220;Paix et s\u00e9curit\u00e9&#8221;"},"content":{"rendered":"\t\t<div data-elementor-type=\"wp-page\" data-elementor-id=\"102347\" class=\"elementor elementor-102347 elementor-102346\" data-elementor-post-type=\"page\">\n\t\t\t\t\t\t<section class=\"elementor-section elementor-top-section elementor-element elementor-element-ac56fc0 elementor-section-boxed elementor-section-height-default elementor-section-height-default\" data-id=\"ac56fc0\" data-element_type=\"section\" data-settings=\"{&quot;jet_parallax_layout_list&quot;:[],&quot;background_background&quot;:&quot;classic&quot;}\">\n\t\t\t\t\t\t<div class=\"elementor-container elementor-column-gap-wide\">\n\t\t\t\t\t<div class=\"elementor-column elementor-col-100 elementor-top-column elementor-element elementor-element-fb5abd7\" data-id=\"fb5abd7\" data-element_type=\"column\">\n\t\t\t<div class=\"elementor-widget-wrap elementor-element-populated\">\n\t\t\t\t\t\t<div class=\"elementor-element elementor-element-4065388 elementor-widget elementor-widget-heading\" data-id=\"4065388\" data-element_type=\"widget\" data-widget_type=\"heading.default\">\n\t\t\t\t<div class=\"elementor-widget-container\">\n\t\t\t\t\t<h1 class=\"elementor-heading-title elementor-size-default\">Commission th\u00e9matique \u00ab Paix et s\u00e9curit\u00e9 \u00bb <\/h1>\t\t\t\t<\/div>\n\t\t\t\t<\/div>\n\t\t\t\t<div class=\"elementor-element elementor-element-00fdb48 elementor-widget elementor-widget-jet-breadcrumbs\" data-id=\"00fdb48\" data-element_type=\"widget\" data-widget_type=\"jet-breadcrumbs.default\">\n\t\t\t\t<div class=\"elementor-widget-container\">\n\t\t\t\t\t<div class=\"elementor-jet-breadcrumbs jet-blocks\">\n\t\t<div class=\"jet-breadcrumbs\">\n\t\t<div class=\"jet-breadcrumbs__content\">\n\t\t<div class=\"jet-breadcrumbs__wrap\">\n\t\t<\/div>\n\t\t<\/div>\n\t\t<\/div><\/div>\t\t\t\t<\/div>\n\t\t\t\t<\/div>\n\t\t\t\t\t<\/div>\n\t\t<\/div>\n\t\t\t\t\t<\/div>\n\t\t<\/section>\n\t\t\t\t<section class=\"elementor-section elementor-top-section elementor-element elementor-element-53b9d08 elementor-section-boxed elementor-section-height-default elementor-section-height-default\" data-id=\"53b9d08\" data-element_type=\"section\" data-settings=\"{&quot;jet_parallax_layout_list&quot;:[]}\">\n\t\t\t\t\t\t<div class=\"elementor-container elementor-column-gap-wide\">\n\t\t\t\t\t<div class=\"elementor-column elementor-col-100 elementor-top-column elementor-element elementor-element-b2c5ea1\" data-id=\"b2c5ea1\" data-element_type=\"column\">\n\t\t\t<div class=\"elementor-widget-wrap elementor-element-populated\">\n\t\t\t\t\t\t<div class=\"elementor-element elementor-element-9a232ed elementor-widget elementor-widget-spps_person_grid\" data-id=\"9a232ed\" data-element_type=\"widget\" id=\"themenkommission-frieden-und-sicherheit\" data-widget_type=\"spps_person_grid.default\">\n\t\t\t\t<div class=\"elementor-widget-container\">\n\t\t\t\t\t<div class=\"button-list-wrapper \"><div class=\"button-list-container\"><div class=\"persons persons-grid-2\"><div class=\"persons-items\"><div class=\"persons-item\"><div class=\"person-container\"><div class=\"person-portrait\"><a href=\"https:\/\/www.sp-ps.ch\/fr\/person\/severin-meier\/\"><img decoding=\"async\" src=\"https:\/\/www.sp-ps.ch\/wp-content\/uploads\/2022\/06\/dscf3518_quadratisch-2-600x600.jpg?v=1659529670\" alt=\"Severin Meier\" loading=\"lazy\"><\/a><\/div><div class=\"person-content\"><a href=\"https:\/\/www.sp-ps.ch\/fr\/person\/severin-meier\/\" class=\"person-name\"><p><strong>Severin Meier<\/strong><\/p><\/a><p class=\"person-position\">Conseiller sp\u00e9cialis\u00e9 (CPE et CPS)<\/p><ul class=\"person-kontakt list-pills list-pills-grey\"><li><a href=\"mailto:severin.meier@spschweiz.ch\">E-Mail<\/a><\/li><\/ul><\/div><\/div><\/div><div class=\"persons-item\"><div class=\"person-container\"><div class=\"person-portrait\"><a href=\"https:\/\/www.sp-ps.ch\/fr\/person\/florian-schweri\/\"><img decoding=\"async\" src=\"https:\/\/www.sp-ps.ch\/wp-content\/uploads\/2023\/06\/florian-schweri-600x600.jpg?v=1687182025\" alt=\"Florian Schweri\" loading=\"lazy\"><\/a><\/div><div class=\"person-content\"><a href=\"https:\/\/www.sp-ps.ch\/fr\/person\/florian-schweri\/\" class=\"person-name\"><p><strong>Florian Schweri<\/strong><\/p><\/a><p class=\"person-position\">Membre du Bureau du PS genevois<\/p><\/div><\/div><\/div><div class=\"persons-item\"><div class=\"person-container\"><div class=\"person-portrait\"><a href=\"https:\/\/www.sp-ps.ch\/fr\/person\/priska-seiler-graf\/\"><img decoding=\"async\" src=\"https:\/\/www.sp-ps.ch\/wp-content\/uploads\/2015\/07\/ZH_NR_2023_SP_Seiler_Graf_Priska_3249-G-600x600.jpg?v=1699527412\" alt=\"Priska Seiler Graf\" loading=\"lazy\"><\/a><\/div><div class=\"person-content\"><a href=\"https:\/\/www.sp-ps.ch\/fr\/person\/priska-seiler-graf\/\" class=\"person-name\"><p><strong>Priska Seiler Graf<\/strong><\/p><\/a><p class=\"person-position\">Conseill\u00e8re nationale ZH<\/p><ul class=\"person-kontakt list-pills list-pills-grey\"><li><a href=\"mailto:priska.seiler@parl.ch\">E-Mail<\/a><\/li><\/ul><\/div><\/div><\/div><\/div><\/div><\/div><\/div>\t\t\t\t<\/div>\n\t\t\t\t<\/div>\n\t\t\t\t<div class=\"elementor-element elementor-element-ec882cf elementor-widget elementor-widget-spps_button_list\" data-id=\"ec882cf\" data-element_type=\"widget\" data-widget_type=\"spps_button_list.default\">\n\t\t\t\t<div class=\"elementor-widget-container\">\n\t\t\t\t\t<div class=\"button-list-wrapper   \"><div class=\"button-list-title\"><h3>Br\u00e8ve description des travaux de la commission<\/h3><\/div><div class=\"button-list-container\"><div class=\"button-list-text\"><p>En Suisse, la paix et la s\u00e9curit\u00e9 sont tr\u00e8s souvent consid\u00e9r\u00e9es comme allant de soi. Cependant, les d\u00e9veloppements de ces derni\u00e8res ann\u00e9es ont montr\u00e9 qu\u2019il est tr\u00e8s important que le PS s\u2019engage dans ces domaines.<\/p><p>En ce qui concerne la coop\u00e9ration internationale en mati\u00e8re de s\u00e9curit\u00e9, nous nous penchons sur les questions du renforcement de l'ONU et de la s\u00e9curit\u00e9 collective, de la priorit\u00e9 accord\u00e9e \u00e0 la s\u00e9curit\u00e9 humaine et \u00e0 la protection de la population civile contre la violence, de la promotion internationale de la paix et du renforcement des droits de l'homme, du contr\u00f4le de l'armement et du d\u00e9sarmement ainsi que de la transformation de l'arm\u00e9e et du d\u00e9veloppement du service civil.<\/p><p>En ce qui concerne la s\u00e9curit\u00e9 publique, nous mettons l\u2019accent sur un subtile m\u00e9lange de pr\u00e9vention et de r\u00e9pression, une protection accrue contre la violence arm\u00e9e, la r\u00e9glementation des services de s\u00e9curit\u00e9 priv\u00e9s, la mise en \u0153uvre des accords de Schengen et de Dublin conform\u00e9ment aux droits fondamentaux, la lutte contre le terrorisme dans le respect des droits de l'homme, la protection contre les campagnes de d\u00e9sinformation ainsi que la cybers\u00e9curit\u00e9.<\/p><p>La commission th\u00e9matique \u00ab Paix et s\u00e9curit\u00e9 \u00bb se r\u00e9unit quatre fois par an.<\/p><\/div><\/div><\/div>\t\t\t\t<\/div>\n\t\t\t\t<\/div>\n\t\t\t\t<div class=\"elementor-element elementor-element-0916ffe elementor-widget elementor-widget-spacer\" data-id=\"0916ffe\" data-element_type=\"widget\" data-widget_type=\"spacer.default\">\n\t\t\t\t<div class=\"elementor-widget-container\">\n\t\t\t\t\t\t\t<div class=\"elementor-spacer\">\n\t\t\t<div class=\"elementor-spacer-inner\"><\/div>\n\t\t<\/div>\n\t\t\t\t\t\t<\/div>\n\t\t\t\t<\/div>\n\t\t\t\t\t<\/div>\n\t\t<\/div>\n\t\t\t\t\t<\/div>\n\t\t<\/section>\n\t\t\t\t<section class=\"elementor-section elementor-top-section elementor-element elementor-element-adb4251 elementor-section-boxed elementor-section-height-default elementor-section-height-default\" data-id=\"adb4251\" data-element_type=\"section\" data-settings=\"{&quot;jet_parallax_layout_list&quot;:[]}\">\n\t\t\t\t\t\t<div class=\"elementor-container elementor-column-gap-default\">\n\t\t\t\t\t<div class=\"elementor-column elementor-col-100 elementor-top-column elementor-element elementor-element-56e889a\" data-id=\"56e889a\" data-element_type=\"column\">\n\t\t\t<div class=\"elementor-widget-wrap elementor-element-populated\">\n\t\t\t\t\t\t<div class=\"elementor-element elementor-element-f51131e elementor-widget elementor-widget-spps_call_to_action\" data-id=\"f51131e\" data-element_type=\"widget\" data-widget_type=\"spps_call_to_action.default\">\n\t\t\t\t<div class=\"elementor-widget-container\">\n\t\t\t\t\t<div class=\"call-to-action-wrapper  \" style=\"background:#E4002B\" ><div class=\"call-to-action-title\"><h2>Int\u00e9ress\u00e9-e ?<\/h2><\/div><div class=\"call-to-action-container\"><div class=\"call-to-action-text\"><p>Ici tu peux t'inscrire pour la Commission th\u00e9matique \u00abPaix et s\u00e9curit\u00e9\u00bb\u200b.<\/p>\n<p>Nous nous r\u00e9jouissons !<\/p>\n<\/div><div class=\"call-to-action-buttons call-to-action-buttons-left\"><div class=\"button-wrapper \"><a href=\"https:\/\/www.sp-ps.ch\/fr\/parti\/commissions-thematiques\/formulaire-dinscription-commissions-specialisees\/\"  target=\"_self\" class=\"button-link button-link-default\"  style='color:#E4002B' onMouseOver=\"this.style.color='white';this.style.background='#E4002B'\" onMouseOut=\"this.style.color='#E4002B';this.style.background='#EBEBEB'\">Formulaire d'inscription<\/a><\/div><\/div><\/div><\/div>\t\t\t\t<\/div>\n\t\t\t\t<\/div>\n\t\t\t\t\t<\/div>\n\t\t<\/div>\n\t\t\t\t\t<\/div>\n\t\t<\/section>\n\t\t\t\t<\/div>\n\t\t","protected":false},"excerpt":{"rendered":"<p>Commission th\u00e9matique \u00ab Paix et s\u00e9curit\u00e9 \u00bb Severin Meier Conseiller sp\u00e9cialis\u00e9 (CPE et CPS) E-Mail Florian Schweri Membre du Bureau du PS genevois Priska Seiler Graf Conseill\u00e8re nationale ZH E-Mail [&hellip;]<\/p>\n","protected":false},"author":23,"featured_media":0,"parent":30493,"menu_order":6,"comment_status":"closed","ping_status":"closed","template":"","meta":{"footnotes":""},"class_list":["post-102347","page","type-page","status-publish","hentry"],"_links":{"self":[{"href":"https:\/\/www.sp-ps.ch\/fr\/wp-json\/wp\/v2\/pages\/102347","targetHints":{"allow":["GET"]}}],"collection":[{"href":"https:\/\/www.sp-ps.ch\/fr\/wp-json\/wp\/v2\/pages"}],"about":[{"href":"https:\/\/www.sp-ps.ch\/fr\/wp-json\/wp\/v2\/types\/page"}],"author":[{"embeddable":true,"href":"https:\/\/www.sp-ps.ch\/fr\/wp-json\/wp\/v2\/users\/23"}],"replies":[{"embeddable":true,"href":"https:\/\/www.sp-ps.ch\/fr\/wp-json\/wp\/v2\/comments?post=102347"}],"version-history":[{"count":23,"href":"https:\/\/www.sp-ps.ch\/fr\/wp-json\/wp\/v2\/pages\/102347\/revisions"}],"predecessor-version":[{"id":181325,"href":"https:\/\/www.sp-ps.ch\/fr\/wp-json\/wp\/v2\/pages\/102347\/revisions\/181325"}],"up":[{"embeddable":true,"href":"https:\/\/www.sp-ps.ch\/fr\/wp-json\/wp\/v2\/pages\/30493"}],"wp:attachment":[{"href":"https:\/\/www.sp-ps.ch\/fr\/wp-json\/wp\/v2\/media?parent=102347"}],"curies":[{"name":"wp","href":"https:\/\/api.w.org\/{rel}","templated":true}]}}

Commission thématique &#8220;Paix et sécurité&#8221;

<div data-elementor-type="wp-page" data-elementor-id="102347" class="elementor elementor-102347 elementor-102346" data-elementor-post-type="page">
						<section class="elementor-section elementor-top-section elementor-element elementor-element-ac56fc0 elementor-section-boxed elementor-section-height-default elementor-section-height-default" data-id="ac56fc0" data-element_type="section" data-settings="{&quot;jet_parallax_layout_list&quot;:[],&quot;background_background&quot;:&quot;classic&quot;}">
						<div class="elementor-container elementor-column-gap-wide">
					<div class="elementor-column elementor-col-100 elementor-top-column elementor-element elementor-element-fb5abd7" data-id="fb5abd7" data-element_type="column">
			<div class="elementor-widget-wrap elementor-element-populated">
						<div class="elementor-element elementor-element-4065388 elementor-widget elementor-widget-heading" data-id="4065388" data-element_type="widget" data-widget_type="heading.default">
				<div class="elementor-widget-container">
					<h1 class="elementor-heading-title elementor-size-default">Commission thématique « Paix et sécurité » </h1>				</div>
				</div>
				<div class="elementor-element elementor-element-00fdb48 elementor-widget elementor-widget-jet-breadcrumbs" data-id="00fdb48" data-element_type="widget" data-widget_type="jet-breadcrumbs.default">
				<div class="elementor-widget-container">
					<div class="elementor-jet-breadcrumbs jet-blocks">
		<div class="jet-breadcrumbs">
		<div class="jet-breadcrumbs__content">
		<div class="jet-breadcrumbs__wrap">
		</div>
		</div>
		</div></div>				</div>
				</div>
					</div>
		</div>
					</div>
		</section>
				<section class="elementor-section elementor-top-section elementor-element elementor-element-53b9d08 elementor-section-boxed elementor-section-height-default elementor-section-height-default" data-id="53b9d08" data-element_type="section" data-settings="{&quot;jet_parallax_layout_list&quot;:[]}">
						<div class="elementor-container elementor-column-gap-wide">
					<div class="elementor-column elementor-col-100 elementor-top-column elementor-element elementor-element-b2c5ea1" data-id="b2c5ea1" data-element_type="column">
			<div class="elementor-widget-wrap elementor-element-populated">
						<div class="elementor-element elementor-element-9a232ed elementor-widget elementor-widget-spps_person_grid" data-id="9a232ed" data-element_type="widget" id="themenkommission-frieden-und-sicherheit" data-widget_type="spps_person_grid.default">
				<div class="elementor-widget-container">
					<div class="button-list-wrapper "><div class="button-list-container"><div class="persons persons-grid-2"><div class="persons-items"><div class="persons-item"><div class="person-container"><div class="person-portrait"><a href="https://www.sp-ps.ch/fr/person/severin-meier/"><img decoding="async" src="https://www.sp-ps.ch/wp-content/uploads/2022/06/dscf3518_quadratisch-2-600x600.jpg?v=1659529670" alt="Severin Meier" loading="lazy"></a></div><div class="person-content"><a href="https://www.sp-ps.ch/fr/person/severin-meier/" class="person-name"><p><strong>Severin Meier</strong></p></a><p class="person-position">Conseiller spécialisé (CPE et CPS)</p><ul class="person-kontakt list-pills list-pills-grey"><li><a href="mailto:severin.meier@spschweiz.ch">E-Mail</a></li></ul></div></div></div><div class="persons-item"><div class="person-container"><div class="person-portrait"><a href="https://www.sp-ps.ch/fr/person/florian-schweri/"><img decoding="async" src="https://www.sp-ps.ch/wp-content/uploads/2023/06/florian-schweri-600x600.jpg?v=1687182025" alt="Florian Schweri" loading="lazy"></a></div><div class="person-content"><a href="https://www.sp-ps.ch/fr/person/florian-schweri/" class="person-name"><p><strong>Florian Schweri</strong></p></a><p class="person-position">Membre du Bureau du PS genevois</p></div></div></div><div class="persons-item"><div class="person-container"><div class="person-portrait"><a href="https://www.sp-ps.ch/fr/person/priska-seiler-graf/"><img decoding="async" src="https://www.sp-ps.ch/wp-content/uploads/2015/07/ZH_NR_2023_SP_Seiler_Graf_Priska_3249-G-600x600.jpg?v=1699527412" alt="Priska Seiler Graf" loading="lazy"></a></div><div class="person-content"><a href="https://www.sp-ps.ch/fr/person/priska-seiler-graf/" class="person-name"><p><strong>Priska Seiler Graf</strong></p></a><p class="person-position">Conseillère nationale ZH</p><ul class="person-kontakt list-pills list-pills-grey"><li><a href="mailto:priska.seiler@parl.ch">E-Mail</a></li></ul></div></div></div></div></div></div></div>				</div>
				</div>
				<div class="elementor-element elementor-element-ec882cf elementor-widget elementor-widget-spps_button_list" data-id="ec882cf" data-element_type="widget" data-widget_type="spps_button_list.default">
				<div class="elementor-widget-container">
					<div class="button-list-wrapper   "><div class="button-list-title"><h3>Brève description des travaux de la commission</h3></div><div class="button-list-container"><div class="button-list-text"><p>En Suisse, la paix et la sécurité sont très souvent considérées comme allant de soi. Cependant, les développements de ces dernières années ont montré qu’il est très important que le PS s’engage dans ces domaines.</p><p>En ce qui concerne la coopération internationale en matière de sécurité, nous nous penchons sur les questions du renforcement de l'ONU et de la sécurité collective, de la priorité accordée à la sécurité humaine et à la protection de la population civile contre la violence, de la promotion internationale de la paix et du renforcement des droits de l'homme, du contrôle de l'armement et du désarmement ainsi que de la transformation de l'armée et du développement du service civil.</p><p>En ce qui concerne la sécurité publique, nous mettons l’accent sur un subtile mélange de prévention et de répression, une protection accrue contre la violence armée, la réglementation des services de sécurité privés, la mise en œuvre des accords de Schengen et de Dublin conformément aux droits fondamentaux, la lutte contre le terrorisme dans le respect des droits de l'homme, la protection contre les campagnes de désinformation ainsi que la cybersécurité.</p><p>La commission thématique « Paix et sécurité » se réunit quatre fois par an.</p></div></div></div>				</div>
				</div>
				<div class="elementor-element elementor-element-0916ffe elementor-widget elementor-widget-spacer" data-id="0916ffe" data-element_type="widget" data-widget_type="spacer.default">
				<div class="elementor-widget-container">
							<div class="elementor-spacer">
			<div class="elementor-spacer-inner"></div>
		</div>
						</div>
				</div>
					</div>
		</div>
					</div>
		</section>
				<section class="elementor-section elementor-top-section elementor-element elementor-element-adb4251 elementor-section-boxed elementor-section-height-default elementor-section-height-default" data-id="adb4251" data-element_type="section" data-settings="{&quot;jet_parallax_layout_list&quot;:[]}">
						<div class="elementor-container elementor-column-gap-default">
					<div class="elementor-column elementor-col-100 elementor-top-column elementor-element elementor-element-56e889a" data-id="56e889a" data-element_type="column">
			<div class="elementor-widget-wrap elementor-element-populated">
						<div class="elementor-element elementor-element-f51131e elementor-widget elementor-widget-spps_call_to_action" data-id="f51131e" data-element_type="widget" data-widget_type="spps_call_to_action.default">
				<div class="elementor-widget-container">
					<div class="call-to-action-wrapper  " style="background:#E4002B" ><div class="call-to-action-title"><h2>Intéressé-e ?</h2></div><div class="call-to-action-container"><div class="call-to-action-text"><p>Ici tu peux t'inscrire pour la Commission thématique «Paix et sécurité»​.</p>
<p>Nous nous réjouissons !</p>
</div><div class="call-to-action-buttons call-to-action-buttons-left"><div class="button-wrapper "><a href="https://www.sp-ps.ch/fr/parti/commissions-thematiques/formulaire-dinscription-commissions-specialisees/"  target="_self" class="button-link button-link-default"  style='color:#E4002B' onMouseOver="this.style.color='white';this.style.background='#E4002B'" onMouseOut="this.style.color='#E4002B';this.style.background='#EBEBEB'">Formulaire d'inscription</a></div></div></div></div>				</div>
				</div>
					</div>
		</div>
					</div>
		</section>
				</div>

<p>Commission thématique « Paix et sécurité » Severin Meier Conseiller spécialisé (CPE et CPS) E-Mail Florian Schweri Membre du Bureau du PS genevois Priska Seiler Graf Conseillère nationale ZH E-Mail [&hellip;]</p>
