{"id":102469,"date":"2023-06-19T17:50:10","date_gmt":"2023-06-19T15:50:10","guid":{"rendered":"https:\/\/www.sp-ps.ch\/?page_id=102469"},"modified":"2026-03-31T11:55:28","modified_gmt":"2026-03-31T09:55:28","slug":"politique-exterieure","status":"publish","type":"page","link":"https:\/\/www.sp-ps.ch\/fr\/parti\/commissions-thematiques\/politique-exterieure\/","title":{"rendered":"Commission th\u00e9matique &#8220;Politique ext\u00e9rieure&#8221;"},"content":{"rendered":"\t\t<div data-elementor-type=\"wp-page\" data-elementor-id=\"102469\" class=\"elementor elementor-102469 elementor-102468\" data-elementor-post-type=\"page\">\n\t\t\t\t\t\t<section class=\"elementor-section elementor-top-section elementor-element elementor-element-ab9f560 elementor-section-boxed elementor-section-height-default elementor-section-height-default\" data-id=\"ab9f560\" data-element_type=\"section\" data-settings=\"{&quot;jet_parallax_layout_list&quot;:[],&quot;background_background&quot;:&quot;classic&quot;}\">\n\t\t\t\t\t\t<div class=\"elementor-container elementor-column-gap-wide\">\n\t\t\t\t\t<div class=\"elementor-column elementor-col-100 elementor-top-column elementor-element elementor-element-3798b4e\" data-id=\"3798b4e\" data-element_type=\"column\">\n\t\t\t<div class=\"elementor-widget-wrap elementor-element-populated\">\n\t\t\t\t\t\t<div class=\"elementor-element elementor-element-f7d16cf elementor-widget elementor-widget-heading\" data-id=\"f7d16cf\" data-element_type=\"widget\" data-widget_type=\"heading.default\">\n\t\t\t\t<div class=\"elementor-widget-container\">\n\t\t\t\t\t<h1 class=\"elementor-heading-title elementor-size-default\">Commission th\u00e9matique \u00ab&nbsp;Politique ext\u00e9rieure&nbsp;\u00bb<\/h1>\t\t\t\t<\/div>\n\t\t\t\t<\/div>\n\t\t\t\t<div class=\"elementor-element elementor-element-3e357a0 elementor-widget elementor-widget-jet-breadcrumbs\" data-id=\"3e357a0\" data-element_type=\"widget\" data-widget_type=\"jet-breadcrumbs.default\">\n\t\t\t\t<div class=\"elementor-widget-container\">\n\t\t\t\t\t<div class=\"elementor-jet-breadcrumbs jet-blocks\">\n\t\t<div class=\"jet-breadcrumbs\">\n\t\t<div class=\"jet-breadcrumbs__content\">\n\t\t<div class=\"jet-breadcrumbs__wrap\">\n\t\t<\/div>\n\t\t<\/div>\n\t\t<\/div><\/div>\t\t\t\t<\/div>\n\t\t\t\t<\/div>\n\t\t\t\t\t<\/div>\n\t\t<\/div>\n\t\t\t\t\t<\/div>\n\t\t<\/section>\n\t\t\t\t<section class=\"elementor-section elementor-top-section elementor-element elementor-element-d153f35 elementor-section-boxed elementor-section-height-default elementor-section-height-default\" data-id=\"d153f35\" data-element_type=\"section\" data-settings=\"{&quot;jet_parallax_layout_list&quot;:[]}\">\n\t\t\t\t\t\t<div class=\"elementor-container elementor-column-gap-wide\">\n\t\t\t\t\t<div class=\"elementor-column elementor-col-100 elementor-top-column elementor-element elementor-element-ea6b898\" data-id=\"ea6b898\" data-element_type=\"column\">\n\t\t\t<div class=\"elementor-widget-wrap elementor-element-populated\">\n\t\t\t\t\t\t<div class=\"elementor-element elementor-element-0b30120 elementor-widget elementor-widget-spps_person_grid\" data-id=\"0b30120\" data-element_type=\"widget\" id=\"themenkommission-aussenpolitik\" data-widget_type=\"spps_person_grid.default\">\n\t\t\t\t<div class=\"elementor-widget-container\">\n\t\t\t\t\t<div class=\"button-list-wrapper \"><div class=\"button-list-title\"><h2> <\/h2><\/div><div class=\"button-list-container\"><div class=\"persons persons-grid-2\"><div class=\"persons-items\"><div class=\"persons-item\"><div class=\"person-container\"><div class=\"person-portrait\"><a href=\"https:\/\/www.sp-ps.ch\/fr\/person\/severin-meier\/\"><img decoding=\"async\" src=\"https:\/\/www.sp-ps.ch\/wp-content\/uploads\/2022\/06\/dscf3518_quadratisch-2-600x600.jpg?v=1659529670\" alt=\"Severin Meier\" loading=\"lazy\"><\/a><\/div><div class=\"person-content\"><a href=\"https:\/\/www.sp-ps.ch\/fr\/person\/severin-meier\/\" class=\"person-name\"><p><strong>Severin Meier<\/strong><\/p><\/a><p class=\"person-position\">Conseiller sp\u00e9cialis\u00e9 (CPE et CPS)<\/p><ul class=\"person-kontakt list-pills list-pills-grey\"><li><a href=\"mailto:severin.meier@spschweiz.ch\">E-Mail<\/a><\/li><\/ul><\/div><\/div><\/div><div class=\"persons-item\"><div class=\"person-container\"><div class=\"person-portrait\"><a href=\"https:\/\/www.sp-ps.ch\/fr\/person\/fabian-molina\/\"><img decoding=\"async\" src=\"https:\/\/www.sp-ps.ch\/wp-content\/uploads\/2015\/01\/ZH_NR_2023_SP_Fabian_Molina_3671-G-600x600.jpg?v=1699525561\" alt=\"Fabian Molina\" loading=\"lazy\"><\/a><\/div><div class=\"person-content\"><a href=\"https:\/\/www.sp-ps.ch\/fr\/person\/fabian-molina\/\" class=\"person-name\"><p><strong>Fabian Molina<\/strong><\/p><\/a><p class=\"person-position\">Conseiller national ZH<\/p><ul class=\"person-kontakt list-pills list-pills-grey\"><li><a href=\"mailto:fabian.molina@parl.ch\">E-Mail<\/a><\/li><\/ul><\/div><\/div><\/div><div class=\"persons-item\"><div class=\"person-container\"><div class=\"person-portrait\"><a href=\"https:\/\/www.sp-ps.ch\/fr\/person\/pauline-schneider\/\"><img decoding=\"async\" src=\"https:\/\/www.sp-ps.ch\/wp-content\/uploads\/2024\/12\/Pauline-Schneider-1-600x600.jpg?v=1733231923\" alt=\"Pauline Schneider\" loading=\"lazy\"><\/a><\/div><div class=\"person-content\"><a href=\"https:\/\/www.sp-ps.ch\/fr\/person\/pauline-schneider\/\" class=\"person-name\"><p><strong>Pauline Schneider<\/strong><\/p><\/a><p class=\"person-position\">conseill\u00e8re g\u00e9n\u00e9rale ville de Neuch\u00e2tel<\/p><\/div><\/div><\/div><\/div><\/div><\/div><\/div>\t\t\t\t<\/div>\n\t\t\t\t<\/div>\n\t\t\t\t<div class=\"elementor-element elementor-element-caa50b5 elementor-widget elementor-widget-spps_title_text\" data-id=\"caa50b5\" data-element_type=\"widget\" data-widget_type=\"spps_title_text.default\">\n\t\t\t\t<div class=\"elementor-widget-container\">\n\t\t\t\t\t<div class=\"title-text-wrapper \"><div class=\"title-text-title\"><h3>Br\u00e8ve description des travaux de la commission<\/h3><\/div><div class=\"title-text-container\"><div class=\"title-text-text\"><div class=\"body\"><div class=\"body\"><p>La commission th\u00e9matique \u00ab Politique ext\u00e9rieure \u00bb traite des th\u00e8mes de la politique europ\u00e9enne (accords bilat\u00e9raux, libre circulation des personnes, n\u00e9gociations d\u2019adh\u00e9sion de la Suisse \u00e0 l\u2019UE), de la mondialisation et de la politique du d\u00e9veloppement (normes \u00e9cologiques au sein de l\u2019OMC, lutte contre l\u2019\u00e9vasion fiscale) et du renforcement de la s\u00e9curit\u00e9 humanitaire (promotion de la paix et des droits humains).<\/p><p>Les r\u00e9unions ont lieu quatre fois par ann\u00e9e, durant les sessions des Chambres f\u00e9d\u00e9rales.<\/p><\/div><\/div><\/div><\/div><\/div>\t\t\t\t<\/div>\n\t\t\t\t<\/div>\n\t\t\t\t<div class=\"elementor-element elementor-element-0728d1b elementor-widget elementor-widget-spacer\" data-id=\"0728d1b\" data-element_type=\"widget\" data-widget_type=\"spacer.default\">\n\t\t\t\t<div class=\"elementor-widget-container\">\n\t\t\t\t\t\t\t<div class=\"elementor-spacer\">\n\t\t\t<div class=\"elementor-spacer-inner\"><\/div>\n\t\t<\/div>\n\t\t\t\t\t\t<\/div>\n\t\t\t\t<\/div>\n\t\t\t\t\t<\/div>\n\t\t<\/div>\n\t\t\t\t\t<\/div>\n\t\t<\/section>\n\t\t\t\t<section class=\"elementor-section elementor-top-section elementor-element elementor-element-e159d15 elementor-section-boxed elementor-section-height-default elementor-section-height-default\" data-id=\"e159d15\" data-element_type=\"section\" data-settings=\"{&quot;jet_parallax_layout_list&quot;:[]}\">\n\t\t\t\t\t\t<div class=\"elementor-container elementor-column-gap-default\">\n\t\t\t\t\t<div class=\"elementor-column elementor-col-100 elementor-top-column elementor-element elementor-element-373c0a6\" data-id=\"373c0a6\" data-element_type=\"column\">\n\t\t\t<div class=\"elementor-widget-wrap elementor-element-populated\">\n\t\t\t\t\t\t<div class=\"elementor-element elementor-element-fa2b928 elementor-widget elementor-widget-spps_call_to_action\" data-id=\"fa2b928\" data-element_type=\"widget\" data-widget_type=\"spps_call_to_action.default\">\n\t\t\t\t<div class=\"elementor-widget-container\">\n\t\t\t\t\t<div class=\"call-to-action-wrapper  \" style=\"background:#E4002B\" ><div class=\"call-to-action-title\"><h2>Int\u00e9ress\u00e9-e ?<\/h2><\/div><div class=\"call-to-action-container\"><div class=\"call-to-action-text\"><p>Ici tu peux t'inscrire pour la Commission th\u00e9matique \u00ab Politique ext\u00e9rieure \u00bb.<\/p><p>Nous nous nous r\u00e9jouissons !<\/p><\/div><div class=\"call-to-action-buttons call-to-action-buttons-left\"><div class=\"button-wrapper \"><a href=\"https:\/\/www.sp-ps.ch\/fr\/parti\/commissions-thematiques\/formulaire-dinscription-commissions-specialisees\/\"  target=\"_self\" class=\"button-link button-link-default\"  style='color:#E4002B' onMouseOver=\"this.style.color='white';this.style.background='#E4002B'\" onMouseOut=\"this.style.color='#E4002B';this.style.background='#EBEBEB'\">Formulaire d'inscription<\/a><\/div><\/div><\/div><\/div>\t\t\t\t<\/div>\n\t\t\t\t<\/div>\n\t\t\t\t\t<\/div>\n\t\t<\/div>\n\t\t\t\t\t<\/div>\n\t\t<\/section>\n\t\t\t\t<\/div>\n\t\t","protected":false},"excerpt":{"rendered":"<p>Commission th\u00e9matique \u00ab&nbsp;Politique ext\u00e9rieure&nbsp;\u00bb Severin Meier Conseiller sp\u00e9cialis\u00e9 (CPE et CPS) E-Mail Fabian Molina Conseiller national ZH E-Mail Pauline Schneider conseill\u00e8re g\u00e9n\u00e9rale ville de Neuch\u00e2tel Br\u00e8ve description des travaux de [&hellip;]<\/p>\n","protected":false},"author":23,"featured_media":0,"parent":30493,"menu_order":3,"comment_status":"closed","ping_status":"closed","template":"","meta":{"footnotes":""},"class_list":["post-102469","page","type-page","status-publish","hentry"],"_links":{"self":[{"href":"https:\/\/www.sp-ps.ch\/fr\/wp-json\/wp\/v2\/pages\/102469","targetHints":{"allow":["GET"]}}],"collection":[{"href":"https:\/\/www.sp-ps.ch\/fr\/wp-json\/wp\/v2\/pages"}],"about":[{"href":"https:\/\/www.sp-ps.ch\/fr\/wp-json\/wp\/v2\/types\/page"}],"author":[{"embeddable":true,"href":"https:\/\/www.sp-ps.ch\/fr\/wp-json\/wp\/v2\/users\/23"}],"replies":[{"embeddable":true,"href":"https:\/\/www.sp-ps.ch\/fr\/wp-json\/wp\/v2\/comments?post=102469"}],"version-history":[{"count":25,"href":"https:\/\/www.sp-ps.ch\/fr\/wp-json\/wp\/v2\/pages\/102469\/revisions"}],"predecessor-version":[{"id":181338,"href":"https:\/\/www.sp-ps.ch\/fr\/wp-json\/wp\/v2\/pages\/102469\/revisions\/181338"}],"up":[{"embeddable":true,"href":"https:\/\/www.sp-ps.ch\/fr\/wp-json\/wp\/v2\/pages\/30493"}],"wp:attachment":[{"href":"https:\/\/www.sp-ps.ch\/fr\/wp-json\/wp\/v2\/media?parent=102469"}],"curies":[{"name":"wp","href":"https:\/\/api.w.org\/{rel}","templated":true}]}}

Commission thématique &#8220;Politique extérieure&#8221;

<div data-elementor-type="wp-page" data-elementor-id="102469" class="elementor elementor-102469 elementor-102468" data-elementor-post-type="page">
						<section class="elementor-section elementor-top-section elementor-element elementor-element-ab9f560 elementor-section-boxed elementor-section-height-default elementor-section-height-default" data-id="ab9f560" data-element_type="section" data-settings="{&quot;jet_parallax_layout_list&quot;:[],&quot;background_background&quot;:&quot;classic&quot;}">
						<div class="elementor-container elementor-column-gap-wide">
					<div class="elementor-column elementor-col-100 elementor-top-column elementor-element elementor-element-3798b4e" data-id="3798b4e" data-element_type="column">
			<div class="elementor-widget-wrap elementor-element-populated">
						<div class="elementor-element elementor-element-f7d16cf elementor-widget elementor-widget-heading" data-id="f7d16cf" data-element_type="widget" data-widget_type="heading.default">
				<div class="elementor-widget-container">
					<h1 class="elementor-heading-title elementor-size-default">Commission thématique «&nbsp;Politique extérieure&nbsp;»</h1>				</div>
				</div>
				<div class="elementor-element elementor-element-3e357a0 elementor-widget elementor-widget-jet-breadcrumbs" data-id="3e357a0" data-element_type="widget" data-widget_type="jet-breadcrumbs.default">
				<div class="elementor-widget-container">
					<div class="elementor-jet-breadcrumbs jet-blocks">
		<div class="jet-breadcrumbs">
		<div class="jet-breadcrumbs__content">
		<div class="jet-breadcrumbs__wrap">
		</div>
		</div>
		</div></div>				</div>
				</div>
					</div>
		</div>
					</div>
		</section>
				<section class="elementor-section elementor-top-section elementor-element elementor-element-d153f35 elementor-section-boxed elementor-section-height-default elementor-section-height-default" data-id="d153f35" data-element_type="section" data-settings="{&quot;jet_parallax_layout_list&quot;:[]}">
						<div class="elementor-container elementor-column-gap-wide">
					<div class="elementor-column elementor-col-100 elementor-top-column elementor-element elementor-element-ea6b898" data-id="ea6b898" data-element_type="column">
			<div class="elementor-widget-wrap elementor-element-populated">
						<div class="elementor-element elementor-element-0b30120 elementor-widget elementor-widget-spps_person_grid" data-id="0b30120" data-element_type="widget" id="themenkommission-aussenpolitik" data-widget_type="spps_person_grid.default">
				<div class="elementor-widget-container">
					<div class="button-list-wrapper "><div class="button-list-title"><h2> </h2></div><div class="button-list-container"><div class="persons persons-grid-2"><div class="persons-items"><div class="persons-item"><div class="person-container"><div class="person-portrait"><a href="https://www.sp-ps.ch/fr/person/severin-meier/"><img decoding="async" src="https://www.sp-ps.ch/wp-content/uploads/2022/06/dscf3518_quadratisch-2-600x600.jpg?v=1659529670" alt="Severin Meier" loading="lazy"></a></div><div class="person-content"><a href="https://www.sp-ps.ch/fr/person/severin-meier/" class="person-name"><p><strong>Severin Meier</strong></p></a><p class="person-position">Conseiller spécialisé (CPE et CPS)</p><ul class="person-kontakt list-pills list-pills-grey"><li><a href="mailto:severin.meier@spschweiz.ch">E-Mail</a></li></ul></div></div></div><div class="persons-item"><div class="person-container"><div class="person-portrait"><a href="https://www.sp-ps.ch/fr/person/fabian-molina/"><img decoding="async" src="https://www.sp-ps.ch/wp-content/uploads/2015/01/ZH_NR_2023_SP_Fabian_Molina_3671-G-600x600.jpg?v=1699525561" alt="Fabian Molina" loading="lazy"></a></div><div class="person-content"><a href="https://www.sp-ps.ch/fr/person/fabian-molina/" class="person-name"><p><strong>Fabian Molina</strong></p></a><p class="person-position">Conseiller national ZH</p><ul class="person-kontakt list-pills list-pills-grey"><li><a href="mailto:fabian.molina@parl.ch">E-Mail</a></li></ul></div></div></div><div class="persons-item"><div class="person-container"><div class="person-portrait"><a href="https://www.sp-ps.ch/fr/person/pauline-schneider/"><img decoding="async" src="https://www.sp-ps.ch/wp-content/uploads/2024/12/Pauline-Schneider-1-600x600.jpg?v=1733231923" alt="Pauline Schneider" loading="lazy"></a></div><div class="person-content"><a href="https://www.sp-ps.ch/fr/person/pauline-schneider/" class="person-name"><p><strong>Pauline Schneider</strong></p></a><p class="person-position">conseillère générale ville de Neuchâtel</p></div></div></div></div></div></div></div>				</div>
				</div>
				<div class="elementor-element elementor-element-caa50b5 elementor-widget elementor-widget-spps_title_text" data-id="caa50b5" data-element_type="widget" data-widget_type="spps_title_text.default">
				<div class="elementor-widget-container">
					<div class="title-text-wrapper "><div class="title-text-title"><h3>Brève description des travaux de la commission</h3></div><div class="title-text-container"><div class="title-text-text"><div class="body"><div class="body"><p>La commission thématique « Politique extérieure » traite des thèmes de la politique européenne (accords bilatéraux, libre circulation des personnes, négociations d’adhésion de la Suisse à l’UE), de la mondialisation et de la politique du développement (normes écologiques au sein de l’OMC, lutte contre l’évasion fiscale) et du renforcement de la sécurité humanitaire (promotion de la paix et des droits humains).</p><p>Les réunions ont lieu quatre fois par année, durant les sessions des Chambres fédérales.</p></div></div></div></div></div>				</div>
				</div>
				<div class="elementor-element elementor-element-0728d1b elementor-widget elementor-widget-spacer" data-id="0728d1b" data-element_type="widget" data-widget_type="spacer.default">
				<div class="elementor-widget-container">
							<div class="elementor-spacer">
			<div class="elementor-spacer-inner"></div>
		</div>
						</div>
				</div>
					</div>
		</div>
					</div>
		</section>
				<section class="elementor-section elementor-top-section elementor-element elementor-element-e159d15 elementor-section-boxed elementor-section-height-default elementor-section-height-default" data-id="e159d15" data-element_type="section" data-settings="{&quot;jet_parallax_layout_list&quot;:[]}">
						<div class="elementor-container elementor-column-gap-default">
					<div class="elementor-column elementor-col-100 elementor-top-column elementor-element elementor-element-373c0a6" data-id="373c0a6" data-element_type="column">
			<div class="elementor-widget-wrap elementor-element-populated">
						<div class="elementor-element elementor-element-fa2b928 elementor-widget elementor-widget-spps_call_to_action" data-id="fa2b928" data-element_type="widget" data-widget_type="spps_call_to_action.default">
				<div class="elementor-widget-container">
					<div class="call-to-action-wrapper  " style="background:#E4002B" ><div class="call-to-action-title"><h2>Intéressé-e ?</h2></div><div class="call-to-action-container"><div class="call-to-action-text"><p>Ici tu peux t'inscrire pour la Commission thématique « Politique extérieure ».</p><p>Nous nous nous réjouissons !</p></div><div class="call-to-action-buttons call-to-action-buttons-left"><div class="button-wrapper "><a href="https://www.sp-ps.ch/fr/parti/commissions-thematiques/formulaire-dinscription-commissions-specialisees/"  target="_self" class="button-link button-link-default"  style='color:#E4002B' onMouseOver="this.style.color='white';this.style.background='#E4002B'" onMouseOut="this.style.color='#E4002B';this.style.background='#EBEBEB'">Formulaire d'inscription</a></div></div></div></div>				</div>
				</div>
					</div>
		</div>
					</div>
		</section>
				</div>

<p>Commission thématique «&nbsp;Politique extérieure&nbsp;» Severin Meier Conseiller spécialisé (CPE et CPS) E-Mail Fabian Molina Conseiller national ZH E-Mail Pauline Schneider conseillère générale ville de Neuchâtel Brève description des travaux de [&hellip;]</p>
