{"id":119266,"date":"2024-01-08T15:16:51","date_gmt":"2024-01-08T14:16:51","guid":{"rendered":"https:\/\/www.sp-ps.ch\/?page_id=119266"},"modified":"2024-01-09T13:40:55","modified_gmt":"2024-01-09T12:40:55","slug":"non-a-linitiative-sur-les-rentes","status":"publish","type":"page","link":"https:\/\/www.sp-ps.ch\/fr\/non-a-linitiative-sur-les-rentes\/","title":{"rendered":"NON \u00e0 l&#8217;initiative sur les rentes !"},"content":{"rendered":"\t\t<div data-elementor-type=\"wp-page\" data-elementor-id=\"119266\" class=\"elementor elementor-119266 elementor-119257\" data-elementor-post-type=\"page\">\n\t\t\t\t\t\t<section class=\"elementor-section elementor-top-section elementor-element elementor-element-dedcae7 elementor-section-boxed elementor-section-height-default elementor-section-height-default\" data-id=\"dedcae7\" data-element_type=\"section\" data-settings=\"{&quot;jet_parallax_layout_list&quot;:[]}\">\n\t\t\t\t\t\t<div class=\"elementor-container elementor-column-gap-default\">\n\t\t\t\t\t<div class=\"elementor-column elementor-col-100 elementor-top-column elementor-element elementor-element-c8e8136\" data-id=\"c8e8136\" data-element_type=\"column\">\n\t\t\t<div class=\"elementor-widget-wrap elementor-element-populated\">\n\t\t\t\t\t\t<div class=\"elementor-element elementor-element-38938c5 elementor-widget elementor-widget-image\" data-id=\"38938c5\" data-element_type=\"widget\" data-widget_type=\"image.default\">\n\t\t\t\t<div class=\"elementor-widget-container\">\n\t\t\t\t\t\t\t\t\t\t\t\t\t\t\t<img fetchpriority=\"high\" decoding=\"async\" width=\"1920\" height=\"915\" src=\"https:\/\/www.sp-ps.ch\/wp-content\/uploads\/2024\/01\/R67_Pflegerin_FR.jpg\" class=\"attachment-full size-full wp-image-121335\" alt=\"\" srcset=\"https:\/\/www.sp-ps.ch\/wp-content\/uploads\/2024\/01\/R67_Pflegerin_FR.jpg 1920w, https:\/\/www.sp-ps.ch\/wp-content\/uploads\/2024\/01\/R67_Pflegerin_FR-300x143.jpg 300w, https:\/\/www.sp-ps.ch\/wp-content\/uploads\/2024\/01\/R67_Pflegerin_FR-1024x488.jpg 1024w, https:\/\/www.sp-ps.ch\/wp-content\/uploads\/2024\/01\/R67_Pflegerin_FR-768x366.jpg 768w, https:\/\/www.sp-ps.ch\/wp-content\/uploads\/2024\/01\/R67_Pflegerin_FR-1536x732.jpg 1536w, https:\/\/www.sp-ps.ch\/wp-content\/uploads\/2024\/01\/R67_Pflegerin_FR-1000x478.jpg 1000w\" sizes=\"(max-width: 1920px) 100vw, 1920px\" \/>\t\t\t\t\t\t\t\t\t\t\t\t\t\t\t<\/div>\n\t\t\t\t<\/div>\n\t\t\t\t<div class=\"elementor-element elementor-element-78762f9 elementor-widget elementor-widget-spps_button_list\" data-id=\"78762f9\" data-element_type=\"widget\" data-widget_type=\"spps_button_list.default\">\n\t\t\t\t<div class=\"elementor-widget-container\">\n\t\t\t\t\t<div class=\"button-list-wrapper   \"><div class=\"button-list-title\"><h2>NON \u00e0 l'\u00e2ge de la retraite \u00e0 67 ans<\/h2><\/div><div class=\"button-list-container\"><div class=\"button-list-text\"><p>Avec leur \u00ab initiative sur les rentes \u00bb, les jeunes lib\u00e9raux-radicaux veulent dans un premier temps augmenter l'\u00e2ge de la retraite \u00e0 66 ans et le lier ensuite \u00e0 l'esp\u00e9rance de vie moyenne. Ils ouvrent ainsi la porte \u00e0 une retraite \u00e0 67 ans et plus. Les employ\u00e9-es \u00e0 bas et moyens revenus devraient ainsi travailler encore plus longtemps, tandis que les hauts revenus pourraient continuer \u00e0 prendre leur retraite plus t\u00f4t.<\/p><h3><strong>L'\u00e2ge de la retraite plus \u00e9lev\u00e9 touche surtout les bas et moyens revenus <\/strong><\/h3><p>Celles et ceux qui peuvent se le permettre partent aujourd'hui d\u00e9j\u00e0 plus t\u00f4t \u00e0 la retraite. Si l'\u00e2ge de la retraite augmente, les employ\u00e9-es du commerce de d\u00e9tail et le personnel soignant, par exemple, devront travailler encore plus longtemps, tandis que les banquiers d'investissement et les professeur-es pourront se permettre de prendre une retraite anticip\u00e9e. C'est doublement injuste, car l'esp\u00e9rance de vie des personnes \u00e0 bas revenus est plus faible. L'initiative touche donc le plus fortement celles et ceux qui ont d\u00e9j\u00e0 une retraite plus courte et qui ont tendance \u00e0 \u00eatre en moins bonne sant\u00e9. En outre, aujourd\u2019hui, de plus en plus de personnes de 55 ans et plus quittent d\u00e9j\u00e0 la vie active parce qu'elles ne sont plus en mesure de travailler ou qu'elles ne trouvent plus d'emploi.<\/p><h3><strong>Au lieu d'augmenter l'\u00e2ge de la retraite, compenser enfin la perte de pouvoir d'achat <\/strong><\/h3><p>Relever l'\u00e2ge de la retraite signifie travailler plus longtemps et percevoir une rente moins longtemps. Cela revient en fait \u00e0 r\u00e9duire les rentes. Il faudrait pourtant enfin compenser les loyers et les primes d'assurance-maladie toujours plus \u00e9lev\u00e9s, en particulier pour les personnes ayant des rentes basses. Car pour beaucoup, les rentes ne suffisent plus. L'augmentation du co\u00fbt de la vie co\u00fbtera aux retrait\u00e9-es actuel-les une rente mensuelle enti\u00e8re d'ici fin 2024. Il est donc urgent de compenser la perte de pouvoir d'achat.<\/p><h3><strong>Pour les personnes de plus de soixante ans, il est d\u00e9j\u00e0 difficile de trouver un emploi. <\/strong><\/h3><p>Un an avant l'\u00e2ge de la retraite actuellement en vigueur, seule la moiti\u00e9 des hommes et des femmes travaillent encore. Leurs perspectives sur le march\u00e9 du travail sont mauvaises, car peu d'employeurs donnent une chance aux demandeur-euses d'emploi \u00e2g\u00e9-es. Le rel\u00e8vement de l'\u00e2ge de la retraite poussera davantage de personnes vers le ch\u00f4mage de longue dur\u00e9e ou vers l'aide sociale et les prestations transitoires.<\/p><h3><strong>Qui est derri\u00e8re l'initiative ?<\/strong><\/h3><p>L'initiative populaire a \u00e9t\u00e9 lanc\u00e9e par les jeunes lib\u00e9raux-radicaux et est soutenue par le PLR, l'UDC, l'Union patronale suisse et diverses associations \u00e9conomiques.<\/p><h3><strong>NON \u00e0 l'initiative sur les rentes ! <\/strong><\/h3><p>Le PS s'oppose \u00e0 un syst\u00e8me de retraite dans lequel les hauts revenus peuvent prendre une retraite anticip\u00e9e et tou-tes les autres doivent travailler jusqu'\u00e0 l'\u00e9puisement. <strong>C'est pourquoi le <\/strong><strong>PS Suisse <\/strong><strong>recommande clairement de voter NON \u00e0 l'initiative des jeunes lib\u00e9raux-radicaux sur les rentes. Tout le monde m\u00e9rite de pouvoir vieillir dans la dignit\u00e9 et de profiter de ses vieux jours.<\/strong><\/p><\/div><\/div><\/div>\t\t\t\t<\/div>\n\t\t\t\t<\/div>\n\t\t\t\t\t<\/div>\n\t\t<\/div>\n\t\t\t\t\t<\/div>\n\t\t<\/section>\n\t\t\t\t<\/div>\n\t\t","protected":false},"excerpt":{"rendered":"<p>NON \u00e0 l&#8217;\u00e2ge de la retraite \u00e0 67 ans Avec leur \u00ab initiative sur les rentes \u00bb, les jeunes lib\u00e9raux-radicaux veulent dans un premier temps augmenter l&#8217;\u00e2ge de la retraite [&hellip;]<\/p>\n","protected":false},"author":69,"featured_media":0,"parent":0,"menu_order":0,"comment_status":"closed","ping_status":"closed","template":"","meta":{"footnotes":""},"class_list":["post-119266","page","type-page","status-publish","hentry"],"_links":{"self":[{"href":"https:\/\/www.sp-ps.ch\/fr\/wp-json\/wp\/v2\/pages\/119266","targetHints":{"allow":["GET"]}}],"collection":[{"href":"https:\/\/www.sp-ps.ch\/fr\/wp-json\/wp\/v2\/pages"}],"about":[{"href":"https:\/\/www.sp-ps.ch\/fr\/wp-json\/wp\/v2\/types\/page"}],"author":[{"embeddable":true,"href":"https:\/\/www.sp-ps.ch\/fr\/wp-json\/wp\/v2\/users\/69"}],"replies":[{"embeddable":true,"href":"https:\/\/www.sp-ps.ch\/fr\/wp-json\/wp\/v2\/comments?post=119266"}],"version-history":[{"count":16,"href":"https:\/\/www.sp-ps.ch\/fr\/wp-json\/wp\/v2\/pages\/119266\/revisions"}],"predecessor-version":[{"id":121445,"href":"https:\/\/www.sp-ps.ch\/fr\/wp-json\/wp\/v2\/pages\/119266\/revisions\/121445"}],"wp:attachment":[{"href":"https:\/\/www.sp-ps.ch\/fr\/wp-json\/wp\/v2\/media?parent=119266"}],"curies":[{"name":"wp","href":"https:\/\/api.w.org\/{rel}","templated":true}]}}

NON à l&#8217;initiative sur les rentes !

<div data-elementor-type="wp-page" data-elementor-id="119266" class="elementor elementor-119266 elementor-119257" data-elementor-post-type="page">
						<section class="elementor-section elementor-top-section elementor-element elementor-element-dedcae7 elementor-section-boxed elementor-section-height-default elementor-section-height-default" data-id="dedcae7" data-element_type="section" data-settings="{&quot;jet_parallax_layout_list&quot;:[]}">
						<div class="elementor-container elementor-column-gap-default">
					<div class="elementor-column elementor-col-100 elementor-top-column elementor-element elementor-element-c8e8136" data-id="c8e8136" data-element_type="column">
			<div class="elementor-widget-wrap elementor-element-populated">
						<div class="elementor-element elementor-element-38938c5 elementor-widget elementor-widget-image" data-id="38938c5" data-element_type="widget" data-widget_type="image.default">
				<div class="elementor-widget-container">
															<img fetchpriority="high" decoding="async" width="1920" height="915" src="https://www.sp-ps.ch/wp-content/uploads/2024/01/R67_Pflegerin_FR.jpg" class="attachment-full size-full wp-image-121335" alt="" srcset="https://www.sp-ps.ch/wp-content/uploads/2024/01/R67_Pflegerin_FR.jpg 1920w, https://www.sp-ps.ch/wp-content/uploads/2024/01/R67_Pflegerin_FR-300x143.jpg 300w, https://www.sp-ps.ch/wp-content/uploads/2024/01/R67_Pflegerin_FR-1024x488.jpg 1024w, https://www.sp-ps.ch/wp-content/uploads/2024/01/R67_Pflegerin_FR-768x366.jpg 768w, https://www.sp-ps.ch/wp-content/uploads/2024/01/R67_Pflegerin_FR-1536x732.jpg 1536w, https://www.sp-ps.ch/wp-content/uploads/2024/01/R67_Pflegerin_FR-1000x478.jpg 1000w" sizes="(max-width: 1920px) 100vw, 1920px" />															</div>
				</div>
				<div class="elementor-element elementor-element-78762f9 elementor-widget elementor-widget-spps_button_list" data-id="78762f9" data-element_type="widget" data-widget_type="spps_button_list.default">
				<div class="elementor-widget-container">
					<div class="button-list-wrapper   "><div class="button-list-title"><h2>NON à l'âge de la retraite à 67 ans</h2></div><div class="button-list-container"><div class="button-list-text"><p>Avec leur « initiative sur les rentes », les jeunes libéraux-radicaux veulent dans un premier temps augmenter l'âge de la retraite à 66 ans et le lier ensuite à l'espérance de vie moyenne. Ils ouvrent ainsi la porte à une retraite à 67 ans et plus. Les employé-es à bas et moyens revenus devraient ainsi travailler encore plus longtemps, tandis que les hauts revenus pourraient continuer à prendre leur retraite plus tôt.</p><h3><strong>L'âge de la retraite plus élevé touche surtout les bas et moyens revenus </strong></h3><p>Celles et ceux qui peuvent se le permettre partent aujourd'hui déjà plus tôt à la retraite. Si l'âge de la retraite augmente, les employé-es du commerce de détail et le personnel soignant, par exemple, devront travailler encore plus longtemps, tandis que les banquiers d'investissement et les professeur-es pourront se permettre de prendre une retraite anticipée. C'est doublement injuste, car l'espérance de vie des personnes à bas revenus est plus faible. L'initiative touche donc le plus fortement celles et ceux qui ont déjà une retraite plus courte et qui ont tendance à être en moins bonne santé. En outre, aujourd’hui, de plus en plus de personnes de 55 ans et plus quittent déjà la vie active parce qu'elles ne sont plus en mesure de travailler ou qu'elles ne trouvent plus d'emploi.</p><h3><strong>Au lieu d'augmenter l'âge de la retraite, compenser enfin la perte de pouvoir d'achat </strong></h3><p>Relever l'âge de la retraite signifie travailler plus longtemps et percevoir une rente moins longtemps. Cela revient en fait à réduire les rentes. Il faudrait pourtant enfin compenser les loyers et les primes d'assurance-maladie toujours plus élevés, en particulier pour les personnes ayant des rentes basses. Car pour beaucoup, les rentes ne suffisent plus. L'augmentation du coût de la vie coûtera aux retraité-es actuel-les une rente mensuelle entière d'ici fin 2024. Il est donc urgent de compenser la perte de pouvoir d'achat.</p><h3><strong>Pour les personnes de plus de soixante ans, il est déjà difficile de trouver un emploi. </strong></h3><p>Un an avant l'âge de la retraite actuellement en vigueur, seule la moitié des hommes et des femmes travaillent encore. Leurs perspectives sur le marché du travail sont mauvaises, car peu d'employeurs donnent une chance aux demandeur-euses d'emploi âgé-es. Le relèvement de l'âge de la retraite poussera davantage de personnes vers le chômage de longue durée ou vers l'aide sociale et les prestations transitoires.</p><h3><strong>Qui est derrière l'initiative ?</strong></h3><p>L'initiative populaire a été lancée par les jeunes libéraux-radicaux et est soutenue par le PLR, l'UDC, l'Union patronale suisse et diverses associations économiques.</p><h3><strong>NON à l'initiative sur les rentes ! </strong></h3><p>Le PS s'oppose à un système de retraite dans lequel les hauts revenus peuvent prendre une retraite anticipée et tou-tes les autres doivent travailler jusqu'à l'épuisement. <strong>C'est pourquoi le </strong><strong>PS Suisse </strong><strong>recommande clairement de voter NON à l'initiative des jeunes libéraux-radicaux sur les rentes. Tout le monde mérite de pouvoir vieillir dans la dignité et de profiter de ses vieux jours.</strong></p></div></div></div>				</div>
				</div>
					</div>
		</div>
					</div>
		</section>
				</div>

<p>NON à l&#8217;âge de la retraite à 67 ans Avec leur « initiative sur les rentes », les jeunes libéraux-radicaux veulent dans un premier temps augmenter l&#8217;âge de la retraite [&hellip;]</p>
