{"id":167922,"date":"2025-08-29T14:06:54","date_gmt":"2025-08-29T12:06:54","guid":{"rendered":"https:\/\/www.sp-ps.ch\/?page_id=167922"},"modified":"2026-03-31T12:08:44","modified_gmt":"2026-03-31T10:08:44","slug":"democratisation-de-la-democratie","status":"publish","type":"page","link":"https:\/\/www.sp-ps.ch\/fr\/parti\/commissions-thematiques\/democratisation-de-la-democratie\/","title":{"rendered":"Commission th\u00e9matique \u00ab D\u00e9mocratisation de la d\u00e9mocratie \u00bb"},"content":{"rendered":"\t\t<div data-elementor-type=\"wp-page\" data-elementor-id=\"167922\" class=\"elementor elementor-167922 elementor-167921\" data-elementor-post-type=\"page\">\n\t\t\t\t\t\t<section class=\"elementor-section elementor-top-section elementor-element elementor-element-b29a9c2 elementor-section-boxed elementor-section-height-default elementor-section-height-default\" data-id=\"b29a9c2\" data-element_type=\"section\" data-settings=\"{&quot;jet_parallax_layout_list&quot;:[],&quot;background_background&quot;:&quot;classic&quot;}\">\n\t\t\t\t\t\t<div class=\"elementor-container elementor-column-gap-wide\">\n\t\t\t\t\t<div class=\"elementor-column elementor-col-100 elementor-top-column elementor-element elementor-element-3a2f6d4\" data-id=\"3a2f6d4\" data-element_type=\"column\">\n\t\t\t<div class=\"elementor-widget-wrap elementor-element-populated\">\n\t\t\t\t\t\t<div class=\"elementor-element elementor-element-9637b78 elementor-widget elementor-widget-heading\" data-id=\"9637b78\" data-element_type=\"widget\" data-widget_type=\"heading.default\">\n\t\t\t\t<div class=\"elementor-widget-container\">\n\t\t\t\t\t<h1 class=\"elementor-heading-title elementor-size-default\">Commission th\u00e9matique \u00ab\u00a0D\u00e9mocratisation de la d\u00e9mocratie\u00a0\u00bb<\/h1>\t\t\t\t<\/div>\n\t\t\t\t<\/div>\n\t\t\t\t<div class=\"elementor-element elementor-element-c0f37a6 elementor-widget elementor-widget-jet-breadcrumbs\" data-id=\"c0f37a6\" data-element_type=\"widget\" data-widget_type=\"jet-breadcrumbs.default\">\n\t\t\t\t<div class=\"elementor-widget-container\">\n\t\t\t\t\t<div class=\"elementor-jet-breadcrumbs jet-blocks\">\n\t\t<div class=\"jet-breadcrumbs\">\n\t\t<div class=\"jet-breadcrumbs__content\">\n\t\t<div class=\"jet-breadcrumbs__wrap\">\n\t\t<\/div>\n\t\t<\/div>\n\t\t<\/div><\/div>\t\t\t\t<\/div>\n\t\t\t\t<\/div>\n\t\t\t\t\t<\/div>\n\t\t<\/div>\n\t\t\t\t\t<\/div>\n\t\t<\/section>\n\t\t\t\t<section class=\"elementor-section elementor-top-section elementor-element elementor-element-4923a57 elementor-section-boxed elementor-section-height-default elementor-section-height-default\" data-id=\"4923a57\" data-element_type=\"section\" data-settings=\"{&quot;jet_parallax_layout_list&quot;:[]}\">\n\t\t\t\t\t\t<div class=\"elementor-container elementor-column-gap-wide\">\n\t\t\t\t\t<div class=\"elementor-column elementor-col-100 elementor-top-column elementor-element elementor-element-d5bc095\" data-id=\"d5bc095\" data-element_type=\"column\">\n\t\t\t<div class=\"elementor-widget-wrap elementor-element-populated\">\n\t\t\t\t\t\t<div class=\"elementor-element elementor-element-5cc14bc elementor-widget elementor-widget-spacer\" data-id=\"5cc14bc\" data-element_type=\"widget\" data-widget_type=\"spacer.default\">\n\t\t\t\t<div class=\"elementor-widget-container\">\n\t\t\t\t\t\t\t<div class=\"elementor-spacer\">\n\t\t\t<div class=\"elementor-spacer-inner\"><\/div>\n\t\t<\/div>\n\t\t\t\t\t\t<\/div>\n\t\t\t\t<\/div>\n\t\t\t\t<div class=\"elementor-element elementor-element-cf65318 elementor-widget elementor-widget-spps_person_grid\" data-id=\"cf65318\" data-element_type=\"widget\" data-widget_type=\"spps_person_grid.default\">\n\t\t\t\t<div class=\"elementor-widget-container\">\n\t\t\t\t\t<div class=\"button-list-wrapper \"><div class=\"button-list-container\"><div class=\"persons persons-grid-2\"><div class=\"persons-items\"><div class=\"persons-item\"><div class=\"person-container\"><div class=\"person-portrait\"><a href=\"https:\/\/www.sp-ps.ch\/fr\/person\/manuel-graf\/\"><img decoding=\"async\" src=\"https:\/\/www.sp-ps.ch\/wp-content\/uploads\/2025\/06\/DSCF5897_low-600x600.jpg?v=1754900844\" alt=\"Manuel Graf\" loading=\"lazy\"><\/a><\/div><div class=\"person-content\"><a href=\"https:\/\/www.sp-ps.ch\/fr\/person\/manuel-graf\/\" class=\"person-name\"><p><strong>Manuel Graf<\/strong><\/p><\/a><p class=\"person-position\">Chef du D\u00e9partement politique &amp; secr\u00e9taire g\u00e9n\u00e9ral adjoint<\/p><ul class=\"person-kontakt list-pills list-pills-grey\"><li><a href=\"tel:+41313296983\">+41 31 329 69 83<\/a><\/li><li><a href=\"mailto:manuel.graf@spschweiz.ch\">E-Mail<\/a><\/li><\/ul><\/div><\/div><\/div><\/div><\/div><\/div><\/div>\t\t\t\t<\/div>\n\t\t\t\t<\/div>\n\t\t\t\t<div class=\"elementor-element elementor-element-6e87532 elementor-widget elementor-widget-spps_title_text\" data-id=\"6e87532\" data-element_type=\"widget\" data-widget_type=\"spps_title_text.default\">\n\t\t\t\t<div class=\"elementor-widget-container\">\n\t\t\t\t\t<div class=\"title-text-wrapper \"><div class=\"title-text-title\"><h3>Br\u00e8ve description des travaux de la commission<\/h3><\/div><div class=\"title-text-container\"><div class=\"title-text-text\"><p>La t\u00e2che principale de la Commission th\u00e9matique consiste \u00e0 susciter une prise de conscience de l\u2019\u00e9norme potentiel progressiste que rec\u00e8lent la d\u00e9mocratie et la d\u00e9mocratisation de tous les domaines de la vie et de d\u00e9velopper une compr\u00e9hension approfondie des causes et des manifestations de l\u2019\u00e9rosion de la d\u00e9mocratie. Quels sont les facteurs et les influences qui entravent ou font obstacle \u00e0 la d\u00e9mocratie\u00a0?<\/p><p>Il s\u2019agit de pr\u00e9ciser les formes que pourraient prendre les processus de d\u00e9mocratisation, d\u2019en d\u00e9finir les premi\u00e8res \u00e9tapes et d\u2019\u00e9laborer des propositions correspondantes pour tous les niveaux du parti, les sections et les groupes parlementaires. En outre, la Commission th\u00e9matique d\u00e9veloppe des propositions pour la d\u00e9mocratisation de la d\u00e9mocratie, tant \u00e0 l\u2019ext\u00e9rieur qu\u2019\u00e0 l\u2019int\u00e9rieur du parti. Cela inclut le retour d\u2019information sur l\u2019\u00e9tat d\u2019avancement de la mise en \u0153uvre et la pr\u00e9sentation de propositions pour aller plus loin.<\/p><p>La Commission th\u00e9matique se r\u00e9unit g\u00e9n\u00e9ralement quatre fois par an, en pr\u00e9sentiel ou en ligne.<\/p><p>Copr\u00e9sident d\u00e9sign\u00e9\u00a0: Andi Gross<\/p><\/div><\/div><\/div>\t\t\t\t<\/div>\n\t\t\t\t<\/div>\n\t\t\t\t<div class=\"elementor-element elementor-element-3859ea4 elementor-widget elementor-widget-spacer\" data-id=\"3859ea4\" data-element_type=\"widget\" data-widget_type=\"spacer.default\">\n\t\t\t\t<div class=\"elementor-widget-container\">\n\t\t\t\t\t\t\t<div class=\"elementor-spacer\">\n\t\t\t<div class=\"elementor-spacer-inner\"><\/div>\n\t\t<\/div>\n\t\t\t\t\t\t<\/div>\n\t\t\t\t<\/div>\n\t\t\t\t<div class=\"elementor-element elementor-element-618d1e0 elementor-widget elementor-widget-spps_call_to_action\" data-id=\"618d1e0\" data-element_type=\"widget\" data-widget_type=\"spps_call_to_action.default\">\n\t\t\t\t<div class=\"elementor-widget-container\">\n\t\t\t\t\t<div class=\"call-to-action-wrapper  \" style=\"background:#E4002B\" ><div class=\"call-to-action-title\"><h2>Int\u00e9ress\u00e9-e ?<\/h2><\/div><div class=\"call-to-action-container\"><div class=\"call-to-action-text\"><p>Ici tu peux t'inscrire pour la Commission th\u00e9matique \u00ab Politique digitale et des donn\u00e9es \u00bb.<\/p>\n<\/div><div class=\"call-to-action-buttons call-to-action-buttons-left\"><div class=\"button-wrapper \"><a href=\"https:\/\/www.sp-ps.ch\/fr\/parti\/commissions-thematiques\/formulaire-dinscription-commissions-specialisees\/\"  target=\"_self\" class=\"button-link button-link-default\"  style='color:#E4002B' onMouseOver=\"this.style.color='white';this.style.background='#E4002B'\" onMouseOut=\"this.style.color='#E4002B';this.style.background='#EBEBEB'\">Formulaire d'inscription<\/a><\/div><\/div><\/div><\/div>\t\t\t\t<\/div>\n\t\t\t\t<\/div>\n\t\t\t\t\t<\/div>\n\t\t<\/div>\n\t\t\t\t\t<\/div>\n\t\t<\/section>\n\t\t\t\t<section class=\"elementor-section elementor-top-section elementor-element elementor-element-b15d15f elementor-section-boxed elementor-section-height-default elementor-section-height-default\" data-id=\"b15d15f\" data-element_type=\"section\" data-settings=\"{&quot;jet_parallax_layout_list&quot;:[]}\">\n\t\t\t\t\t\t<div class=\"elementor-container elementor-column-gap-default\">\n\t\t\t\t\t<div class=\"elementor-column elementor-col-100 elementor-top-column elementor-element elementor-element-4f03d6d\" data-id=\"4f03d6d\" data-element_type=\"column\">\n\t\t\t<div class=\"elementor-widget-wrap\">\n\t\t\t\t\t\t\t<\/div>\n\t\t<\/div>\n\t\t\t\t\t<\/div>\n\t\t<\/section>\n\t\t\t\t<\/div>\n\t\t","protected":false},"excerpt":{"rendered":"<p>Commission th\u00e9matique \u00ab\u00a0D\u00e9mocratisation de la d\u00e9mocratie\u00a0\u00bb Manuel Graf Chef du D\u00e9partement politique &amp; secr\u00e9taire g\u00e9n\u00e9ral adjoint +41 31 329 69 83 E-Mail Br\u00e8ve description des travaux de la commission La [&hellip;]<\/p>\n","protected":false},"author":23,"featured_media":0,"parent":30493,"menu_order":3,"comment_status":"closed","ping_status":"closed","template":"","meta":{"footnotes":""},"class_list":["post-167922","page","type-page","status-publish","hentry"],"_links":{"self":[{"href":"https:\/\/www.sp-ps.ch\/fr\/wp-json\/wp\/v2\/pages\/167922","targetHints":{"allow":["GET"]}}],"collection":[{"href":"https:\/\/www.sp-ps.ch\/fr\/wp-json\/wp\/v2\/pages"}],"about":[{"href":"https:\/\/www.sp-ps.ch\/fr\/wp-json\/wp\/v2\/types\/page"}],"author":[{"embeddable":true,"href":"https:\/\/www.sp-ps.ch\/fr\/wp-json\/wp\/v2\/users\/23"}],"replies":[{"embeddable":true,"href":"https:\/\/www.sp-ps.ch\/fr\/wp-json\/wp\/v2\/comments?post=167922"}],"version-history":[{"count":14,"href":"https:\/\/www.sp-ps.ch\/fr\/wp-json\/wp\/v2\/pages\/167922\/revisions"}],"predecessor-version":[{"id":181356,"href":"https:\/\/www.sp-ps.ch\/fr\/wp-json\/wp\/v2\/pages\/167922\/revisions\/181356"}],"up":[{"embeddable":true,"href":"https:\/\/www.sp-ps.ch\/fr\/wp-json\/wp\/v2\/pages\/30493"}],"wp:attachment":[{"href":"https:\/\/www.sp-ps.ch\/fr\/wp-json\/wp\/v2\/media?parent=167922"}],"curies":[{"name":"wp","href":"https:\/\/api.w.org\/{rel}","templated":true}]}}

Commission thématique « Démocratisation de la démocratie »

<div data-elementor-type="wp-page" data-elementor-id="167922" class="elementor elementor-167922 elementor-167921" data-elementor-post-type="page">
						<section class="elementor-section elementor-top-section elementor-element elementor-element-b29a9c2 elementor-section-boxed elementor-section-height-default elementor-section-height-default" data-id="b29a9c2" data-element_type="section" data-settings="{&quot;jet_parallax_layout_list&quot;:[],&quot;background_background&quot;:&quot;classic&quot;}">
						<div class="elementor-container elementor-column-gap-wide">
					<div class="elementor-column elementor-col-100 elementor-top-column elementor-element elementor-element-3a2f6d4" data-id="3a2f6d4" data-element_type="column">
			<div class="elementor-widget-wrap elementor-element-populated">
						<div class="elementor-element elementor-element-9637b78 elementor-widget elementor-widget-heading" data-id="9637b78" data-element_type="widget" data-widget_type="heading.default">
				<div class="elementor-widget-container">
					<h1 class="elementor-heading-title elementor-size-default">Commission thématique « Démocratisation de la démocratie »</h1>				</div>
				</div>
				<div class="elementor-element elementor-element-c0f37a6 elementor-widget elementor-widget-jet-breadcrumbs" data-id="c0f37a6" data-element_type="widget" data-widget_type="jet-breadcrumbs.default">
				<div class="elementor-widget-container">
					<div class="elementor-jet-breadcrumbs jet-blocks">
		<div class="jet-breadcrumbs">
		<div class="jet-breadcrumbs__content">
		<div class="jet-breadcrumbs__wrap">
		</div>
		</div>
		</div></div>				</div>
				</div>
					</div>
		</div>
					</div>
		</section>
				<section class="elementor-section elementor-top-section elementor-element elementor-element-4923a57 elementor-section-boxed elementor-section-height-default elementor-section-height-default" data-id="4923a57" data-element_type="section" data-settings="{&quot;jet_parallax_layout_list&quot;:[]}">
						<div class="elementor-container elementor-column-gap-wide">
					<div class="elementor-column elementor-col-100 elementor-top-column elementor-element elementor-element-d5bc095" data-id="d5bc095" data-element_type="column">
			<div class="elementor-widget-wrap elementor-element-populated">
						<div class="elementor-element elementor-element-5cc14bc elementor-widget elementor-widget-spacer" data-id="5cc14bc" data-element_type="widget" data-widget_type="spacer.default">
				<div class="elementor-widget-container">
							<div class="elementor-spacer">
			<div class="elementor-spacer-inner"></div>
		</div>
						</div>
				</div>
				<div class="elementor-element elementor-element-cf65318 elementor-widget elementor-widget-spps_person_grid" data-id="cf65318" data-element_type="widget" data-widget_type="spps_person_grid.default">
				<div class="elementor-widget-container">
					<div class="button-list-wrapper "><div class="button-list-container"><div class="persons persons-grid-2"><div class="persons-items"><div class="persons-item"><div class="person-container"><div class="person-portrait"><a href="https://www.sp-ps.ch/fr/person/manuel-graf/"><img decoding="async" src="https://www.sp-ps.ch/wp-content/uploads/2025/06/DSCF5897_low-600x600.jpg?v=1754900844" alt="Manuel Graf" loading="lazy"></a></div><div class="person-content"><a href="https://www.sp-ps.ch/fr/person/manuel-graf/" class="person-name"><p><strong>Manuel Graf</strong></p></a><p class="person-position">Chef du Département politique &amp; secrétaire général adjoint</p><ul class="person-kontakt list-pills list-pills-grey"><li><a href="tel:+41313296983">+41 31 329 69 83</a></li><li><a href="mailto:manuel.graf@spschweiz.ch">E-Mail</a></li></ul></div></div></div></div></div></div></div>				</div>
				</div>
				<div class="elementor-element elementor-element-6e87532 elementor-widget elementor-widget-spps_title_text" data-id="6e87532" data-element_type="widget" data-widget_type="spps_title_text.default">
				<div class="elementor-widget-container">
					<div class="title-text-wrapper "><div class="title-text-title"><h3>Brève description des travaux de la commission</h3></div><div class="title-text-container"><div class="title-text-text"><p>La tâche principale de la Commission thématique consiste à susciter une prise de conscience de l’énorme potentiel progressiste que recèlent la démocratie et la démocratisation de tous les domaines de la vie et de développer une compréhension approfondie des causes et des manifestations de l’érosion de la démocratie. Quels sont les facteurs et les influences qui entravent ou font obstacle à la démocratie ?</p><p>Il s’agit de préciser les formes que pourraient prendre les processus de démocratisation, d’en définir les premières étapes et d’élaborer des propositions correspondantes pour tous les niveaux du parti, les sections et les groupes parlementaires. En outre, la Commission thématique développe des propositions pour la démocratisation de la démocratie, tant à l’extérieur qu’à l’intérieur du parti. Cela inclut le retour d’information sur l’état d’avancement de la mise en œuvre et la présentation de propositions pour aller plus loin.</p><p>La Commission thématique se réunit généralement quatre fois par an, en présentiel ou en ligne.</p><p>Coprésident désigné : Andi Gross</p></div></div></div>				</div>
				</div>
				<div class="elementor-element elementor-element-3859ea4 elementor-widget elementor-widget-spacer" data-id="3859ea4" data-element_type="widget" data-widget_type="spacer.default">
				<div class="elementor-widget-container">
							<div class="elementor-spacer">
			<div class="elementor-spacer-inner"></div>
		</div>
						</div>
				</div>
				<div class="elementor-element elementor-element-618d1e0 elementor-widget elementor-widget-spps_call_to_action" data-id="618d1e0" data-element_type="widget" data-widget_type="spps_call_to_action.default">
				<div class="elementor-widget-container">
					<div class="call-to-action-wrapper  " style="background:#E4002B" ><div class="call-to-action-title"><h2>Intéressé-e ?</h2></div><div class="call-to-action-container"><div class="call-to-action-text"><p>Ici tu peux t'inscrire pour la Commission thématique « Politique digitale et des données ».</p>
</div><div class="call-to-action-buttons call-to-action-buttons-left"><div class="button-wrapper "><a href="https://www.sp-ps.ch/fr/parti/commissions-thematiques/formulaire-dinscription-commissions-specialisees/"  target="_self" class="button-link button-link-default"  style='color:#E4002B' onMouseOver="this.style.color='white';this.style.background='#E4002B'" onMouseOut="this.style.color='#E4002B';this.style.background='#EBEBEB'">Formulaire d'inscription</a></div></div></div></div>				</div>
				</div>
					</div>
		</div>
					</div>
		</section>
				<section class="elementor-section elementor-top-section elementor-element elementor-element-b15d15f elementor-section-boxed elementor-section-height-default elementor-section-height-default" data-id="b15d15f" data-element_type="section" data-settings="{&quot;jet_parallax_layout_list&quot;:[]}">
						<div class="elementor-container elementor-column-gap-default">
					<div class="elementor-column elementor-col-100 elementor-top-column elementor-element elementor-element-4f03d6d" data-id="4f03d6d" data-element_type="column">
			<div class="elementor-widget-wrap">
							</div>
		</div>
					</div>
		</section>
				</div>

<p>Commission thématique « Démocratisation de la démocratie » Manuel Graf Chef du Département politique &amp; secrétaire général adjoint +41 31 329 69 83 E-Mail Brève description des travaux de la commission La [&hellip;]</p>
