{"id":170150,"date":"2025-10-14T11:28:40","date_gmt":"2025-10-14T09:28:40","guid":{"rendered":"https:\/\/www.sp-ps.ch\/?page_id=170150"},"modified":"2025-10-21T10:45:44","modified_gmt":"2025-10-21T08:45:44","slug":"non-au-service-citoyen","status":"publish","type":"page","link":"https:\/\/www.sp-ps.ch\/fr\/non-au-service-citoyen\/","title":{"rendered":"NON \u00e0 l&#8217;initiative \u00ab service citoyen \u00bb"},"content":{"rendered":"\t\t<div data-elementor-type=\"wp-page\" data-elementor-id=\"170150\" class=\"elementor elementor-170150\" data-elementor-post-type=\"page\">\n\t\t\t\t\t\t<section class=\"elementor-section elementor-top-section elementor-element elementor-element-35f82ac elementor-section-boxed elementor-section-height-default elementor-section-height-default\" data-id=\"35f82ac\" data-element_type=\"section\" data-settings=\"{&quot;jet_parallax_layout_list&quot;:[],&quot;background_background&quot;:&quot;classic&quot;}\">\n\t\t\t\t\t\t\t<div class=\"elementor-background-overlay\"><\/div>\n\t\t\t\t\t\t\t<div class=\"elementor-container elementor-column-gap-default\">\n\t\t\t\t\t<div class=\"elementor-column elementor-col-100 elementor-top-column elementor-element elementor-element-274bc43\" data-id=\"274bc43\" data-element_type=\"column\">\n\t\t\t<div class=\"elementor-widget-wrap elementor-element-populated\">\n\t\t\t\t\t\t<div class=\"elementor-element elementor-element-c0832ef elementor-widget elementor-widget-image\" data-id=\"c0832ef\" data-element_type=\"widget\" data-widget_type=\"image.default\">\n\t\t\t\t<div class=\"elementor-widget-container\">\n\t\t\t\t\t\t\t\t\t\t\t\t\t\t\t<img fetchpriority=\"high\" decoding=\"async\" width=\"800\" height=\"419\" src=\"https:\/\/www.sp-ps.ch\/wp-content\/uploads\/2025\/10\/Sharing_bild-csi_FR-1-1024x536.png\" class=\"attachment-large size-large wp-image-170270\" alt=\"\" srcset=\"https:\/\/www.sp-ps.ch\/wp-content\/uploads\/2025\/10\/Sharing_bild-csi_FR-1-1024x536.png 1024w, https:\/\/www.sp-ps.ch\/wp-content\/uploads\/2025\/10\/Sharing_bild-csi_FR-1-300x157.png 300w, https:\/\/www.sp-ps.ch\/wp-content\/uploads\/2025\/10\/Sharing_bild-csi_FR-1-768x402.png 768w, https:\/\/www.sp-ps.ch\/wp-content\/uploads\/2025\/10\/Sharing_bild-csi_FR-1.png 1200w\" sizes=\"(max-width: 800px) 100vw, 800px\" \/>\t\t\t\t\t\t\t\t\t\t\t\t\t\t\t<\/div>\n\t\t\t\t<\/div>\n\t\t\t\t\t<\/div>\n\t\t<\/div>\n\t\t\t\t\t<\/div>\n\t\t<\/section>\n\t\t\t\t<section class=\"elementor-section elementor-top-section elementor-element elementor-element-ad098da elementor-section-boxed elementor-section-height-default elementor-section-height-default\" data-id=\"ad098da\" data-element_type=\"section\" data-settings=\"{&quot;jet_parallax_layout_list&quot;:[],&quot;background_background&quot;:&quot;classic&quot;}\">\n\t\t\t\t\t\t\t<div class=\"elementor-background-overlay\"><\/div>\n\t\t\t\t\t\t\t<div class=\"elementor-container elementor-column-gap-default\">\n\t\t\t\t\t<div class=\"elementor-column elementor-col-100 elementor-top-column elementor-element elementor-element-b400f5b\" data-id=\"b400f5b\" data-element_type=\"column\">\n\t\t\t<div class=\"elementor-widget-wrap elementor-element-populated\">\n\t\t\t\t\t\t<div class=\"elementor-element elementor-element-bd7abc7 elementor-widget elementor-widget-spps_button_list\" data-id=\"bd7abc7\" data-element_type=\"widget\" data-widget_type=\"spps_button_list.default\">\n\t\t\t\t<div class=\"elementor-widget-container\">\n\t\t\t\t\t<div class=\"button-list-wrapper   \"><div class=\"button-list-title\"><h2>NON \u00e0 l'initiative \u00ab service citoyen \u00bb<\/h2><\/div><div class=\"button-list-container\"><div class=\"button-list-text\"><p><strong>L\u2019initiative sur le travail forc\u00e9 (initiative \u00ab service citoyen \u00bb) exige que toutes et tous les citoyennes et citoyens suisses accomplissent une fois dans leur vie un service au profit de la collectivit\u00e9, sous forme de service militaire ou d'un service \u00ab \u00e9quivalent \u00bb. Ce qui, \u00e0 premi\u00e8re vue, semble renforcer la coh\u00e9sion sociale, s\u2019av\u00e8re, \u00e0 y regarder de plus pr\u00e8s, antisocial et potentiellement ill\u00e9gal. Le PS Suisse rejette fermement cette initiative pour les raisons suivantes :<\/strong><\/p><p><strong>Encore plus de travail non r\u00e9mun\u00e9r\u00e9 pour les femmes<\/strong><\/p><p>Les initiant-es pr\u00e9sentent le service citoyen comme un moyen de promouvoir la coh\u00e9sion et l\u2019\u00e9galit\u00e9. En r\u00e9alit\u00e9, il s\u2019agit d'une augmentation du travail non r\u00e9mun\u00e9r\u00e9 pour les femmes : elles seraient contraintes de servir comme les hommes, alors qu\u2019elles assument d\u00e9j\u00e0 aujourd\u2019hui la majeure partie du travail de <em>care<\/em> non r\u00e9mun\u00e9r\u00e9. Cette r\u00e9partition in\u00e9gale du travail indispensable, mais non r\u00e9mun\u00e9r\u00e9, est totalement ignor\u00e9e par l\u2019initiative. Au lieu de revaloriser enfin le travail de soins, ce \u00ab\u00a0service citoyen\u00a0\u00bb obligerait tout le monde \u00e0 effectuer du travail non r\u00e9mun\u00e9r\u00e9 suppl\u00e9mentaire. Le travail de soins professionnel serait \u00e9galement d\u00e9valoris\u00e9 si, par exemple, le personnel qualifi\u00e9 dans les soins \u00e9tait remplac\u00e9 par une main-d\u2019\u0153uvre bon march\u00e9.<\/p><p><strong>Dumping salarial et suppression d\u2019emplois<\/strong><\/p><p>L\u2019initiative pourrait favoriser le dumping salarial dans des secteurs comme les soins ou le social, car une main-d\u2019\u0153uvre bon march\u00e9 remplacerait le personnel qualifi\u00e9 r\u00e9gulier. Cela r\u00e9duirait l\u2019incitation \u00e0 investir dans des salaires \u00e9quitables et de bonnes conditions de travail. Au lieu d\u2019une main-d'\u0153uvre qualifi\u00e9e et bien form\u00e9e, dont le besoin se fait urgemment sentir, on trouverait davantage de main-d\u2019\u0153uvre bon march\u00e9 et non form\u00e9e. Cela aggraverait encore la p\u00e9nurie de personnel et la pression sur les salaires, et d\u00e9t\u00e9riorerait \u00e9galement la qualit\u00e9 du travail fourni.<\/p><p><strong>Atteinte massive aux droits fondamentaux<\/strong><\/p><p>L\u2019initiative introduirait un service obligatoire g\u00e9n\u00e9ral pour tou-tes les jeunes. Il s\u2019agit l\u00e0 d\u2019une atteinte consid\u00e9rable \u00e0 la libert\u00e9 personnelle et aux droits fondamentaux de chaque individu. Un service citoyen obligatoire viole l\u2019interdiction du travail forc\u00e9 pr\u00e9vue par le droit international, conform\u00e9ment au Pacte II des Nations unies et \u00e0 la Convention europ\u00e9enne des droits de l\u2019homme. Une chose est claire : l\u2019engagement solidaire ne peut \u00eatre impos\u00e9 \u2013 la v\u00e9ritable coh\u00e9sion sociale na\u00eet du volontariat, et non de la contrainte.<\/p><p><strong>Affaiblissement des associations<\/strong><\/p><p>La Suisse poss\u00e8de une forte culture du b\u00e9n\u00e9volat et des associations. Un service citoyen obligatoire affaiblirait cet engagement. De nombreux-ses jeunes s\u2019engagent d\u00e9j\u00e0 aujourd\u2019hui b\u00e9n\u00e9volement dans des associations, des projets ou des mouvements, mais un service obligatoire pourrait supplanter ou d\u00e9valoriser ces engagements. En outre, l\u2019initiative \u00ab service citoyen \u00bb risque d\u2019imposer une d\u00e9finition \u00e9troite de la part de l\u2019\u00c9tat quant aux activit\u00e9s reconnues et non reconnues. Cela conduirait \u00e0 ignorer les initiatives de la soci\u00e9t\u00e9 civile et \u00e0 affaiblir la diversit\u00e9 du b\u00e9n\u00e9volat.<\/p><\/div><\/div><\/div>\t\t\t\t<\/div>\n\t\t\t\t<\/div>\n\t\t\t\t\t<\/div>\n\t\t<\/div>\n\t\t\t\t\t<\/div>\n\t\t<\/section>\n\t\t\t\t<section class=\"elementor-section elementor-top-section elementor-element elementor-element-967cc58 elementor-section-boxed elementor-section-height-default elementor-section-height-default\" data-id=\"967cc58\" data-element_type=\"section\" data-settings=\"{&quot;jet_parallax_layout_list&quot;:[]}\">\n\t\t\t\t\t\t<div class=\"elementor-container elementor-column-gap-default\">\n\t\t\t\t\t<div class=\"elementor-column elementor-col-100 elementor-top-column elementor-element elementor-element-5b19c8b\" data-id=\"5b19c8b\" data-element_type=\"column\">\n\t\t\t<div class=\"elementor-widget-wrap elementor-element-populated\">\n\t\t\t\t\t\t<div class=\"elementor-element elementor-element-6230e3d elementor-widget-divider--view-line elementor-widget elementor-widget-divider\" data-id=\"6230e3d\" data-element_type=\"widget\" data-widget_type=\"divider.default\">\n\t\t\t\t<div class=\"elementor-widget-container\">\n\t\t\t\t\t\t\t<div class=\"elementor-divider\">\n\t\t\t<span class=\"elementor-divider-separator\">\n\t\t\t\t\t\t<\/span>\n\t\t<\/div>\n\t\t\t\t\t\t<\/div>\n\t\t\t\t<\/div>\n\t\t\t\t\t<\/div>\n\t\t<\/div>\n\t\t\t\t\t<\/div>\n\t\t<\/section>\n\t\t\t\t<section class=\"elementor-section elementor-top-section elementor-element elementor-element-d94cf62 elementor-section-boxed elementor-section-height-default elementor-section-height-default\" data-id=\"d94cf62\" data-element_type=\"section\" data-settings=\"{&quot;jet_parallax_layout_list&quot;:[]}\">\n\t\t\t\t\t\t<div class=\"elementor-container elementor-column-gap-default\">\n\t\t\t\t\t<div class=\"elementor-column elementor-col-100 elementor-top-column elementor-element elementor-element-b6a9200\" data-id=\"b6a9200\" data-element_type=\"column\">\n\t\t\t<div class=\"elementor-widget-wrap\">\n\t\t\t\t\t\t\t<\/div>\n\t\t<\/div>\n\t\t\t\t\t<\/div>\n\t\t<\/section>\n\t\t\t\t<\/div>\n\t\t","protected":false},"excerpt":{"rendered":"<p>NON \u00e0 l&#8217;initiative \u00ab service citoyen \u00bb Le 28\u00a0septembre, nous votons sur la Loi f\u00e9d\u00e9rale sur l\u2019identit\u00e9 \u00e9lectronique. L\u2019e-ID publique pr\u00e9vue est s\u00fbre, facultative et respectueuse \u00e0 la protection des [&hellip;]<\/p>\n","protected":false},"author":96,"featured_media":170267,"parent":0,"menu_order":4,"comment_status":"closed","ping_status":"closed","template":"","meta":{"footnotes":""},"class_list":["post-170150","page","type-page","status-publish","has-post-thumbnail","hentry"],"_links":{"self":[{"href":"https:\/\/www.sp-ps.ch\/fr\/wp-json\/wp\/v2\/pages\/170150","targetHints":{"allow":["GET"]}}],"collection":[{"href":"https:\/\/www.sp-ps.ch\/fr\/wp-json\/wp\/v2\/pages"}],"about":[{"href":"https:\/\/www.sp-ps.ch\/fr\/wp-json\/wp\/v2\/types\/page"}],"author":[{"embeddable":true,"href":"https:\/\/www.sp-ps.ch\/fr\/wp-json\/wp\/v2\/users\/96"}],"replies":[{"embeddable":true,"href":"https:\/\/www.sp-ps.ch\/fr\/wp-json\/wp\/v2\/comments?post=170150"}],"version-history":[{"count":34,"href":"https:\/\/www.sp-ps.ch\/fr\/wp-json\/wp\/v2\/pages\/170150\/revisions"}],"predecessor-version":[{"id":170541,"href":"https:\/\/www.sp-ps.ch\/fr\/wp-json\/wp\/v2\/pages\/170150\/revisions\/170541"}],"wp:featuredmedia":[{"embeddable":true,"href":"https:\/\/www.sp-ps.ch\/fr\/wp-json\/wp\/v2\/media\/170267"}],"wp:attachment":[{"href":"https:\/\/www.sp-ps.ch\/fr\/wp-json\/wp\/v2\/media?parent=170150"}],"curies":[{"name":"wp","href":"https:\/\/api.w.org\/{rel}","templated":true}]}}

NON à l&#8217;initiative « service citoyen »

<div data-elementor-type="wp-page" data-elementor-id="170150" class="elementor elementor-170150" data-elementor-post-type="page">
						<section class="elementor-section elementor-top-section elementor-element elementor-element-35f82ac elementor-section-boxed elementor-section-height-default elementor-section-height-default" data-id="35f82ac" data-element_type="section" data-settings="{&quot;jet_parallax_layout_list&quot;:[],&quot;background_background&quot;:&quot;classic&quot;}">
							<div class="elementor-background-overlay"></div>
							<div class="elementor-container elementor-column-gap-default">
					<div class="elementor-column elementor-col-100 elementor-top-column elementor-element elementor-element-274bc43" data-id="274bc43" data-element_type="column">
			<div class="elementor-widget-wrap elementor-element-populated">
						<div class="elementor-element elementor-element-c0832ef elementor-widget elementor-widget-image" data-id="c0832ef" data-element_type="widget" data-widget_type="image.default">
				<div class="elementor-widget-container">
															<img fetchpriority="high" decoding="async" width="800" height="419" src="https://www.sp-ps.ch/wp-content/uploads/2025/10/Sharing_bild-csi_FR-1-1024x536.png" class="attachment-large size-large wp-image-170270" alt="" srcset="https://www.sp-ps.ch/wp-content/uploads/2025/10/Sharing_bild-csi_FR-1-1024x536.png 1024w, https://www.sp-ps.ch/wp-content/uploads/2025/10/Sharing_bild-csi_FR-1-300x157.png 300w, https://www.sp-ps.ch/wp-content/uploads/2025/10/Sharing_bild-csi_FR-1-768x402.png 768w, https://www.sp-ps.ch/wp-content/uploads/2025/10/Sharing_bild-csi_FR-1.png 1200w" sizes="(max-width: 800px) 100vw, 800px" />															</div>
				</div>
					</div>
		</div>
					</div>
		</section>
				<section class="elementor-section elementor-top-section elementor-element elementor-element-ad098da elementor-section-boxed elementor-section-height-default elementor-section-height-default" data-id="ad098da" data-element_type="section" data-settings="{&quot;jet_parallax_layout_list&quot;:[],&quot;background_background&quot;:&quot;classic&quot;}">
							<div class="elementor-background-overlay"></div>
							<div class="elementor-container elementor-column-gap-default">
					<div class="elementor-column elementor-col-100 elementor-top-column elementor-element elementor-element-b400f5b" data-id="b400f5b" data-element_type="column">
			<div class="elementor-widget-wrap elementor-element-populated">
						<div class="elementor-element elementor-element-bd7abc7 elementor-widget elementor-widget-spps_button_list" data-id="bd7abc7" data-element_type="widget" data-widget_type="spps_button_list.default">
				<div class="elementor-widget-container">
					<div class="button-list-wrapper   "><div class="button-list-title"><h2>NON à l'initiative « service citoyen »</h2></div><div class="button-list-container"><div class="button-list-text"><p><strong>L’initiative sur le travail forcé (initiative « service citoyen ») exige que toutes et tous les citoyennes et citoyens suisses accomplissent une fois dans leur vie un service au profit de la collectivité, sous forme de service militaire ou d'un service « équivalent ». Ce qui, à première vue, semble renforcer la cohésion sociale, s’avère, à y regarder de plus près, antisocial et potentiellement illégal. Le PS Suisse rejette fermement cette initiative pour les raisons suivantes :</strong></p><p><strong>Encore plus de travail non rémunéré pour les femmes</strong></p><p>Les initiant-es présentent le service citoyen comme un moyen de promouvoir la cohésion et l’égalité. En réalité, il s’agit d'une augmentation du travail non rémunéré pour les femmes : elles seraient contraintes de servir comme les hommes, alors qu’elles assument déjà aujourd’hui la majeure partie du travail de <em>care</em> non rémunéré. Cette répartition inégale du travail indispensable, mais non rémunéré, est totalement ignorée par l’initiative. Au lieu de revaloriser enfin le travail de soins, ce « service citoyen » obligerait tout le monde à effectuer du travail non rémunéré supplémentaire. Le travail de soins professionnel serait également dévalorisé si, par exemple, le personnel qualifié dans les soins était remplacé par une main-d’œuvre bon marché.</p><p><strong>Dumping salarial et suppression d’emplois</strong></p><p>L’initiative pourrait favoriser le dumping salarial dans des secteurs comme les soins ou le social, car une main-d’œuvre bon marché remplacerait le personnel qualifié régulier. Cela réduirait l’incitation à investir dans des salaires équitables et de bonnes conditions de travail. Au lieu d’une main-d'œuvre qualifiée et bien formée, dont le besoin se fait urgemment sentir, on trouverait davantage de main-d’œuvre bon marché et non formée. Cela aggraverait encore la pénurie de personnel et la pression sur les salaires, et détériorerait également la qualité du travail fourni.</p><p><strong>Atteinte massive aux droits fondamentaux</strong></p><p>L’initiative introduirait un service obligatoire général pour tou-tes les jeunes. Il s’agit là d’une atteinte considérable à la liberté personnelle et aux droits fondamentaux de chaque individu. Un service citoyen obligatoire viole l’interdiction du travail forcé prévue par le droit international, conformément au Pacte II des Nations unies et à la Convention européenne des droits de l’homme. Une chose est claire : l’engagement solidaire ne peut être imposé – la véritable cohésion sociale naît du volontariat, et non de la contrainte.</p><p><strong>Affaiblissement des associations</strong></p><p>La Suisse possède une forte culture du bénévolat et des associations. Un service citoyen obligatoire affaiblirait cet engagement. De nombreux-ses jeunes s’engagent déjà aujourd’hui bénévolement dans des associations, des projets ou des mouvements, mais un service obligatoire pourrait supplanter ou dévaloriser ces engagements. En outre, l’initiative « service citoyen » risque d’imposer une définition étroite de la part de l’État quant aux activités reconnues et non reconnues. Cela conduirait à ignorer les initiatives de la société civile et à affaiblir la diversité du bénévolat.</p></div></div></div>				</div>
				</div>
					</div>
		</div>
					</div>
		</section>
				<section class="elementor-section elementor-top-section elementor-element elementor-element-967cc58 elementor-section-boxed elementor-section-height-default elementor-section-height-default" data-id="967cc58" data-element_type="section" data-settings="{&quot;jet_parallax_layout_list&quot;:[]}">
						<div class="elementor-container elementor-column-gap-default">
					<div class="elementor-column elementor-col-100 elementor-top-column elementor-element elementor-element-5b19c8b" data-id="5b19c8b" data-element_type="column">
			<div class="elementor-widget-wrap elementor-element-populated">
						<div class="elementor-element elementor-element-6230e3d elementor-widget-divider--view-line elementor-widget elementor-widget-divider" data-id="6230e3d" data-element_type="widget" data-widget_type="divider.default">
				<div class="elementor-widget-container">
							<div class="elementor-divider">
			<span class="elementor-divider-separator">
						</span>
		</div>
						</div>
				</div>
					</div>
		</div>
					</div>
		</section>
				<section class="elementor-section elementor-top-section elementor-element elementor-element-d94cf62 elementor-section-boxed elementor-section-height-default elementor-section-height-default" data-id="d94cf62" data-element_type="section" data-settings="{&quot;jet_parallax_layout_list&quot;:[]}">
						<div class="elementor-container elementor-column-gap-default">
					<div class="elementor-column elementor-col-100 elementor-top-column elementor-element elementor-element-b6a9200" data-id="b6a9200" data-element_type="column">
			<div class="elementor-widget-wrap">
							</div>
		</div>
					</div>
		</section>
				</div>

<p>NON à l&#8217;initiative « service citoyen » Le 28 septembre, nous votons sur la Loi fédérale sur l’identité électronique. L’e-ID publique prévue est sûre, facultative et respectueuse à la protection des [&hellip;]</p>
