{"id":176661,"date":"2026-01-14T14:01:00","date_gmt":"2026-01-14T13:01:00","guid":{"rendered":"https:\/\/www.sp-ps.ch\/fonds-climat\/"},"modified":"2026-01-14T14:26:55","modified_gmt":"2026-01-14T13:26:55","slug":"initiative-fonds-climat","status":"publish","type":"page","link":"https:\/\/www.sp-ps.ch\/fr\/initiative-fonds-climat\/","title":{"rendered":"Fonds-climat"},"content":{"rendered":"\t\t<div data-elementor-type=\"wp-page\" data-elementor-id=\"176661\" class=\"elementor elementor-176661 elementor-176429\" data-elementor-post-type=\"page\">\n\t\t\t\t\t\t<section class=\"elementor-section elementor-top-section elementor-element elementor-element-da427d3 elementor-section-boxed elementor-section-height-default elementor-section-height-default\" data-id=\"da427d3\" data-element_type=\"section\" data-settings=\"{&quot;jet_parallax_layout_list&quot;:[]}\">\n\t\t\t\t\t\t<div class=\"elementor-container elementor-column-gap-default\">\n\t\t\t\t\t<div class=\"elementor-column elementor-col-100 elementor-top-column elementor-element elementor-element-5a0ecc1\" data-id=\"5a0ecc1\" data-element_type=\"column\">\n\t\t\t<div class=\"elementor-widget-wrap elementor-element-populated\">\n\t\t\t\t\t\t<div class=\"elementor-element elementor-element-98f01ac elementor-widget elementor-widget-image\" data-id=\"98f01ac\" data-element_type=\"widget\" data-widget_type=\"image.default\">\n\t\t\t\t<div class=\"elementor-widget-container\">\n\t\t\t\t\t\t\t\t\t\t\t\t\t\t\t<img fetchpriority=\"high\" decoding=\"async\" width=\"800\" height=\"450\" src=\"https:\/\/www.sp-ps.ch\/wp-content\/uploads\/2026\/01\/260113_SPS_Klimafonds_Visualisierung_F4_FR_quer-1024x576.png\" class=\"attachment-large size-large wp-image-176670\" alt=\"\" srcset=\"https:\/\/www.sp-ps.ch\/wp-content\/uploads\/2026\/01\/260113_SPS_Klimafonds_Visualisierung_F4_FR_quer-1024x576.png 1024w, https:\/\/www.sp-ps.ch\/wp-content\/uploads\/2026\/01\/260113_SPS_Klimafonds_Visualisierung_F4_FR_quer-300x169.png 300w, https:\/\/www.sp-ps.ch\/wp-content\/uploads\/2026\/01\/260113_SPS_Klimafonds_Visualisierung_F4_FR_quer-768x432.png 768w, https:\/\/www.sp-ps.ch\/wp-content\/uploads\/2026\/01\/260113_SPS_Klimafonds_Visualisierung_F4_FR_quer-1536x864.png 1536w, https:\/\/www.sp-ps.ch\/wp-content\/uploads\/2026\/01\/260113_SPS_Klimafonds_Visualisierung_F4_FR_quer-2048x1152.png 2048w\" sizes=\"(max-width: 800px) 100vw, 800px\" \/>\t\t\t\t\t\t\t\t\t\t\t\t\t\t\t<\/div>\n\t\t\t\t<\/div>\n\t\t\t\t\t<\/div>\n\t\t<\/div>\n\t\t\t\t\t<\/div>\n\t\t<\/section>\n\t\t\t\t<section class=\"elementor-section elementor-top-section elementor-element elementor-element-f80ea56 elementor-section-boxed elementor-section-height-default elementor-section-height-default\" data-id=\"f80ea56\" data-element_type=\"section\" data-settings=\"{&quot;jet_parallax_layout_list&quot;:[]}\">\n\t\t\t\t\t\t<div class=\"elementor-container elementor-column-gap-default\">\n\t\t\t\t\t<div class=\"elementor-column elementor-col-100 elementor-top-column elementor-element elementor-element-5e6b70e\" data-id=\"5e6b70e\" data-element_type=\"column\">\n\t\t\t<div class=\"elementor-widget-wrap elementor-element-populated\">\n\t\t\t\t\t\t<div class=\"elementor-element elementor-element-2f1a9d9 elementor-widget elementor-widget-spps_title_text\" data-id=\"2f1a9d9\" data-element_type=\"widget\" data-widget_type=\"spps_title_text.default\">\n\t\t\t\t<div class=\"elementor-widget-container\">\n\t\t\t\t\t<div class=\"title-text-wrapper wrapper-spacing-default\"><div class=\"title-text-title\"><h2>Oui \u00e0 l\u2019initiative pour un fonds climat ! <\/h2><\/div><div class=\"title-text-container\"><div class=\"title-text-text\"><p>En tant que pays alpin, la Suisse est particuli\u00e8rement touch\u00e9e par les changements climatiques : nos glaciers fondent, les jours de canicule et les \u00e9v\u00e9nements m\u00e9t\u00e9orologiques extr\u00eames sont plus nombreux. En 2023, la population a d\u00e9cid\u00e9 que la Suisse devait atteindre la neutralit\u00e9 climatique d\u2019ici \u00e0 2050. L\u2019initiative pour un fonds climat est la voie \u00e0 suivre pour y parvenir. Elle permet d\u2019investir dans les \u00e9nergies renouvelables, d\u2019assainir les b\u00e2timents et de moderniser la mobilit\u00e9. Ainsi, nous parviendrons pas \u00e0 pas \u00e0 un approvisionnement en \u00e9nergie respectueux de l\u2019environnement, tout en cr\u00e9ant la prosp\u00e9rit\u00e9 et de nouveaux emplois.<\/p>\n<\/div><\/div><\/div>\t\t\t\t<\/div>\n\t\t\t\t<\/div>\n\t\t\t\t<div class=\"elementor-element elementor-element-fd1cceb elementor-widget elementor-widget-spps_title_text\" data-id=\"fd1cceb\" data-element_type=\"widget\" data-widget_type=\"spps_title_text.default\">\n\t\t\t\t<div class=\"elementor-widget-container\">\n\t\t\t\t\t<div class=\"title-text-wrapper wrapper-spacing-default\"><div class=\"title-text-title\"><h2>Nos arguments: <\/h2><\/div><div class=\"title-text-container\"><\/div><\/div>\t\t\t\t<\/div>\n\t\t\t\t<\/div>\n\t\t\t\t<div class=\"elementor-element elementor-element-34cf593 elementor-widget elementor-widget-spps_title_text\" data-id=\"34cf593\" data-element_type=\"widget\" data-widget_type=\"spps_title_text.default\">\n\t\t\t\t<div class=\"elementor-widget-container\">\n\t\t\t\t\t<div class=\"title-text-wrapper wrapper-spacing-small\"><div class=\"title-text-title\"><h3>1. Agir maintenant ! <\/h3><\/div><div class=\"title-text-container\"><div class=\"title-text-text\"><p>Les changements climatiques se font clairement ressentir en Suisse depuis longtemps : la temp\u00e9rature moyenne a d\u00e9j\u00e0 doubl\u00e9 par rapport \u00e0 la moyenne mondiale. La fonte du permafrost cause des glissements de terrain et menace des villages entiers. Les \u00e9v\u00e9nements m\u00e9t\u00e9orologiques extr\u00eames et n\u00e9fastes pour notre sant\u00e9, tels que les s\u00e9cheresses, les fortes pr\u00e9cipitations et les vagues de chaleur, se multiplient. L\u2019initiative pour un fonds climat nous permet d\u2019affronter ces d\u00e9fis.<\/p>\n<\/div><\/div><\/div>\t\t\t\t<\/div>\n\t\t\t\t<\/div>\n\t\t\t\t<div class=\"elementor-element elementor-element-dda1d91 elementor-widget elementor-widget-spps_title_text\" data-id=\"dda1d91\" data-element_type=\"widget\" data-widget_type=\"spps_title_text.default\">\n\t\t\t\t<div class=\"elementor-widget-container\">\n\t\t\t\t\t<div class=\"title-text-wrapper wrapper-spacing-small\"><div class=\"title-text-title\"><h3>2. Moderniser l\u2019infrastructure !<\/h3><\/div><div class=\"title-text-container\"><div class=\"title-text-text\"><p>Gr\u00e2ce au fonds climat, la Conf\u00e9d\u00e9ration investira chaque ann\u00e9e 0,5 \u00e0 1 % du produit int\u00e9rieur brut, soit entre 3,5 et 7 milliards de francs, dans la transformation de notre infrastructure en vue de la moderniser pour les g\u00e9n\u00e9rations actuelles et futures. Le financement ne requiert pas de nouveaux imp\u00f4ts ni de nouvelles taxes. De nombreux propri\u00e9taires et entreprises vont d\u00e9j\u00e0 de l\u2019avant. Gr\u00e2ce au fonds climat, nous soutenons leurs efforts et les mesures d\u00e9j\u00e0 en cours par des investissements cibl\u00e9s :<\/p>\n<ul>\n<li>\u00c9nergies renouvelables : nous encourageons la production d\u2019\u00e9nergie solaire, hydraulique et \u00e9olienne afin d\u2019\u00eatre autosuffisants.<\/li>\n<li>Assainissement des b\u00e2timents : nous rempla\u00e7ons les chauffages au mazout nuisibles au climat par des pompes \u00e0 chaleur modernes, abandonnons le gaz \u00e9tranger et am\u00e9liorons l\u2019efficacit\u00e9 \u00e9nerg\u00e9tique des b\u00e2timents.<\/li>\n<li>Technologies respectueuses du climat : l\u2019industrie b\u00e9n\u00e9ficie d\u2019un soutien pour passer \u00e0 des processus de production plus respectueux de l\u2019environnement.<\/li>\n<li style=\"list-style-type: none;\">\u00a0<\/li>\n<\/ul>\n<p>Pour ce faire, nous investissons \u00e9galement dans la formation du personnel qualifi\u00e9 n\u00e9cessaire et misons sur nos points forts : un p\u00f4le de recherche performant en mati\u00e8re d\u2019innovation et des entreprises solides dans toutes les r\u00e9gions.<\/p>\n<\/div><\/div><\/div>\t\t\t\t<\/div>\n\t\t\t\t<\/div>\n\t\t\t\t<div class=\"elementor-element elementor-element-27fbefc elementor-widget elementor-widget-spps_title_text\" data-id=\"27fbefc\" data-element_type=\"widget\" data-widget_type=\"spps_title_text.default\">\n\t\t\t\t<div class=\"elementor-widget-container\">\n\t\t\t\t\t<div class=\"title-text-wrapper wrapper-spacing-small\"><div class=\"title-text-title\"><h3>3. Assurer notre propre approvisionnement ! <\/h3><\/div><div class=\"title-text-container\"><div class=\"title-text-text\"><p>La Suisse importe chaque ann\u00e9e de l\u2019\u00e9nergie pour environ 8\u00a0milliards de francs. En acceptant l\u2019initiative pour un fonds climat, nous investissons ces milliards en Suisse. En abandonnant le mazout et le gaz, nous devenons ind\u00e9pendants et r\u00e9duisons les \u00e9missions n\u00e9fastes pour le climat. Nos grands-parents et nos parents ont cr\u00e9\u00e9 l\u2019AVS et un r\u00e9seau de transports publics ramifi\u00e9. Le projet de notre g\u00e9n\u00e9ration est d\u2019assurer un avenir ind\u00e9pendant et respectueux du climat.<\/p>\n<\/div><\/div><\/div>\t\t\t\t<\/div>\n\t\t\t\t<\/div>\n\t\t\t\t<div class=\"elementor-element elementor-element-d25e3fd elementor-widget-divider--view-line elementor-widget elementor-widget-divider\" data-id=\"d25e3fd\" data-element_type=\"widget\" data-widget_type=\"divider.default\">\n\t\t\t\t<div class=\"elementor-widget-container\">\n\t\t\t\t\t\t\t<div class=\"elementor-divider\">\n\t\t\t<span class=\"elementor-divider-separator\">\n\t\t\t\t\t\t<\/span>\n\t\t<\/div>\n\t\t\t\t\t\t<\/div>\n\t\t\t\t<\/div>\n\t\t\t\t<div class=\"elementor-element elementor-element-7ee7887 elementor-widget elementor-widget-spps_button_list\" data-id=\"7ee7887\" data-element_type=\"widget\" data-widget_type=\"spps_button_list.default\">\n\t\t\t\t<div class=\"elementor-widget-container\">\n\t\t\t\t\t<div class=\"button-list-wrapper wrapper-spacing-small  \"><div class=\"button-list-container\"><div class=\"button-list-text\"><p>Vous trouverez ici de plus informations sur l'initiative pour un fonds climat:<\/p>\n<\/div><div class=\"button-list-items\"><div class=\"button-list-item\"><div class=\"button-wrapper \"><a href=\"https:\/\/www.sp-ps.ch\/wp-content\/uploads\/2026\/01\/251217_SPS_Klimafonds_Argumentarium_FR.pdf\"  target=\"_blank\" class=\"button-link button-link-default\" >Notre argumentaire<span class=\"button-media-date\">30.04.2026<\/span><\/a><\/div><\/div><div class=\"button-list-item\"><div class=\"button-wrapper \"><a href=\"https:\/\/www.fonds-climat.ch\"  target=\"_blank\" class=\"button-link button-link-default\" >Site web de la campagne fa\u00eeti\u00e8re<span class=\"button-media-date\">30.04.2026<\/span><\/a><\/div><\/div><\/div><\/div><\/div>\t\t\t\t<\/div>\n\t\t\t\t<\/div>\n\t\t\t\t\t<\/div>\n\t\t<\/div>\n\t\t\t\t\t<\/div>\n\t\t<\/section>\n\t\t\t\t<\/div>\n\t\t","protected":false},"excerpt":{"rendered":"<p>Oui \u00e0 l\u2019initiative pour un fonds climat ! En tant que pays alpin, la Suisse est particuli\u00e8rement touch\u00e9e par les changements climatiques : nos glaciers fondent, les jours de canicule [&hellip;]<\/p>\n","protected":false},"author":64,"featured_media":0,"parent":0,"menu_order":0,"comment_status":"closed","ping_status":"closed","template":"","meta":{"footnotes":""},"class_list":["post-176661","page","type-page","status-publish","hentry"],"_links":{"self":[{"href":"https:\/\/www.sp-ps.ch\/fr\/wp-json\/wp\/v2\/pages\/176661","targetHints":{"allow":["GET"]}}],"collection":[{"href":"https:\/\/www.sp-ps.ch\/fr\/wp-json\/wp\/v2\/pages"}],"about":[{"href":"https:\/\/www.sp-ps.ch\/fr\/wp-json\/wp\/v2\/types\/page"}],"author":[{"embeddable":true,"href":"https:\/\/www.sp-ps.ch\/fr\/wp-json\/wp\/v2\/users\/64"}],"replies":[{"embeddable":true,"href":"https:\/\/www.sp-ps.ch\/fr\/wp-json\/wp\/v2\/comments?post=176661"}],"version-history":[{"count":7,"href":"https:\/\/www.sp-ps.ch\/fr\/wp-json\/wp\/v2\/pages\/176661\/revisions"}],"predecessor-version":[{"id":176673,"href":"https:\/\/www.sp-ps.ch\/fr\/wp-json\/wp\/v2\/pages\/176661\/revisions\/176673"}],"wp:attachment":[{"href":"https:\/\/www.sp-ps.ch\/fr\/wp-json\/wp\/v2\/media?parent=176661"}],"curies":[{"name":"wp","href":"https:\/\/api.w.org\/{rel}","templated":true}]}}

<div data-elementor-type="wp-page" data-elementor-id="176661" class="elementor elementor-176661 elementor-176429" data-elementor-post-type="page">
						<section class="elementor-section elementor-top-section elementor-element elementor-element-da427d3 elementor-section-boxed elementor-section-height-default elementor-section-height-default" data-id="da427d3" data-element_type="section" data-settings="{&quot;jet_parallax_layout_list&quot;:[]}">
						<div class="elementor-container elementor-column-gap-default">
					<div class="elementor-column elementor-col-100 elementor-top-column elementor-element elementor-element-5a0ecc1" data-id="5a0ecc1" data-element_type="column">
			<div class="elementor-widget-wrap elementor-element-populated">
						<div class="elementor-element elementor-element-98f01ac elementor-widget elementor-widget-image" data-id="98f01ac" data-element_type="widget" data-widget_type="image.default">
				<div class="elementor-widget-container">
															<img fetchpriority="high" decoding="async" width="800" height="450" src="https://www.sp-ps.ch/wp-content/uploads/2026/01/260113_SPS_Klimafonds_Visualisierung_F4_FR_quer-1024x576.png" class="attachment-large size-large wp-image-176670" alt="" srcset="https://www.sp-ps.ch/wp-content/uploads/2026/01/260113_SPS_Klimafonds_Visualisierung_F4_FR_quer-1024x576.png 1024w, https://www.sp-ps.ch/wp-content/uploads/2026/01/260113_SPS_Klimafonds_Visualisierung_F4_FR_quer-300x169.png 300w, https://www.sp-ps.ch/wp-content/uploads/2026/01/260113_SPS_Klimafonds_Visualisierung_F4_FR_quer-768x432.png 768w, https://www.sp-ps.ch/wp-content/uploads/2026/01/260113_SPS_Klimafonds_Visualisierung_F4_FR_quer-1536x864.png 1536w, https://www.sp-ps.ch/wp-content/uploads/2026/01/260113_SPS_Klimafonds_Visualisierung_F4_FR_quer-2048x1152.png 2048w" sizes="(max-width: 800px) 100vw, 800px" />															</div>
				</div>
					</div>
		</div>
					</div>
		</section>
				<section class="elementor-section elementor-top-section elementor-element elementor-element-f80ea56 elementor-section-boxed elementor-section-height-default elementor-section-height-default" data-id="f80ea56" data-element_type="section" data-settings="{&quot;jet_parallax_layout_list&quot;:[]}">
						<div class="elementor-container elementor-column-gap-default">
					<div class="elementor-column elementor-col-100 elementor-top-column elementor-element elementor-element-5e6b70e" data-id="5e6b70e" data-element_type="column">
			<div class="elementor-widget-wrap elementor-element-populated">
						<div class="elementor-element elementor-element-2f1a9d9 elementor-widget elementor-widget-spps_title_text" data-id="2f1a9d9" data-element_type="widget" data-widget_type="spps_title_text.default">
				<div class="elementor-widget-container">
					<div class="title-text-wrapper wrapper-spacing-default"><div class="title-text-title"><h2>Oui à l’initiative pour un fonds climat ! </h2></div><div class="title-text-container"><div class="title-text-text"><p>En tant que pays alpin, la Suisse est particulièrement touchée par les changements climatiques : nos glaciers fondent, les jours de canicule et les événements météorologiques extrêmes sont plus nombreux. En 2023, la population a décidé que la Suisse devait atteindre la neutralité climatique d’ici à 2050. L’initiative pour un fonds climat est la voie à suivre pour y parvenir. Elle permet d’investir dans les énergies renouvelables, d’assainir les bâtiments et de moderniser la mobilité. Ainsi, nous parviendrons pas à pas à un approvisionnement en énergie respectueux de l’environnement, tout en créant la prospérité et de nouveaux emplois.</p>
</div></div></div>				</div>
				</div>
				<div class="elementor-element elementor-element-fd1cceb elementor-widget elementor-widget-spps_title_text" data-id="fd1cceb" data-element_type="widget" data-widget_type="spps_title_text.default">
				<div class="elementor-widget-container">
					<div class="title-text-wrapper wrapper-spacing-default"><div class="title-text-title"><h2>Nos arguments: </h2></div><div class="title-text-container"></div></div>				</div>
				</div>
				<div class="elementor-element elementor-element-34cf593 elementor-widget elementor-widget-spps_title_text" data-id="34cf593" data-element_type="widget" data-widget_type="spps_title_text.default">
				<div class="elementor-widget-container">
					<div class="title-text-wrapper wrapper-spacing-small"><div class="title-text-title"><h3>1. Agir maintenant ! </h3></div><div class="title-text-container"><div class="title-text-text"><p>Les changements climatiques se font clairement ressentir en Suisse depuis longtemps : la température moyenne a déjà doublé par rapport à la moyenne mondiale. La fonte du permafrost cause des glissements de terrain et menace des villages entiers. Les événements météorologiques extrêmes et néfastes pour notre santé, tels que les sécheresses, les fortes précipitations et les vagues de chaleur, se multiplient. L’initiative pour un fonds climat nous permet d’affronter ces défis.</p>
</div></div></div>				</div>
				</div>
				<div class="elementor-element elementor-element-dda1d91 elementor-widget elementor-widget-spps_title_text" data-id="dda1d91" data-element_type="widget" data-widget_type="spps_title_text.default">
				<div class="elementor-widget-container">
					<div class="title-text-wrapper wrapper-spacing-small"><div class="title-text-title"><h3>2. Moderniser l’infrastructure !</h3></div><div class="title-text-container"><div class="title-text-text"><p>Grâce au fonds climat, la Confédération investira chaque année 0,5 à 1 % du produit intérieur brut, soit entre 3,5 et 7 milliards de francs, dans la transformation de notre infrastructure en vue de la moderniser pour les générations actuelles et futures. Le financement ne requiert pas de nouveaux impôts ni de nouvelles taxes. De nombreux propriétaires et entreprises vont déjà de l’avant. Grâce au fonds climat, nous soutenons leurs efforts et les mesures déjà en cours par des investissements ciblés :</p>
<ul>
<li>Énergies renouvelables : nous encourageons la production d’énergie solaire, hydraulique et éolienne afin d’être autosuffisants.</li>
<li>Assainissement des bâtiments : nous remplaçons les chauffages au mazout nuisibles au climat par des pompes à chaleur modernes, abandonnons le gaz étranger et améliorons l’efficacité énergétique des bâtiments.</li>
<li>Technologies respectueuses du climat : l’industrie bénéficie d’un soutien pour passer à des processus de production plus respectueux de l’environnement.</li>
<li style="list-style-type: none;"> </li>
</ul>
<p>Pour ce faire, nous investissons également dans la formation du personnel qualifié nécessaire et misons sur nos points forts : un pôle de recherche performant en matière d’innovation et des entreprises solides dans toutes les régions.</p>
</div></div></div>				</div>
				</div>
				<div class="elementor-element elementor-element-27fbefc elementor-widget elementor-widget-spps_title_text" data-id="27fbefc" data-element_type="widget" data-widget_type="spps_title_text.default">
				<div class="elementor-widget-container">
					<div class="title-text-wrapper wrapper-spacing-small"><div class="title-text-title"><h3>3. Assurer notre propre approvisionnement ! </h3></div><div class="title-text-container"><div class="title-text-text"><p>La Suisse importe chaque année de l’énergie pour environ 8 milliards de francs. En acceptant l’initiative pour un fonds climat, nous investissons ces milliards en Suisse. En abandonnant le mazout et le gaz, nous devenons indépendants et réduisons les émissions néfastes pour le climat. Nos grands-parents et nos parents ont créé l’AVS et un réseau de transports publics ramifié. Le projet de notre génération est d’assurer un avenir indépendant et respectueux du climat.</p>
</div></div></div>				</div>
				</div>
				<div class="elementor-element elementor-element-d25e3fd elementor-widget-divider--view-line elementor-widget elementor-widget-divider" data-id="d25e3fd" data-element_type="widget" data-widget_type="divider.default">
				<div class="elementor-widget-container">
							<div class="elementor-divider">
			<span class="elementor-divider-separator">
						</span>
		</div>
						</div>
				</div>
				<div class="elementor-element elementor-element-7ee7887 elementor-widget elementor-widget-spps_button_list" data-id="7ee7887" data-element_type="widget" data-widget_type="spps_button_list.default">
				<div class="elementor-widget-container">
					<div class="button-list-wrapper wrapper-spacing-small  "><div class="button-list-container"><div class="button-list-text"><p>Vous trouverez ici de plus informations sur l'initiative pour un fonds climat:</p>
</div><div class="button-list-items"><div class="button-list-item"><div class="button-wrapper "><a href="https://www.sp-ps.ch/wp-content/uploads/2026/01/251217_SPS_Klimafonds_Argumentarium_FR.pdf"  target="_blank" class="button-link button-link-default" >Notre argumentaire<span class="button-media-date">30.04.2026</span></a></div></div><div class="button-list-item"><div class="button-wrapper "><a href="https://www.fonds-climat.ch"  target="_blank" class="button-link button-link-default" >Site web de la campagne faîtière<span class="button-media-date">30.04.2026</span></a></div></div></div></div></div>				</div>
				</div>
					</div>
		</div>
					</div>
		</section>
				</div>

<p>Oui à l’initiative pour un fonds climat ! En tant que pays alpin, la Suisse est particulièrement touchée par les changements climatiques : nos glaciers fondent, les jours de canicule [&hellip;]</p>
