{"id":67297,"date":"2015-08-26T00:00:00","date_gmt":"2015-08-25T22:00:00","guid":{"rendered":"https:\/\/test.sp-ps.ch\/elire-cest-choisir\/"},"modified":"2015-08-26T00:00:00","modified_gmt":"2015-08-25T22:00:00","slug":"elire-cest-choisir","status":"publish","type":"page","link":"https:\/\/www.sp-ps.ch\/fr\/elire-cest-choisir\/","title":{"rendered":"\u00c9lire, c\u2019est choisir !"},"content":{"rendered":"\t\t<div data-elementor-type=\"wp-post\" data-elementor-id=\"67297\" class=\"elementor elementor-67297 elementor-66957\" data-elementor-post-type=\"page\">\n\t\t\t\t\t\t<section class=\"elementor-section elementor-top-section elementor-element elementor-element-62f6b33f0d8dc elementor-section-boxed elementor-section-height-default elementor-section-height-default\" data-id=\"62f6b33f0d8dc\" data-element_type=\"section\" data-settings=\"{&quot;jet_parallax_layout_list&quot;:[],&quot;background_background&quot;:&quot;classic&quot;}\">\n\t\t\t\t\t\t<div class=\"elementor-container elementor-column-gap-wide\">\n\t\t\t\t\t<div class=\"elementor-column elementor-col-100 elementor-top-column elementor-element elementor-element-62f6b33f0d8dd\" data-id=\"62f6b33f0d8dd\" data-element_type=\"column\">\n\t\t\t<div class=\"elementor-widget-wrap elementor-element-populated\">\n\t\t\t\t\t\t<div class=\"elementor-element elementor-element-62f6b33f0d84f elementor-widget elementor-widget-heading\" data-id=\"62f6b33f0d84f\" data-element_type=\"widget\" data-widget_type=\"heading.default\">\n\t\t\t\t<div class=\"elementor-widget-container\">\n\t\t\t\t\t<h1 class=\"elementor-heading-title elementor-size-default\">\u00c9lire, c\u2019est choisir !<\/h1>\t\t\t\t<\/div>\n\t\t\t\t<\/div>\n\t\t\t\t<div class=\"elementor-element elementor-element-62f6b33f0d8c2 elementor-widget elementor-widget-jet-breadcrumbs\" data-id=\"62f6b33f0d8c2\" data-element_type=\"widget\" data-widget_type=\"jet-breadcrumbs.default\">\n\t\t\t\t<div class=\"elementor-widget-container\">\n\t\t\t\t\t<div class=\"elementor-jet-breadcrumbs jet-blocks\">\n\t\t<div class=\"jet-breadcrumbs\">\n\t\t<div class=\"jet-breadcrumbs__content\">\n\t\t<div class=\"jet-breadcrumbs__wrap\">\n\t\t<\/div>\n\t\t<\/div>\n\t\t<\/div><\/div>\t\t\t\t<\/div>\n\t\t\t\t<\/div>\n\t\t\t\t<div class=\"elementor-element elementor-element-62f6b33f0d8d9 elementor-widget__width-initial elementor-widget elementor-widget-text-editor\" data-id=\"62f6b33f0d8d9\" data-element_type=\"widget\" data-widget_type=\"text-editor.default\">\n\t\t\t\t<div class=\"elementor-widget-container\">\n\t\t\t\t\t\t\t\t\tLes \u00e9lections au Conseil national et au Conseil des Etats auront lieu le 18 octobre. Il s\u2019agit l\u00e0 d\u2019une \u00e9lection importante pour notre pays. Voulons-nous nous isoler encore un peu plus de l\u2019Europe et du reste du monde? Voulons-nous que les multinationales et les plus riches continuent de b\u00e9n\u00e9ficier de traitements de faveur? Notre r\u00e9ponse est non. Ce que nous voulons, c\u2019est distribuer plus justement les richesses, qui sont acquises  gr\u00e2ce au travail de toutes et tous. La Suisse est forte si chacun-e prosp\u00e8re, et non seulement une poign\u00e9e de privil\u00e9gi\u00e9-e-s.\t\t\t\t\t\t\t\t<\/div>\n\t\t\t\t<\/div>\n\t\t\t\t\t<\/div>\n\t\t<\/div>\n\t\t\t\t\t<\/div>\n\t\t<\/section>\n\t\t\t\t<section class=\"elementor-section elementor-top-section elementor-element elementor-element-62f6b33f0d8df elementor-section-boxed elementor-section-height-default elementor-section-height-default\" data-id=\"62f6b33f0d8df\" data-element_type=\"section\" data-settings=\"{&quot;jet_parallax_layout_list&quot;:[]}\">\n\t\t\t\t\t\t<div class=\"elementor-container elementor-column-gap-default\">\n\t\t\t\t\t<div class=\"elementor-column elementor-col-100 elementor-top-column elementor-element elementor-element-62f6b33f0d8e0\" data-id=\"62f6b33f0d8e0\" data-element_type=\"column\">\n\t\t\t<div class=\"elementor-widget-wrap elementor-element-populated\">\n\t\t\t\t\t\t<div class=\"elementor-element elementor-element-62f6b33f0d8e1 elementor-widget elementor-widget-spacer\" data-id=\"62f6b33f0d8e1\" data-element_type=\"widget\" data-widget_type=\"spacer.default\">\n\t\t\t\t<div class=\"elementor-widget-container\">\n\t\t\t\t\t\t\t<div class=\"elementor-spacer\">\n\t\t\t<div class=\"elementor-spacer-inner\"><\/div>\n\t\t<\/div>\n\t\t\t\t\t\t<\/div>\n\t\t\t\t<\/div>\n\t\t\t\t\t<\/div>\n\t\t<\/div>\n\t\t\t\t\t<\/div>\n\t\t<\/section>\n\t\t\t\t<section class=\"elementor-section elementor-top-section elementor-element elementor-element-62f6b33f0d8e2 elementor-section-boxed elementor-section-height-default elementor-section-height-default\" data-id=\"62f6b33f0d8e2\" data-element_type=\"section\" data-settings=\"{&quot;jet_parallax_layout_list&quot;:[]}\">\n\t\t\t\t\t\t<div class=\"elementor-container elementor-column-gap-no\">\n\t\t\t\t\t<div class=\"elementor-column elementor-col-100 elementor-top-column elementor-element elementor-element-62f6b33f0d8e3\" data-id=\"62f6b33f0d8e3\" data-element_type=\"column\">\n\t\t\t<div class=\"elementor-widget-wrap elementor-element-populated\">\n\t\t\t\t\t\t<div class=\"elementor-element elementor-element-62f6b33ee39dc elementor-widget elementor-widget-text-editor\" data-id=\"62f6b33ee39dc\" data-element_type=\"widget\" data-widget_type=\"text-editor.default\">\n\t\t\t\t<div class=\"elementor-widget-container\">\n\t\t\t\t\t\t\t\t\t<p><strong>Loyers abordables pour toutes et tous<\/strong><br>Nous nous engageons pour des logements et des espaces commerciaux &agrave; loyers abordables pour toutes et tous. A cause de la sp&eacute;culation immobili&egrave;re, les prix des terrains et des loyers augmentent sans cesse. Nous voulons mettre fin &agrave; cette dangereuse &eacute;volution.&nbsp;<p><strong>Droits civiques et participation politique pour toutes et tous<\/strong><br>Toutes les personnes qui payent des imp&ocirc;ts en Suisse doivent, en contrepartie, pouvoir se prononcer sur la conduite du pays et jouir de tous les droits civiques, &nbsp;peu importe d&rsquo;o&ugrave; ils viennent.<\/p><p><strong>Non au racisme et &agrave; la discrimination<\/strong><br>Les migrantes et migrants continuent d&rsquo;&ecirc;tre discrimin&eacute;-e-s dans beaucoup de domaines de la soci&eacute;t&eacute; comme le march&eacute; du travail, la recherche d&rsquo;un logement ou les questions d&rsquo;assurances. Nous nous battons pour plus d&rsquo;&eacute;galit&eacute;.<\/p><p><strong>Solidarit&eacute; internationale, paix et d&eacute;mocratie<\/strong><br>Depuis longtemps d&eacute;j&agrave;, les entreprises et le capital sont actifs internationalement. Face &agrave; cet &eacute;tat de fait, il est temps de faire preuve d&rsquo;un engagement solidaire et international afin de contrer les aspects n&eacute;gatifs de la globalisation. Les personnes dont la vie et l&rsquo;int&eacute;grit&eacute; physique sont en danger doivent pouvoir compter sur une politique suisse d&rsquo;asile humaine.<\/p><\/p>\n\t\t\t\t\t\t\t\t<\/div>\n\t\t\t\t<\/div>\n\t\t\t\t<div class=\"elementor-element elementor-element-62f6b33f09d85 elementor-widget elementor-widget-spps_button_list\" data-id=\"62f6b33f09d85\" data-element_type=\"widget\" data-widget_type=\"spps_button_list.default\">\n\t\t\t\t<div class=\"elementor-widget-container\">\n\t\t\t\t\t<div class=\"button-list-wrapper wrapper-spacing-small  \"><div class=\"button-list-container\"><div class=\"button-list-items\"><div class=\"button-list-item\"><div class=\"button-wrapper \"><a href=\"http:\/\/www.sp-ps.ch\/fr\/publications\/communiques-de-presse\/78-binationaux-de-33-pays-les-listes-ps-nauront-jamais-affiche\"  target=\"_self\" class=\"button-link button-link-default\" >Communiqu\u00e9 'les listes PS n\u2019auront jamais affich\u00e9 autant de diversit\u00e9'<span class=\"button-media-date\">01.05.2026<\/span><\/a><\/div><\/div><div class=\"button-list-item\"><div class=\"button-wrapper \"><a href=\"https:\/\/www.sp-ps.ch\/wp-content\/uploads\/2015\/08\/a5_migrantinnen_franzosisch_web.pdf\"  target=\"_self\" class=\"button-link button-link-default\" >Flyer du PS migrant-e-s (version fran\u00e7aise)<span class=\"button-media-date\">01.05.2026<\/span><\/a><\/div><\/div><div class=\"button-list-item\"><div class=\"button-wrapper \"><a href=\"https:\/\/www.sp-ps.ch\/wp-content\/uploads\/2015\/08\/ps-migrant-e-s_manifeste-electorale-2015_f_def_0.pdf\"  target=\"_self\" class=\"button-link button-link-default\" >PS Migrant-e-s manifeste \u00e9lectorale<span class=\"button-media-date\">01.05.2026<\/span><\/a><\/div><\/div><\/div><\/div><\/div>\t\t\t\t<\/div>\n\t\t\t\t<\/div>\n\t\t\t\t\t<\/div>\n\t\t<\/div>\n\t\t\t\t\t<\/div>\n\t\t<\/section>\n\t\t\t\t<\/div>\n\t\t","protected":false},"excerpt":{"rendered":"","protected":false},"author":1,"featured_media":64402,"parent":0,"menu_order":0,"comment_status":"open","ping_status":"closed","template":"","meta":{"footnotes":""},"class_list":["post-67297","page","type-page","status-publish","has-post-thumbnail","hentry"],"_links":{"self":[{"href":"https:\/\/www.sp-ps.ch\/fr\/wp-json\/wp\/v2\/pages\/67297","targetHints":{"allow":["GET"]}}],"collection":[{"href":"https:\/\/www.sp-ps.ch\/fr\/wp-json\/wp\/v2\/pages"}],"about":[{"href":"https:\/\/www.sp-ps.ch\/fr\/wp-json\/wp\/v2\/types\/page"}],"author":[{"embeddable":true,"href":"https:\/\/www.sp-ps.ch\/fr\/wp-json\/wp\/v2\/users\/1"}],"replies":[{"embeddable":true,"href":"https:\/\/www.sp-ps.ch\/fr\/wp-json\/wp\/v2\/comments?post=67297"}],"version-history":[{"count":0,"href":"https:\/\/www.sp-ps.ch\/fr\/wp-json\/wp\/v2\/pages\/67297\/revisions"}],"wp:featuredmedia":[{"embeddable":true,"href":"https:\/\/www.sp-ps.ch\/fr\/wp-json\/wp\/v2\/media\/64402"}],"wp:attachment":[{"href":"https:\/\/www.sp-ps.ch\/fr\/wp-json\/wp\/v2\/media?parent=67297"}],"curies":[{"name":"wp","href":"https:\/\/api.w.org\/{rel}","templated":true}]}}

Élire, c’est choisir !

<div data-elementor-type="wp-post" data-elementor-id="67297" class="elementor elementor-67297 elementor-66957" data-elementor-post-type="page">
						<section class="elementor-section elementor-top-section elementor-element elementor-element-62f6b33f0d8dc elementor-section-boxed elementor-section-height-default elementor-section-height-default" data-id="62f6b33f0d8dc" data-element_type="section" data-settings="{&quot;jet_parallax_layout_list&quot;:[],&quot;background_background&quot;:&quot;classic&quot;}">
						<div class="elementor-container elementor-column-gap-wide">
					<div class="elementor-column elementor-col-100 elementor-top-column elementor-element elementor-element-62f6b33f0d8dd" data-id="62f6b33f0d8dd" data-element_type="column">
			<div class="elementor-widget-wrap elementor-element-populated">
						<div class="elementor-element elementor-element-62f6b33f0d84f elementor-widget elementor-widget-heading" data-id="62f6b33f0d84f" data-element_type="widget" data-widget_type="heading.default">
				<div class="elementor-widget-container">
					<h1 class="elementor-heading-title elementor-size-default">Élire, c’est choisir !</h1>				</div>
				</div>
				<div class="elementor-element elementor-element-62f6b33f0d8c2 elementor-widget elementor-widget-jet-breadcrumbs" data-id="62f6b33f0d8c2" data-element_type="widget" data-widget_type="jet-breadcrumbs.default">
				<div class="elementor-widget-container">
					<div class="elementor-jet-breadcrumbs jet-blocks">
		<div class="jet-breadcrumbs">
		<div class="jet-breadcrumbs__content">
		<div class="jet-breadcrumbs__wrap">
		</div>
		</div>
		</div></div>				</div>
				</div>
				<div class="elementor-element elementor-element-62f6b33f0d8d9 elementor-widget__width-initial elementor-widget elementor-widget-text-editor" data-id="62f6b33f0d8d9" data-element_type="widget" data-widget_type="text-editor.default">
				<div class="elementor-widget-container">
									Les élections au Conseil national et au Conseil des Etats auront lieu le 18 octobre. Il s’agit là d’une élection importante pour notre pays. Voulons-nous nous isoler encore un peu plus de l’Europe et du reste du monde? Voulons-nous que les multinationales et les plus riches continuent de bénéficier de traitements de faveur? Notre réponse est non. Ce que nous voulons, c’est distribuer plus justement les richesses, qui sont acquises  grâce au travail de toutes et tous. La Suisse est forte si chacun-e prospère, et non seulement une poignée de privilégié-e-s.								</div>
				</div>
					</div>
		</div>
					</div>
		</section>
				<section class="elementor-section elementor-top-section elementor-element elementor-element-62f6b33f0d8df elementor-section-boxed elementor-section-height-default elementor-section-height-default" data-id="62f6b33f0d8df" data-element_type="section" data-settings="{&quot;jet_parallax_layout_list&quot;:[]}">
						<div class="elementor-container elementor-column-gap-default">
					<div class="elementor-column elementor-col-100 elementor-top-column elementor-element elementor-element-62f6b33f0d8e0" data-id="62f6b33f0d8e0" data-element_type="column">
			<div class="elementor-widget-wrap elementor-element-populated">
						<div class="elementor-element elementor-element-62f6b33f0d8e1 elementor-widget elementor-widget-spacer" data-id="62f6b33f0d8e1" data-element_type="widget" data-widget_type="spacer.default">
				<div class="elementor-widget-container">
							<div class="elementor-spacer">
			<div class="elementor-spacer-inner"></div>
		</div>
						</div>
				</div>
					</div>
		</div>
					</div>
		</section>
				<section class="elementor-section elementor-top-section elementor-element elementor-element-62f6b33f0d8e2 elementor-section-boxed elementor-section-height-default elementor-section-height-default" data-id="62f6b33f0d8e2" data-element_type="section" data-settings="{&quot;jet_parallax_layout_list&quot;:[]}">
						<div class="elementor-container elementor-column-gap-no">
					<div class="elementor-column elementor-col-100 elementor-top-column elementor-element elementor-element-62f6b33f0d8e3" data-id="62f6b33f0d8e3" data-element_type="column">
			<div class="elementor-widget-wrap elementor-element-populated">
						<div class="elementor-element elementor-element-62f6b33ee39dc elementor-widget elementor-widget-text-editor" data-id="62f6b33ee39dc" data-element_type="widget" data-widget_type="text-editor.default">
				<div class="elementor-widget-container">
									<p><strong>Loyers abordables pour toutes et tous</strong><br>Nous nous engageons pour des logements et des espaces commerciaux &agrave; loyers abordables pour toutes et tous. A cause de la sp&eacute;culation immobili&egrave;re, les prix des terrains et des loyers augmentent sans cesse. Nous voulons mettre fin &agrave; cette dangereuse &eacute;volution.&nbsp;<p><strong>Droits civiques et participation politique pour toutes et tous</strong><br>Toutes les personnes qui payent des imp&ocirc;ts en Suisse doivent, en contrepartie, pouvoir se prononcer sur la conduite du pays et jouir de tous les droits civiques, &nbsp;peu importe d&rsquo;o&ugrave; ils viennent.</p><p><strong>Non au racisme et &agrave; la discrimination</strong><br>Les migrantes et migrants continuent d&rsquo;&ecirc;tre discrimin&eacute;-e-s dans beaucoup de domaines de la soci&eacute;t&eacute; comme le march&eacute; du travail, la recherche d&rsquo;un logement ou les questions d&rsquo;assurances. Nous nous battons pour plus d&rsquo;&eacute;galit&eacute;.</p><p><strong>Solidarit&eacute; internationale, paix et d&eacute;mocratie</strong><br>Depuis longtemps d&eacute;j&agrave;, les entreprises et le capital sont actifs internationalement. Face &agrave; cet &eacute;tat de fait, il est temps de faire preuve d&rsquo;un engagement solidaire et international afin de contrer les aspects n&eacute;gatifs de la globalisation. Les personnes dont la vie et l&rsquo;int&eacute;grit&eacute; physique sont en danger doivent pouvoir compter sur une politique suisse d&rsquo;asile humaine.</p></p>
								</div>
				</div>
				<div class="elementor-element elementor-element-62f6b33f09d85 elementor-widget elementor-widget-spps_button_list" data-id="62f6b33f09d85" data-element_type="widget" data-widget_type="spps_button_list.default">
				<div class="elementor-widget-container">
					<div class="button-list-wrapper wrapper-spacing-small  "><div class="button-list-container"><div class="button-list-items"><div class="button-list-item"><div class="button-wrapper "><a href="http://www.sp-ps.ch/fr/publications/communiques-de-presse/78-binationaux-de-33-pays-les-listes-ps-nauront-jamais-affiche"  target="_self" class="button-link button-link-default" >Communiqué 'les listes PS n’auront jamais affiché autant de diversité'<span class="button-media-date">01.05.2026</span></a></div></div><div class="button-list-item"><div class="button-wrapper "><a href="https://www.sp-ps.ch/wp-content/uploads/2015/08/a5_migrantinnen_franzosisch_web.pdf"  target="_self" class="button-link button-link-default" >Flyer du PS migrant-e-s (version française)<span class="button-media-date">01.05.2026</span></a></div></div><div class="button-list-item"><div class="button-wrapper "><a href="https://www.sp-ps.ch/wp-content/uploads/2015/08/ps-migrant-e-s_manifeste-electorale-2015_f_def_0.pdf"  target="_self" class="button-link button-link-default" >PS Migrant-e-s manifeste électorale<span class="button-media-date">01.05.2026</span></a></div></div></div></div></div>				</div>
				</div>
					</div>
		</div>
					</div>
		</section>
				</div>
