{"id":67330,"date":"2015-12-22T00:00:00","date_gmt":"2015-12-21T23:00:00","guid":{"rendered":"https:\/\/test.sp-ps.ch\/non-a-linitiative-dangereuse-de-mise-en-oeuvre\/"},"modified":"2015-12-22T00:00:00","modified_gmt":"2015-12-21T23:00:00","slug":"non-a-linitiative-dangereuse-de-mise-en-oeuvre","status":"publish","type":"page","link":"https:\/\/www.sp-ps.ch\/fr\/non-a-linitiative-dangereuse-de-mise-en-oeuvre\/","title":{"rendered":"Non \u00e0 l&#8217;initiative dangereuse de &#8220;mise en \u0153uvre&#8221;"},"content":{"rendered":"\t\t<div data-elementor-type=\"wp-post\" data-elementor-id=\"67330\" class=\"elementor elementor-67330 elementor-66940\" data-elementor-post-type=\"page\">\n\t\t\t\t\t\t<section class=\"elementor-section elementor-top-section elementor-element elementor-element-62f6b3652ce9a elementor-section-boxed elementor-section-height-default elementor-section-height-default\" data-id=\"62f6b3652ce9a\" data-element_type=\"section\" data-settings=\"{&quot;jet_parallax_layout_list&quot;:[],&quot;background_background&quot;:&quot;classic&quot;}\">\n\t\t\t\t\t\t<div class=\"elementor-container elementor-column-gap-wide\">\n\t\t\t\t\t<div class=\"elementor-column elementor-col-100 elementor-top-column elementor-element elementor-element-62f6b3652ce9b\" data-id=\"62f6b3652ce9b\" data-element_type=\"column\">\n\t\t\t<div class=\"elementor-widget-wrap elementor-element-populated\">\n\t\t\t\t\t\t<div class=\"elementor-element elementor-element-62f6b3652cd58 elementor-widget elementor-widget-heading\" data-id=\"62f6b3652cd58\" data-element_type=\"widget\" data-widget_type=\"heading.default\">\n\t\t\t\t<div class=\"elementor-widget-container\">\n\t\t\t\t\t<h1 class=\"elementor-heading-title elementor-size-default\">Non \u00e0 l&#8217;initiative dangereuse de &#8220;mise en \u0153uvre&#8221;<\/h1>\t\t\t\t<\/div>\n\t\t\t\t<\/div>\n\t\t\t\t<div class=\"elementor-element elementor-element-62f6b3652ce81 elementor-widget elementor-widget-jet-breadcrumbs\" data-id=\"62f6b3652ce81\" data-element_type=\"widget\" data-widget_type=\"jet-breadcrumbs.default\">\n\t\t\t\t<div class=\"elementor-widget-container\">\n\t\t\t\t\t<div class=\"elementor-jet-breadcrumbs jet-blocks\">\n\t\t<div class=\"jet-breadcrumbs\">\n\t\t<div class=\"jet-breadcrumbs__content\">\n\t\t<div class=\"jet-breadcrumbs__wrap\">\n\t\t<\/div>\n\t\t<\/div>\n\t\t<\/div><\/div>\t\t\t\t<\/div>\n\t\t\t\t<\/div>\n\t\t\t\t<div class=\"elementor-element elementor-element-62f6b3652ce97 elementor-widget__width-initial elementor-widget elementor-widget-text-editor\" data-id=\"62f6b3652ce97\" data-element_type=\"widget\" data-widget_type=\"text-editor.default\">\n\t\t\t\t<div class=\"elementor-widget-container\">\n\t\t\t\t\t\t\t\t\tDe nombreux partis et organisations issus des diverses communaut\u00e9s de Suisse se sont r\u00e9unis pour lutter ensemble contre l\u2019initiative inhumaine et dangereuse de \u00ab\u2009mise en \u0153uvre\u2009\u00bb. Ces partis ou organisations viennent des communaut\u00e9s albanaise, al\u00e9vie, allemande, arabe, espagnole, fran\u00e7aise, italienne, kurde, portugaise, serbe-slov\u00e8ne-croate-bosnienne, tamoule et turque.\t\t\t\t\t\t\t\t<\/div>\n\t\t\t\t<\/div>\n\t\t\t\t\t<\/div>\n\t\t<\/div>\n\t\t\t\t\t<\/div>\n\t\t<\/section>\n\t\t\t\t<section class=\"elementor-section elementor-top-section elementor-element elementor-element-62f6b3652ce9d elementor-section-boxed elementor-section-height-default elementor-section-height-default\" data-id=\"62f6b3652ce9d\" data-element_type=\"section\" data-settings=\"{&quot;jet_parallax_layout_list&quot;:[]}\">\n\t\t\t\t\t\t<div class=\"elementor-container elementor-column-gap-default\">\n\t\t\t\t\t<div class=\"elementor-column elementor-col-100 elementor-top-column elementor-element elementor-element-62f6b3652ce9e\" data-id=\"62f6b3652ce9e\" data-element_type=\"column\">\n\t\t\t<div class=\"elementor-widget-wrap elementor-element-populated\">\n\t\t\t\t\t\t<div class=\"elementor-element elementor-element-62f6b3652ce9f elementor-widget elementor-widget-spacer\" data-id=\"62f6b3652ce9f\" data-element_type=\"widget\" data-widget_type=\"spacer.default\">\n\t\t\t\t<div class=\"elementor-widget-container\">\n\t\t\t\t\t\t\t<div class=\"elementor-spacer\">\n\t\t\t<div class=\"elementor-spacer-inner\"><\/div>\n\t\t<\/div>\n\t\t\t\t\t\t<\/div>\n\t\t\t\t<\/div>\n\t\t\t\t\t<\/div>\n\t\t<\/div>\n\t\t\t\t\t<\/div>\n\t\t<\/section>\n\t\t\t\t<section class=\"elementor-section elementor-top-section elementor-element elementor-element-62f6b3652cea1 elementor-section-boxed elementor-section-height-default elementor-section-height-default\" data-id=\"62f6b3652cea1\" data-element_type=\"section\" data-settings=\"{&quot;jet_parallax_layout_list&quot;:[]}\">\n\t\t\t\t\t\t<div class=\"elementor-container elementor-column-gap-no\">\n\t\t\t\t\t<div class=\"elementor-column elementor-col-100 elementor-top-column elementor-element elementor-element-62f6b3652cea2\" data-id=\"62f6b3652cea2\" data-element_type=\"column\">\n\t\t\t<div class=\"elementor-widget-wrap elementor-element-populated\">\n\t\t\t\t\t\t<div class=\"elementor-element elementor-element-62f6b3651ba3a elementor-widget elementor-widget-text-editor\" data-id=\"62f6b3651ba3a\" data-element_type=\"widget\" data-widget_type=\"text-editor.default\">\n\t\t\t\t<div class=\"elementor-widget-container\">\n\t\t\t\t\t\t\t\t\t<h3>Automatisme m&eacute;prisant le droit de s&eacute;jour de plus de deux millions de personnes<p>L&rsquo;initiative de &laquo;&thinsp;mise en &oelig;uvre&thinsp;&raquo; menace le droit de s&eacute;jour de plus de 2 millions de personnes qui vivent et travaillent en Suisse mais ne disposent pas d&rsquo;un passeport suisse. Elles doivent &ecirc;tre expuls&eacute;es automatiquement et sans &eacute;gard aux circonstances m&ecirc;me en cas de d&eacute;lit mineur &ndash; m&ecirc;me si elles sont n&eacute;es ou ont grandi en Suisse. Les &laquo;&thinsp;secondos&thinsp;&raquo; et les &laquo;&thinsp;secondas&thinsp;&raquo; seraient aussi concern&eacute;-e-s. La l&eacute;gislation d&rsquo;application d&eacute;cid&eacute;e au Parlement &agrave; propos de l&rsquo;initiative sur le renvoi pr&eacute;voit tout de m&ecirc;me une clause de rigueur pour de tels cas. C&rsquo;est pr&eacute;cis&eacute;ment celle-ci que l&rsquo;initiative de &laquo;&thinsp;mise en &oelig;uvre&thinsp;&raquo; rejette.<\/p><h3>Court-circuitage dangereux de l&rsquo;&Eacute;tat de droit<\/h3><p>La norme constitutionnelle propos&eacute;e bafoue les droits fondamentaux inscrits dans notre Constitution, la Convention europ&eacute;enne des droits de l&rsquo;homme (CEDH) et l&rsquo;Accord sur la libre circulation des personnes (ALCP). En se substituant au l&eacute;gislateur et en privant les tribunaux de toute latitude de jugement et de marge d&rsquo;appr&eacute;ciation, le texte de l&rsquo;initiative viole le principe de la s&eacute;paration des pouvoirs &agrave; double titre. L&rsquo;acceptation de l&rsquo;initiative constituerait une grave rupture du syst&egrave;me et aurait des cons&eacute;quences impr&eacute;visibles pour l&rsquo;ordre juridique, la s&eacute;curit&eacute; juridique et notre syst&egrave;me politique.<\/p><h3>Tromperie perfide<\/h3><p>La d&eacute;nomination initiative de &laquo;&thinsp;mise en &oelig;uvre&thinsp;&raquo; sugg&egrave;re que l&rsquo;on doit favoriser l&rsquo;entr&eacute;e en vigueur de quelque chose qui a &eacute;t&eacute; d&eacute;cid&eacute; il y a longtemps. On a ici affaire &agrave; une tromperie, parce que l&rsquo;initiative de &laquo;&thinsp;mise en &oelig;uvre&thinsp;&raquo; et le &shy;catalogue de d&eacute;lits correspondant vont bien au-del&agrave; de ce qu&rsquo;avait d&eacute;cid&eacute; une courte majorit&eacute; avec l&rsquo;acceptation de l&rsquo;initiative sur le renvoi. L&rsquo;initiative ne met pas en &oelig;uvre l&rsquo;initiative sur le renvoi&thinsp;; elle la durcit consid&eacute;rablement.&nbsp;<\/p><h3>Les relations avec l&rsquo;UE sont mises en danger<\/h3><p>Selon l&rsquo;Office f&eacute;d&eacute;rale de la statistique, en cas d&rsquo;approbation de l&rsquo;initiative, plus de&thinsp;10&thinsp;000 personnes seraient &shy;expuls&eacute;es automatiquement de la Suisse &ndash; sans aucun &eacute;gard aux circonstances. Avec cela, la Suisse violerait mille fois par ann&eacute;e l&rsquo;Accord sur la libre circulation des personnes. L&rsquo;approbation de l&rsquo;initiative de &laquo;&thinsp;mise en &oelig;uvre&thinsp;&raquo; ancrerait donc un autre article dans la Constitution de la Suisse qui d&eacute;truirait les bonnes relations avec l&rsquo;Union europ&eacute;enne.&nbsp;<\/p><h3>Les migrants et migrantes ont une in-fluence consid&eacute;rable<\/h3><p>La Suisse a naturalis&eacute; plus d&rsquo;un million de personnes ces derni&egrave;res ann&eacute;es. Environ 880&thinsp;000 Suisses et Suissesses &acirc;g&eacute;-e-s de plus de 15 ans ont une deuxi&egrave;me nationalit&eacute;. Si toutes ces personnes issues de la migration participent aux votations, elles peuvent cr&eacute;er des majorit&eacute;s. Un NON &agrave; l&rsquo;initiative de &laquo;&thinsp;mise en &oelig;uvre&thinsp;&raquo; inhumaine est donc &shy;possible si tout le monde va effectivement voter&thinsp;!<\/p><h3>Nous avons besoin de votre soutien<\/h3><p>Le PS Migrant-e-s lutte pour l&rsquo;&eacute;galit&eacute; de tou-te-s les migrant-e-s, que ce soit dans le domaine politique, &eacute;conomique, social ou culturel. Nous exigeons la participation &eacute;gale des migrant-e-s, luttons contre toute discrimination et collaborons &eacute;troitement avec les partis et organisations de toutes les personnes issues de la migration. Adh&eacute;rez au PS Migrant-e-s et soutenez cette campagne avec un don&thinsp;!<\/p><p>Les dons sont pri&eacute;s &agrave;&nbsp;: PS Suisse, 3001 Berne, PC 30-28039-3, IBAN CH45 0900 0000 3002 8039 3, avec la mention &nbsp;&laquo;&nbsp;PS Migrant-e-s, campagne mise en &oelig;uvre &raquo; &nbsp;<\/p><\/h3>\n\t\t\t\t\t\t\t\t<\/div>\n\t\t\t\t<\/div>\n\t\t\t\t<div class=\"elementor-element elementor-element-62f6b3652912e elementor-widget elementor-widget-spps_button_list\" data-id=\"62f6b3652912e\" data-element_type=\"widget\" data-widget_type=\"spps_button_list.default\">\n\t\t\t\t<div class=\"elementor-widget-container\">\n\t\t\t\t\t<div class=\"button-list-wrapper wrapper-spacing-small  \"><div class=\"button-list-container\"><div class=\"button-list-items\"><div class=\"button-list-item\"><div class=\"button-wrapper \"><a href=\"https:\/\/www.sp-ps.ch\/wp-content\/uploads\/2015\/12\/flyer_francais_web.pdf\"  target=\"_self\" class=\"button-link button-link-default\" >Flyer (version fran\u00e7aise)<span class=\"button-media-date\">28.04.2026<\/span><\/a><\/div><\/div><\/div><\/div><\/div>\t\t\t\t<\/div>\n\t\t\t\t<\/div>\n\t\t\t\t\t<\/div>\n\t\t<\/div>\n\t\t\t\t\t<\/div>\n\t\t<\/section>\n\t\t\t\t<\/div>\n\t\t","protected":false},"excerpt":{"rendered":"","protected":false},"author":1,"featured_media":0,"parent":0,"menu_order":0,"comment_status":"open","ping_status":"closed","template":"","meta":{"footnotes":""},"class_list":["post-67330","page","type-page","status-publish","hentry"],"_links":{"self":[{"href":"https:\/\/www.sp-ps.ch\/fr\/wp-json\/wp\/v2\/pages\/67330","targetHints":{"allow":["GET"]}}],"collection":[{"href":"https:\/\/www.sp-ps.ch\/fr\/wp-json\/wp\/v2\/pages"}],"about":[{"href":"https:\/\/www.sp-ps.ch\/fr\/wp-json\/wp\/v2\/types\/page"}],"author":[{"embeddable":true,"href":"https:\/\/www.sp-ps.ch\/fr\/wp-json\/wp\/v2\/users\/1"}],"replies":[{"embeddable":true,"href":"https:\/\/www.sp-ps.ch\/fr\/wp-json\/wp\/v2\/comments?post=67330"}],"version-history":[{"count":0,"href":"https:\/\/www.sp-ps.ch\/fr\/wp-json\/wp\/v2\/pages\/67330\/revisions"}],"wp:attachment":[{"href":"https:\/\/www.sp-ps.ch\/fr\/wp-json\/wp\/v2\/media?parent=67330"}],"curies":[{"name":"wp","href":"https:\/\/api.w.org\/{rel}","templated":true}]}}

Non à l&#8217;initiative dangereuse de &#8220;mise en œuvre&#8221;

<div data-elementor-type="wp-post" data-elementor-id="67330" class="elementor elementor-67330 elementor-66940" data-elementor-post-type="page">
						<section class="elementor-section elementor-top-section elementor-element elementor-element-62f6b3652ce9a elementor-section-boxed elementor-section-height-default elementor-section-height-default" data-id="62f6b3652ce9a" data-element_type="section" data-settings="{&quot;jet_parallax_layout_list&quot;:[],&quot;background_background&quot;:&quot;classic&quot;}">
						<div class="elementor-container elementor-column-gap-wide">
					<div class="elementor-column elementor-col-100 elementor-top-column elementor-element elementor-element-62f6b3652ce9b" data-id="62f6b3652ce9b" data-element_type="column">
			<div class="elementor-widget-wrap elementor-element-populated">
						<div class="elementor-element elementor-element-62f6b3652cd58 elementor-widget elementor-widget-heading" data-id="62f6b3652cd58" data-element_type="widget" data-widget_type="heading.default">
				<div class="elementor-widget-container">
					<h1 class="elementor-heading-title elementor-size-default">Non à l&#8217;initiative dangereuse de &#8220;mise en œuvre&#8221;</h1>				</div>
				</div>
				<div class="elementor-element elementor-element-62f6b3652ce81 elementor-widget elementor-widget-jet-breadcrumbs" data-id="62f6b3652ce81" data-element_type="widget" data-widget_type="jet-breadcrumbs.default">
				<div class="elementor-widget-container">
					<div class="elementor-jet-breadcrumbs jet-blocks">
		<div class="jet-breadcrumbs">
		<div class="jet-breadcrumbs__content">
		<div class="jet-breadcrumbs__wrap">
		</div>
		</div>
		</div></div>				</div>
				</div>
				<div class="elementor-element elementor-element-62f6b3652ce97 elementor-widget__width-initial elementor-widget elementor-widget-text-editor" data-id="62f6b3652ce97" data-element_type="widget" data-widget_type="text-editor.default">
				<div class="elementor-widget-container">
									De nombreux partis et organisations issus des diverses communautés de Suisse se sont réunis pour lutter ensemble contre l’initiative inhumaine et dangereuse de « mise en œuvre ». Ces partis ou organisations viennent des communautés albanaise, alévie, allemande, arabe, espagnole, française, italienne, kurde, portugaise, serbe-slovène-croate-bosnienne, tamoule et turque.								</div>
				</div>
					</div>
		</div>
					</div>
		</section>
				<section class="elementor-section elementor-top-section elementor-element elementor-element-62f6b3652ce9d elementor-section-boxed elementor-section-height-default elementor-section-height-default" data-id="62f6b3652ce9d" data-element_type="section" data-settings="{&quot;jet_parallax_layout_list&quot;:[]}">
						<div class="elementor-container elementor-column-gap-default">
					<div class="elementor-column elementor-col-100 elementor-top-column elementor-element elementor-element-62f6b3652ce9e" data-id="62f6b3652ce9e" data-element_type="column">
			<div class="elementor-widget-wrap elementor-element-populated">
						<div class="elementor-element elementor-element-62f6b3652ce9f elementor-widget elementor-widget-spacer" data-id="62f6b3652ce9f" data-element_type="widget" data-widget_type="spacer.default">
				<div class="elementor-widget-container">
							<div class="elementor-spacer">
			<div class="elementor-spacer-inner"></div>
		</div>
						</div>
				</div>
					</div>
		</div>
					</div>
		</section>
				<section class="elementor-section elementor-top-section elementor-element elementor-element-62f6b3652cea1 elementor-section-boxed elementor-section-height-default elementor-section-height-default" data-id="62f6b3652cea1" data-element_type="section" data-settings="{&quot;jet_parallax_layout_list&quot;:[]}">
						<div class="elementor-container elementor-column-gap-no">
					<div class="elementor-column elementor-col-100 elementor-top-column elementor-element elementor-element-62f6b3652cea2" data-id="62f6b3652cea2" data-element_type="column">
			<div class="elementor-widget-wrap elementor-element-populated">
						<div class="elementor-element elementor-element-62f6b3651ba3a elementor-widget elementor-widget-text-editor" data-id="62f6b3651ba3a" data-element_type="widget" data-widget_type="text-editor.default">
				<div class="elementor-widget-container">
									<h3>Automatisme m&eacute;prisant le droit de s&eacute;jour de plus de deux millions de personnes<p>L&rsquo;initiative de &laquo;&thinsp;mise en &oelig;uvre&thinsp;&raquo; menace le droit de s&eacute;jour de plus de 2 millions de personnes qui vivent et travaillent en Suisse mais ne disposent pas d&rsquo;un passeport suisse. Elles doivent &ecirc;tre expuls&eacute;es automatiquement et sans &eacute;gard aux circonstances m&ecirc;me en cas de d&eacute;lit mineur &ndash; m&ecirc;me si elles sont n&eacute;es ou ont grandi en Suisse. Les &laquo;&thinsp;secondos&thinsp;&raquo; et les &laquo;&thinsp;secondas&thinsp;&raquo; seraient aussi concern&eacute;-e-s. La l&eacute;gislation d&rsquo;application d&eacute;cid&eacute;e au Parlement &agrave; propos de l&rsquo;initiative sur le renvoi pr&eacute;voit tout de m&ecirc;me une clause de rigueur pour de tels cas. C&rsquo;est pr&eacute;cis&eacute;ment celle-ci que l&rsquo;initiative de &laquo;&thinsp;mise en &oelig;uvre&thinsp;&raquo; rejette.</p><h3>Court-circuitage dangereux de l&rsquo;&Eacute;tat de droit</h3><p>La norme constitutionnelle propos&eacute;e bafoue les droits fondamentaux inscrits dans notre Constitution, la Convention europ&eacute;enne des droits de l&rsquo;homme (CEDH) et l&rsquo;Accord sur la libre circulation des personnes (ALCP). En se substituant au l&eacute;gislateur et en privant les tribunaux de toute latitude de jugement et de marge d&rsquo;appr&eacute;ciation, le texte de l&rsquo;initiative viole le principe de la s&eacute;paration des pouvoirs &agrave; double titre. L&rsquo;acceptation de l&rsquo;initiative constituerait une grave rupture du syst&egrave;me et aurait des cons&eacute;quences impr&eacute;visibles pour l&rsquo;ordre juridique, la s&eacute;curit&eacute; juridique et notre syst&egrave;me politique.</p><h3>Tromperie perfide</h3><p>La d&eacute;nomination initiative de &laquo;&thinsp;mise en &oelig;uvre&thinsp;&raquo; sugg&egrave;re que l&rsquo;on doit favoriser l&rsquo;entr&eacute;e en vigueur de quelque chose qui a &eacute;t&eacute; d&eacute;cid&eacute; il y a longtemps. On a ici affaire &agrave; une tromperie, parce que l&rsquo;initiative de &laquo;&thinsp;mise en &oelig;uvre&thinsp;&raquo; et le &shy;catalogue de d&eacute;lits correspondant vont bien au-del&agrave; de ce qu&rsquo;avait d&eacute;cid&eacute; une courte majorit&eacute; avec l&rsquo;acceptation de l&rsquo;initiative sur le renvoi. L&rsquo;initiative ne met pas en &oelig;uvre l&rsquo;initiative sur le renvoi&thinsp;; elle la durcit consid&eacute;rablement.&nbsp;</p><h3>Les relations avec l&rsquo;UE sont mises en danger</h3><p>Selon l&rsquo;Office f&eacute;d&eacute;rale de la statistique, en cas d&rsquo;approbation de l&rsquo;initiative, plus de&thinsp;10&thinsp;000 personnes seraient &shy;expuls&eacute;es automatiquement de la Suisse &ndash; sans aucun &eacute;gard aux circonstances. Avec cela, la Suisse violerait mille fois par ann&eacute;e l&rsquo;Accord sur la libre circulation des personnes. L&rsquo;approbation de l&rsquo;initiative de &laquo;&thinsp;mise en &oelig;uvre&thinsp;&raquo; ancrerait donc un autre article dans la Constitution de la Suisse qui d&eacute;truirait les bonnes relations avec l&rsquo;Union europ&eacute;enne.&nbsp;</p><h3>Les migrants et migrantes ont une in-fluence consid&eacute;rable</h3><p>La Suisse a naturalis&eacute; plus d&rsquo;un million de personnes ces derni&egrave;res ann&eacute;es. Environ 880&thinsp;000 Suisses et Suissesses &acirc;g&eacute;-e-s de plus de 15 ans ont une deuxi&egrave;me nationalit&eacute;. Si toutes ces personnes issues de la migration participent aux votations, elles peuvent cr&eacute;er des majorit&eacute;s. Un NON &agrave; l&rsquo;initiative de &laquo;&thinsp;mise en &oelig;uvre&thinsp;&raquo; inhumaine est donc &shy;possible si tout le monde va effectivement voter&thinsp;!</p><h3>Nous avons besoin de votre soutien</h3><p>Le PS Migrant-e-s lutte pour l&rsquo;&eacute;galit&eacute; de tou-te-s les migrant-e-s, que ce soit dans le domaine politique, &eacute;conomique, social ou culturel. Nous exigeons la participation &eacute;gale des migrant-e-s, luttons contre toute discrimination et collaborons &eacute;troitement avec les partis et organisations de toutes les personnes issues de la migration. Adh&eacute;rez au PS Migrant-e-s et soutenez cette campagne avec un don&thinsp;!</p><p>Les dons sont pri&eacute;s &agrave;&nbsp;: PS Suisse, 3001 Berne, PC 30-28039-3, IBAN CH45 0900 0000 3002 8039 3, avec la mention &nbsp;&laquo;&nbsp;PS Migrant-e-s, campagne mise en &oelig;uvre &raquo; &nbsp;</p></h3>
								</div>
				</div>
				<div class="elementor-element elementor-element-62f6b3652912e elementor-widget elementor-widget-spps_button_list" data-id="62f6b3652912e" data-element_type="widget" data-widget_type="spps_button_list.default">
				<div class="elementor-widget-container">
					<div class="button-list-wrapper wrapper-spacing-small  "><div class="button-list-container"><div class="button-list-items"><div class="button-list-item"><div class="button-wrapper "><a href="https://www.sp-ps.ch/wp-content/uploads/2015/12/flyer_francais_web.pdf"  target="_self" class="button-link button-link-default" >Flyer (version française)<span class="button-media-date">28.04.2026</span></a></div></div></div></div></div>				</div>
				</div>
					</div>
		</div>
					</div>
		</section>
				</div>
