{"id":67354,"date":"2021-02-10T00:00:00","date_gmt":"2021-02-09T23:00:00","guid":{"rendered":"https:\/\/test.sp-ps.ch\/communiques-de-presse\/"},"modified":"2021-02-10T00:00:00","modified_gmt":"2021-02-09T23:00:00","slug":"communiques-de-presse","status":"publish","type":"page","link":"https:\/\/www.sp-ps.ch\/fr\/communiques-de-presse\/","title":{"rendered":"Communiqu\u00e9s de presse"},"content":{"rendered":"\t\t<div data-elementor-type=\"wp-post\" data-elementor-id=\"67354\" class=\"elementor elementor-67354\" data-elementor-post-type=\"page\">\n\t\t\t\t\t\t<section class=\"elementor-section elementor-top-section elementor-element elementor-element-62f6b3839a9f4 elementor-section-boxed elementor-section-height-default elementor-section-height-default\" data-id=\"62f6b3839a9f4\" data-element_type=\"section\" data-settings=\"{&quot;jet_parallax_layout_list&quot;:[],&quot;background_background&quot;:&quot;classic&quot;}\">\n\t\t\t\t\t\t<div class=\"elementor-container elementor-column-gap-wide\">\n\t\t\t\t\t<div class=\"elementor-column elementor-col-100 elementor-top-column elementor-element elementor-element-62f6b3839a9f6\" data-id=\"62f6b3839a9f6\" data-element_type=\"column\">\n\t\t\t<div class=\"elementor-widget-wrap elementor-element-populated\">\n\t\t\t\t\t\t<div class=\"elementor-element elementor-element-62f6b3839a971 elementor-widget elementor-widget-heading\" data-id=\"62f6b3839a971\" data-element_type=\"widget\" data-widget_type=\"heading.default\">\n\t\t\t\t<div class=\"elementor-widget-container\">\n\t\t\t\t\t<h1 class=\"elementor-heading-title elementor-size-default\">Communiqu\u00e9s de presse<\/h1>\t\t\t\t<\/div>\n\t\t\t\t<\/div>\n\t\t\t\t<div class=\"elementor-element elementor-element-62f6b3839a9e1 elementor-widget elementor-widget-jet-breadcrumbs\" data-id=\"62f6b3839a9e1\" data-element_type=\"widget\" data-widget_type=\"jet-breadcrumbs.default\">\n\t\t\t\t<div class=\"elementor-widget-container\">\n\t\t\t\t\t<div class=\"elementor-jet-breadcrumbs jet-blocks\">\n\t\t<div class=\"jet-breadcrumbs\">\n\t\t<div class=\"jet-breadcrumbs__content\">\n\t\t<div class=\"jet-breadcrumbs__wrap\">\n\t\t<\/div>\n\t\t<\/div>\n\t\t<\/div><\/div>\t\t\t\t<\/div>\n\t\t\t\t<\/div>\n\t\t\t\t\t<\/div>\n\t\t<\/div>\n\t\t\t\t\t<\/div>\n\t\t<\/section>\n\t\t\t\t<section class=\"elementor-section elementor-top-section elementor-element elementor-element-62f6b3839a9f8 elementor-section-boxed elementor-section-height-default elementor-section-height-default\" data-id=\"62f6b3839a9f8\" data-element_type=\"section\" data-settings=\"{&quot;jet_parallax_layout_list&quot;:[]}\">\n\t\t\t\t\t\t<div class=\"elementor-container elementor-column-gap-default\">\n\t\t\t\t\t<div class=\"elementor-column elementor-col-100 elementor-top-column elementor-element elementor-element-62f6b3839a9f9\" data-id=\"62f6b3839a9f9\" data-element_type=\"column\">\n\t\t\t<div class=\"elementor-widget-wrap elementor-element-populated\">\n\t\t\t\t\t\t<div class=\"elementor-element elementor-element-62f6b3839a9fa elementor-widget elementor-widget-spacer\" data-id=\"62f6b3839a9fa\" data-element_type=\"widget\" data-widget_type=\"spacer.default\">\n\t\t\t\t<div class=\"elementor-widget-container\">\n\t\t\t\t\t\t\t<div class=\"elementor-spacer\">\n\t\t\t<div class=\"elementor-spacer-inner\"><\/div>\n\t\t<\/div>\n\t\t\t\t\t\t<\/div>\n\t\t\t\t<\/div>\n\t\t\t\t\t<\/div>\n\t\t<\/div>\n\t\t\t\t\t<\/div>\n\t\t<\/section>\n\t\t\t\t<section class=\"elementor-section elementor-top-section elementor-element elementor-element-62f6b3839a9fb elementor-section-boxed elementor-section-height-default elementor-section-height-default\" data-id=\"62f6b3839a9fb\" data-element_type=\"section\" data-settings=\"{&quot;jet_parallax_layout_list&quot;:[]}\">\n\t\t\t\t\t\t<div class=\"elementor-container elementor-column-gap-no\">\n\t\t\t\t\t<div class=\"elementor-column elementor-col-100 elementor-top-column elementor-element elementor-element-62f6b3839a9fc\" data-id=\"62f6b3839a9fc\" data-element_type=\"column\">\n\t\t\t<div class=\"elementor-widget-wrap elementor-element-populated\">\n\t\t\t\t\t\t<div class=\"elementor-element elementor-element-62f6b383953a7 elementor-widget elementor-widget-text-editor\" data-id=\"62f6b383953a7\" data-element_type=\"widget\" data-widget_type=\"text-editor.default\">\n\t\t\t\t<div class=\"elementor-widget-container\">\n\t\t\t\t\t\t\t\t\t<p>Les communiqu&eacute;s de presse du PS60+ par ordre d&eacute;croissant.<\/p>\n\t\t\t\t\t\t\t\t<\/div>\n\t\t\t\t<\/div>\n\t\t\t\t<div class=\"elementor-element elementor-element-62f6b383953ec elementor-widget elementor-widget-spps_button_list\" data-id=\"62f6b383953ec\" data-element_type=\"widget\" data-widget_type=\"spps_button_list.default\">\n\t\t\t\t<div class=\"elementor-widget-container\">\n\t\t\t\t\t<div class=\"button-list-wrapper wrapper-spacing-small  \"><div class=\"button-list-container\"><div class=\"button-list-items\"><div class=\"button-list-item\"><div class=\"button-wrapper \"><a href=\"https:\/\/www.sp-ps.ch\/fr\/publications\/communiques-de-presse\/le-conseil-federal-ne-peut-pas-rester-les-bras-croises-et\"  target=\"_self\" class=\"button-link button-link-default\" >09.12.2020 : Le Conseil f\u00e9d\u00e9ral ne peut pas rester les bras crois\u00e9s et regarder les personnes \u00e2g\u00e9es mourir<span class=\"button-media-date\">30.04.2026<\/span><\/a><\/div><\/div><div class=\"button-list-item\"><div class=\"button-wrapper \"><a href=\"https:\/\/www.sp-ps.ch\/fr\/publications\/communiques-de-presse\/des-rentes-avs-plus-elevees-et-non-des-privileges-fiscaux-pour\"  target=\"_self\" class=\"button-link button-link-default\" >11.06.2022 : Des rentes AVS plus \u00e9lev\u00e9es et non des privil\u00e8ges fiscaux pour les plus riches<span class=\"button-media-date\">30.04.2026<\/span><\/a><\/div><\/div><div class=\"button-list-item\"><div class=\"button-wrapper \"><a href=\"http:\/\/www.sp-ps.ch\/fr\/publications\/communiques-de-presse\/prevoyance-vieillesse-2020-seule-la-variante-des-etats-peut\"  target=\"_self\" class=\"button-link button-link-default\" >13.03.2017 : Pr\u00e9voyance vieillesse 2020 : seule la variante des Etats peut d\u00e9gager une majorit\u00e9<span class=\"button-media-date\">30.04.2026<\/span><\/a><\/div><\/div><div class=\"button-list-item\"><div class=\"button-wrapper \"><a href=\"https:\/\/www.sp-ps.ch\/fr\/publications\/communiques-de-presse\/le-conseil-federal-ne-peut-pas-rester-les-bras-croises-et\"  target=\"_self\" class=\"button-link button-link-default\" >17.11.2020 : Christine Goll succ\u00e8de \u00e0 Marianne de Mestral<span class=\"button-media-date\">30.04.2026<\/span><\/a><\/div><\/div><div class=\"button-list-item\"><div class=\"button-wrapper \"><a href=\"http:\/\/www.sp-ps.ch\/fr\/publications\/communiques-de-presse\/le-ps60-defend-un-droit-au-travail-apres-50-ans\"  target=\"_self\" class=\"button-link button-link-default\" >19.09.2015 : Le PS60+ d\u00e9fend un droit au travail apr\u00e8s 50 ans<span class=\"button-media-date\">30.04.2026<\/span><\/a><\/div><\/div><div class=\"button-list-item\"><div class=\"button-wrapper \"><a href=\"http:\/\/www.sp-ps.ch\/fr\/publications\/communiques-de-presse\/le-ps60-appelle-une-lutte-determinee-contre-la-pauperisation-des\"  target=\"_self\" class=\"button-link button-link-default\" >19.11.2014 : Le PS60+ appelle \u00e0 une lutte d\u00e9termin\u00e9e contre la paup\u00e9risation des personnes \u00e2g\u00e9es<span class=\"button-media-date\">30.04.2026<\/span><\/a><\/div><\/div><div class=\"button-list-item\"><div class=\"button-wrapper \"><a href=\"http:\/\/www.sp-ps.ch\/fr\/publications\/communiques-de-presse\/le-ps60-exige-des-rentes-plus-sures\"  target=\"_self\" class=\"button-link button-link-default\" >21.03.2015 : Le PS60+ exige des rentes plus s\u00fbres<span class=\"button-media-date\">30.04.2026<\/span><\/a><\/div><\/div><div class=\"button-list-item\"><div class=\"button-wrapper \"><a href=\"http:\/\/www.sp-ps.ch\/fr\/publications\/communiques-de-presse\/lhumain-et-non-le-profit-au-centre-de-la-politique-de-la-sante\"  target=\"_self\" class=\"button-link button-link-default\" >21.05.2016 : L\u2019humain, et non le profit, au centre de la politique de la sant\u00e9<span class=\"button-media-date\">30.04.2026<\/span><\/a><\/div><\/div><div class=\"button-list-item\"><div class=\"button-wrapper \"><a href=\"https:\/\/www.sp-ps.ch\/fr\/parti\/organes-socialistes\/ps60\/le-ps60-les-femmes-socialistes-suisses-le-ps-migrant-e-s-et-la-js-le\"  target=\"_self\" class=\"button-link button-link-default\" >28.08.2021 :  Le PS60+, les Femmes* socialistes suisses, le PS Migrant-e-s et la JS le demandent ensemble : augmenter les rentes<span class=\"button-media-date\">30.04.2026<\/span><\/a><\/div><\/div><div class=\"button-list-item\"><div class=\"button-wrapper \"><a href=\"https:\/\/www.sp-ps.ch\/fr\/publications\/communiques-de-presse\/laccompagnement-ne-doit-pas-etre-un-luxe\"  target=\"_self\" class=\"button-link button-link-default\" >30.10.2021 : L\u2019accompagnement ne doit pas \u00eatre un luxe<span class=\"button-media-date\">30.04.2026<\/span><\/a><\/div><\/div><\/div><\/div><\/div>\t\t\t\t<\/div>\n\t\t\t\t<\/div>\n\t\t\t\t\t<\/div>\n\t\t<\/div>\n\t\t\t\t\t<\/div>\n\t\t<\/section>\n\t\t\t\t<\/div>\n\t\t","protected":false},"excerpt":{"rendered":"","protected":false},"author":1,"featured_media":0,"parent":0,"menu_order":0,"comment_status":"open","ping_status":"closed","template":"","meta":{"footnotes":""},"class_list":["post-67354","page","type-page","status-publish","hentry"],"_links":{"self":[{"href":"https:\/\/www.sp-ps.ch\/fr\/wp-json\/wp\/v2\/pages\/67354","targetHints":{"allow":["GET"]}}],"collection":[{"href":"https:\/\/www.sp-ps.ch\/fr\/wp-json\/wp\/v2\/pages"}],"about":[{"href":"https:\/\/www.sp-ps.ch\/fr\/wp-json\/wp\/v2\/types\/page"}],"author":[{"embeddable":true,"href":"https:\/\/www.sp-ps.ch\/fr\/wp-json\/wp\/v2\/users\/1"}],"replies":[{"embeddable":true,"href":"https:\/\/www.sp-ps.ch\/fr\/wp-json\/wp\/v2\/comments?post=67354"}],"version-history":[{"count":0,"href":"https:\/\/www.sp-ps.ch\/fr\/wp-json\/wp\/v2\/pages\/67354\/revisions"}],"wp:attachment":[{"href":"https:\/\/www.sp-ps.ch\/fr\/wp-json\/wp\/v2\/media?parent=67354"}],"curies":[{"name":"wp","href":"https:\/\/api.w.org\/{rel}","templated":true}]}}

Communiqués de presse

<div data-elementor-type="wp-post" data-elementor-id="67354" class="elementor elementor-67354" data-elementor-post-type="page">
						<section class="elementor-section elementor-top-section elementor-element elementor-element-62f6b3839a9f4 elementor-section-boxed elementor-section-height-default elementor-section-height-default" data-id="62f6b3839a9f4" data-element_type="section" data-settings="{&quot;jet_parallax_layout_list&quot;:[],&quot;background_background&quot;:&quot;classic&quot;}">
						<div class="elementor-container elementor-column-gap-wide">
					<div class="elementor-column elementor-col-100 elementor-top-column elementor-element elementor-element-62f6b3839a9f6" data-id="62f6b3839a9f6" data-element_type="column">
			<div class="elementor-widget-wrap elementor-element-populated">
						<div class="elementor-element elementor-element-62f6b3839a971 elementor-widget elementor-widget-heading" data-id="62f6b3839a971" data-element_type="widget" data-widget_type="heading.default">
				<div class="elementor-widget-container">
					<h1 class="elementor-heading-title elementor-size-default">Communiqués de presse</h1>				</div>
				</div>
				<div class="elementor-element elementor-element-62f6b3839a9e1 elementor-widget elementor-widget-jet-breadcrumbs" data-id="62f6b3839a9e1" data-element_type="widget" data-widget_type="jet-breadcrumbs.default">
				<div class="elementor-widget-container">
					<div class="elementor-jet-breadcrumbs jet-blocks">
		<div class="jet-breadcrumbs">
		<div class="jet-breadcrumbs__content">
		<div class="jet-breadcrumbs__wrap">
		</div>
		</div>
		</div></div>				</div>
				</div>
					</div>
		</div>
					</div>
		</section>
				<section class="elementor-section elementor-top-section elementor-element elementor-element-62f6b3839a9f8 elementor-section-boxed elementor-section-height-default elementor-section-height-default" data-id="62f6b3839a9f8" data-element_type="section" data-settings="{&quot;jet_parallax_layout_list&quot;:[]}">
						<div class="elementor-container elementor-column-gap-default">
					<div class="elementor-column elementor-col-100 elementor-top-column elementor-element elementor-element-62f6b3839a9f9" data-id="62f6b3839a9f9" data-element_type="column">
			<div class="elementor-widget-wrap elementor-element-populated">
						<div class="elementor-element elementor-element-62f6b3839a9fa elementor-widget elementor-widget-spacer" data-id="62f6b3839a9fa" data-element_type="widget" data-widget_type="spacer.default">
				<div class="elementor-widget-container">
							<div class="elementor-spacer">
			<div class="elementor-spacer-inner"></div>
		</div>
						</div>
				</div>
					</div>
		</div>
					</div>
		</section>
				<section class="elementor-section elementor-top-section elementor-element elementor-element-62f6b3839a9fb elementor-section-boxed elementor-section-height-default elementor-section-height-default" data-id="62f6b3839a9fb" data-element_type="section" data-settings="{&quot;jet_parallax_layout_list&quot;:[]}">
						<div class="elementor-container elementor-column-gap-no">
					<div class="elementor-column elementor-col-100 elementor-top-column elementor-element elementor-element-62f6b3839a9fc" data-id="62f6b3839a9fc" data-element_type="column">
			<div class="elementor-widget-wrap elementor-element-populated">
						<div class="elementor-element elementor-element-62f6b383953a7 elementor-widget elementor-widget-text-editor" data-id="62f6b383953a7" data-element_type="widget" data-widget_type="text-editor.default">
				<div class="elementor-widget-container">
									<p>Les communiqu&eacute;s de presse du PS60+ par ordre d&eacute;croissant.</p>
								</div>
				</div>
				<div class="elementor-element elementor-element-62f6b383953ec elementor-widget elementor-widget-spps_button_list" data-id="62f6b383953ec" data-element_type="widget" data-widget_type="spps_button_list.default">
				<div class="elementor-widget-container">
					<div class="button-list-wrapper wrapper-spacing-small  "><div class="button-list-container"><div class="button-list-items"><div class="button-list-item"><div class="button-wrapper "><a href="https://www.sp-ps.ch/fr/publications/communiques-de-presse/le-conseil-federal-ne-peut-pas-rester-les-bras-croises-et"  target="_self" class="button-link button-link-default" >09.12.2020 : Le Conseil fédéral ne peut pas rester les bras croisés et regarder les personnes âgées mourir<span class="button-media-date">30.04.2026</span></a></div></div><div class="button-list-item"><div class="button-wrapper "><a href="https://www.sp-ps.ch/fr/publications/communiques-de-presse/des-rentes-avs-plus-elevees-et-non-des-privileges-fiscaux-pour"  target="_self" class="button-link button-link-default" >11.06.2022 : Des rentes AVS plus élevées et non des privilèges fiscaux pour les plus riches<span class="button-media-date">30.04.2026</span></a></div></div><div class="button-list-item"><div class="button-wrapper "><a href="http://www.sp-ps.ch/fr/publications/communiques-de-presse/prevoyance-vieillesse-2020-seule-la-variante-des-etats-peut"  target="_self" class="button-link button-link-default" >13.03.2017 : Prévoyance vieillesse 2020 : seule la variante des Etats peut dégager une majorité<span class="button-media-date">30.04.2026</span></a></div></div><div class="button-list-item"><div class="button-wrapper "><a href="https://www.sp-ps.ch/fr/publications/communiques-de-presse/le-conseil-federal-ne-peut-pas-rester-les-bras-croises-et"  target="_self" class="button-link button-link-default" >17.11.2020 : Christine Goll succède à Marianne de Mestral<span class="button-media-date">30.04.2026</span></a></div></div><div class="button-list-item"><div class="button-wrapper "><a href="http://www.sp-ps.ch/fr/publications/communiques-de-presse/le-ps60-defend-un-droit-au-travail-apres-50-ans"  target="_self" class="button-link button-link-default" >19.09.2015 : Le PS60+ défend un droit au travail après 50 ans<span class="button-media-date">30.04.2026</span></a></div></div><div class="button-list-item"><div class="button-wrapper "><a href="http://www.sp-ps.ch/fr/publications/communiques-de-presse/le-ps60-appelle-une-lutte-determinee-contre-la-pauperisation-des"  target="_self" class="button-link button-link-default" >19.11.2014 : Le PS60+ appelle à une lutte déterminée contre la paupérisation des personnes âgées<span class="button-media-date">30.04.2026</span></a></div></div><div class="button-list-item"><div class="button-wrapper "><a href="http://www.sp-ps.ch/fr/publications/communiques-de-presse/le-ps60-exige-des-rentes-plus-sures"  target="_self" class="button-link button-link-default" >21.03.2015 : Le PS60+ exige des rentes plus sûres<span class="button-media-date">30.04.2026</span></a></div></div><div class="button-list-item"><div class="button-wrapper "><a href="http://www.sp-ps.ch/fr/publications/communiques-de-presse/lhumain-et-non-le-profit-au-centre-de-la-politique-de-la-sante"  target="_self" class="button-link button-link-default" >21.05.2016 : L’humain, et non le profit, au centre de la politique de la santé<span class="button-media-date">30.04.2026</span></a></div></div><div class="button-list-item"><div class="button-wrapper "><a href="https://www.sp-ps.ch/fr/parti/organes-socialistes/ps60/le-ps60-les-femmes-socialistes-suisses-le-ps-migrant-e-s-et-la-js-le"  target="_self" class="button-link button-link-default" >28.08.2021 :  Le PS60+, les Femmes* socialistes suisses, le PS Migrant-e-s et la JS le demandent ensemble : augmenter les rentes<span class="button-media-date">30.04.2026</span></a></div></div><div class="button-list-item"><div class="button-wrapper "><a href="https://www.sp-ps.ch/fr/publications/communiques-de-presse/laccompagnement-ne-doit-pas-etre-un-luxe"  target="_self" class="button-link button-link-default" >30.10.2021 : L’accompagnement ne doit pas être un luxe<span class="button-media-date">30.04.2026</span></a></div></div></div></div></div>				</div>
				</div>
					</div>
		</div>
					</div>
		</section>
				</div>
