{"id":67386,"date":"2020-11-16T00:00:00","date_gmt":"2020-11-15T23:00:00","guid":{"rendered":"https:\/\/test.sp-ps.ch\/ps-international-assemblee-generale-2021-par-ligne\/"},"modified":"2020-11-16T00:00:00","modified_gmt":"2020-11-15T23:00:00","slug":"ps-international-assemblee-generale-2021-par-ligne","status":"publish","type":"page","link":"https:\/\/www.sp-ps.ch\/fr\/ps-international-assemblee-generale-2021-par-ligne\/","title":{"rendered":"PS International: Assembl\u00e9e g\u00e9n\u00e9rale 2021 par ligne"},"content":{"rendered":"\t\t<div data-elementor-type=\"wp-post\" data-elementor-id=\"67386\" class=\"elementor elementor-67386 elementor-66877\" data-elementor-post-type=\"page\">\n\t\t\t\t\t\t<section class=\"elementor-section elementor-top-section elementor-element elementor-element-62f6b3b093d7b elementor-section-boxed elementor-section-height-default elementor-section-height-default\" data-id=\"62f6b3b093d7b\" data-element_type=\"section\" data-settings=\"{&quot;jet_parallax_layout_list&quot;:[],&quot;background_background&quot;:&quot;classic&quot;}\">\n\t\t\t\t\t\t<div class=\"elementor-container elementor-column-gap-wide\">\n\t\t\t\t\t<div class=\"elementor-column elementor-col-100 elementor-top-column elementor-element elementor-element-62f6b3b093d7c\" data-id=\"62f6b3b093d7c\" data-element_type=\"column\">\n\t\t\t<div class=\"elementor-widget-wrap elementor-element-populated\">\n\t\t\t\t\t\t<div class=\"elementor-element elementor-element-62f6b3b093cdd elementor-widget elementor-widget-heading\" data-id=\"62f6b3b093cdd\" data-element_type=\"widget\" data-widget_type=\"heading.default\">\n\t\t\t\t<div class=\"elementor-widget-container\">\n\t\t\t\t\t<h1 class=\"elementor-heading-title elementor-size-default\">PS International: Assembl\u00e9e g\u00e9n\u00e9rale 2021 par ligne<\/h1>\t\t\t\t<\/div>\n\t\t\t\t<\/div>\n\t\t\t\t<div class=\"elementor-element elementor-element-62f6b3b093d5d elementor-widget elementor-widget-jet-breadcrumbs\" data-id=\"62f6b3b093d5d\" data-element_type=\"widget\" data-widget_type=\"jet-breadcrumbs.default\">\n\t\t\t\t<div class=\"elementor-widget-container\">\n\t\t\t\t\t<div class=\"elementor-jet-breadcrumbs jet-blocks\">\n\t\t<div class=\"jet-breadcrumbs\">\n\t\t<div class=\"jet-breadcrumbs__content\">\n\t\t<div class=\"jet-breadcrumbs__wrap\">\n\t\t<\/div>\n\t\t<\/div>\n\t\t<\/div><\/div>\t\t\t\t<\/div>\n\t\t\t\t<\/div>\n\t\t\t\t<div class=\"elementor-element elementor-element-62f6b3b093d78 elementor-widget__width-initial elementor-widget elementor-widget-text-editor\" data-id=\"62f6b3b093d78\" data-element_type=\"widget\" data-widget_type=\"text-editor.default\">\n\t\t\t\t<div class=\"elementor-widget-container\">\n\t\t\t\t\t\t\t\t\tLe PS International tenait son Assembl\u00e9e g\u00e9n\u00e9rale num\u00e9rique le samedi 25 septembre 2021.\t\t\t\t\t\t\t\t<\/div>\n\t\t\t\t<\/div>\n\t\t\t\t\t<\/div>\n\t\t<\/div>\n\t\t\t\t\t<\/div>\n\t\t<\/section>\n\t\t\t\t<section class=\"elementor-section elementor-top-section elementor-element elementor-element-62f6b3b093d7e elementor-section-boxed elementor-section-height-default elementor-section-height-default\" data-id=\"62f6b3b093d7e\" data-element_type=\"section\" data-settings=\"{&quot;jet_parallax_layout_list&quot;:[]}\">\n\t\t\t\t\t\t<div class=\"elementor-container elementor-column-gap-default\">\n\t\t\t\t\t<div class=\"elementor-column elementor-col-100 elementor-top-column elementor-element elementor-element-62f6b3b093d7f\" data-id=\"62f6b3b093d7f\" data-element_type=\"column\">\n\t\t\t<div class=\"elementor-widget-wrap elementor-element-populated\">\n\t\t\t\t\t\t<div class=\"elementor-element elementor-element-62f6b3b093d80 elementor-widget elementor-widget-spacer\" data-id=\"62f6b3b093d80\" data-element_type=\"widget\" data-widget_type=\"spacer.default\">\n\t\t\t\t<div class=\"elementor-widget-container\">\n\t\t\t\t\t\t\t<div class=\"elementor-spacer\">\n\t\t\t<div class=\"elementor-spacer-inner\"><\/div>\n\t\t<\/div>\n\t\t\t\t\t\t<\/div>\n\t\t\t\t<\/div>\n\t\t\t\t\t<\/div>\n\t\t<\/div>\n\t\t\t\t\t<\/div>\n\t\t<\/section>\n\t\t\t\t<section class=\"elementor-section elementor-top-section elementor-element elementor-element-62f6b3b093d82 elementor-section-boxed elementor-section-height-default elementor-section-height-default\" data-id=\"62f6b3b093d82\" data-element_type=\"section\" data-settings=\"{&quot;jet_parallax_layout_list&quot;:[]}\">\n\t\t\t\t\t\t<div class=\"elementor-container elementor-column-gap-no\">\n\t\t\t\t\t<div class=\"elementor-column elementor-col-100 elementor-top-column elementor-element elementor-element-62f6b3b093d83\" data-id=\"62f6b3b093d83\" data-element_type=\"column\">\n\t\t\t<div class=\"elementor-widget-wrap elementor-element-populated\">\n\t\t\t\t\t\t<div class=\"elementor-element elementor-element-62f6b3b03ea01 elementor-widget elementor-widget-text-editor\" data-id=\"62f6b3b03ea01\" data-element_type=\"widget\" data-widget_type=\"text-editor.default\">\n\t\t\t\t<div class=\"elementor-widget-container\">\n\t\t\t\t\t\t\t\t\t<p>Avec des rapports sur la situation &agrave; Hong Kong, sur le rapport entre l&#8217;exploitation mini&egrave;re locale &agrave; petite &eacute;chelle et la Suisse en tant que plaque tournante de l&#8217;or, ainsi que sur les r&eacute;sultats d&#8217;une enqu&ecirc;te men&eacute;e par l&#8217;Antenne PS USA sur l&#8217;exercice du droit de vote des Suisse-sse-s de l&#8217;&eacute;tranger. En outre, nous nous informions sur la politique europ&eacute;enne du PS, sur l&#8217;&eacute;tat des pr&eacute;paratifs des &eacute;lections f&eacute;d&eacute;rales de 2023 ; et nous avons regl&eacute; nos affaires statutaires, ont compl&eacute;t&eacute; notre pr&eacute;sidence et comit&eacute; et nous avons approuv&eacute; nos nouveaux statuts.<\/p>\n\t\t\t\t\t\t\t\t<\/div>\n\t\t\t\t<\/div>\n\t\t\t\t<div class=\"elementor-element elementor-element-62f6b3b08fbf5 elementor-widget elementor-widget-spps_button_list\" data-id=\"62f6b3b08fbf5\" data-element_type=\"widget\" data-widget_type=\"spps_button_list.default\">\n\t\t\t\t<div class=\"elementor-widget-container\">\n\t\t\t\t\t<div class=\"button-list-wrapper wrapper-spacing-small  \"><div class=\"button-list-title\"><h3>Les documents de notre assembl\u00e9e g\u00e9n\u00e9rale 2021<\/h3><\/div><div class=\"button-list-container\"><div class=\"button-list-items\"><div class=\"button-list-item\"><div class=\"button-wrapper \"><a href=\"https:\/\/www.sp-ps.ch\/wp-content\/uploads\/2020\/11\/analyse_enquete_droit_de_vote_suisse_de_letranger_antenne_usa.pdf\"  target=\"_self\" class=\"button-link button-link-default\" >Antenne PS USA, Analyse de l\u2019enqu\u00eate sur les droits de vote depuis l\u2019\u00e9tranger<span class=\"button-media-date\">02.05.2026<\/span><\/a><\/div><\/div><div class=\"button-list-item\"><div class=\"button-wrapper \"><a href=\"https:\/\/www.sp-ps.ch\/wp-content\/uploads\/2020\/11\/sp-int-ag-2021-invitation_f.pdf\"  target=\"_self\" class=\"button-link button-link-default\" >Invitation \u00e0 l'Assembl\u00e9e g\u00e9n\u00e9rale 2021 en ligne et ordre du jour<span class=\"button-media-date\">02.05.2026<\/span><\/a><\/div><\/div><div class=\"button-list-item\"><div class=\"button-wrapper \"><a href=\"https:\/\/www.sp-ps.ch\/wp-content\/uploads\/2020\/11\/statuts-ps-international_f_0.pdf\"  target=\"_self\" class=\"button-link button-link-default\" >PS International, nouveaux statuts<span class=\"button-media-date\">02.05.2026<\/span><\/a><\/div><\/div><div class=\"button-list-item\"><div class=\"button-wrapper \"><a href=\"https:\/\/www.sp-ps.ch\/wp-content\/uploads\/2020\/11\/ps-int-am-proces-verbal-des-decisions_2021-04-24_f_2.pdf\"  target=\"_self\" class=\"button-link button-link-default\" >PS International, proc\u00e8s-verbal de l'assembl\u00e9e des membres du 24 avril 2021<span class=\"button-media-date\">02.05.2026<\/span><\/a><\/div><\/div><div class=\"button-list-item\"><div class=\"button-wrapper \"><a href=\"https:\/\/www.sp-ps.ch\/wp-content\/uploads\/2020\/11\/ps-int-rapport-2021_f.pdf\"  target=\"_self\" class=\"button-link button-link-default\" >PS International, rapport d'activit\u00e9 pour le premier semestre de 2021<span class=\"button-media-date\">02.05.2026<\/span><\/a><\/div><\/div><div class=\"button-list-item\"><div class=\"button-wrapper \"><a href=\"https:\/\/www.sp-ps.ch\/wp-content\/uploads\/2020\/11\/sp-int-gv-vorstand-per-2021-2023_df_9.pdf\"  target=\"_self\" class=\"button-link button-link-default\" >\u00e9lection compl\u00e9mentaire pour la pr\u00e9sidence et le comit\u00e9 2021-2023<span class=\"button-media-date\">02.05.2026<\/span><\/a><\/div><\/div><\/div><\/div><\/div>\t\t\t\t<\/div>\n\t\t\t\t<\/div>\n\t\t\t\t\t<\/div>\n\t\t<\/div>\n\t\t\t\t\t<\/div>\n\t\t<\/section>\n\t\t\t\t<\/div>\n\t\t","protected":false},"excerpt":{"rendered":"<p>25 septembre 2021 &#8211; avec des rapports de notre personne de contact \u00e0 Hong Kong et des antennes du PS en Afrique et aux \u00c9tats-Unis, de l&#8217;\u00e9quipe de campagne du PS sur la planification de la campagne \u00e9lectorale de 2023 et de notre vice-pr\u00e9sident sur la politique europ\u00e9enne du parti.<\/p>\n","protected":false},"author":1,"featured_media":0,"parent":0,"menu_order":0,"comment_status":"open","ping_status":"closed","template":"","meta":{"footnotes":""},"class_list":["post-67386","page","type-page","status-publish","hentry"],"_links":{"self":[{"href":"https:\/\/www.sp-ps.ch\/fr\/wp-json\/wp\/v2\/pages\/67386","targetHints":{"allow":["GET"]}}],"collection":[{"href":"https:\/\/www.sp-ps.ch\/fr\/wp-json\/wp\/v2\/pages"}],"about":[{"href":"https:\/\/www.sp-ps.ch\/fr\/wp-json\/wp\/v2\/types\/page"}],"author":[{"embeddable":true,"href":"https:\/\/www.sp-ps.ch\/fr\/wp-json\/wp\/v2\/users\/1"}],"replies":[{"embeddable":true,"href":"https:\/\/www.sp-ps.ch\/fr\/wp-json\/wp\/v2\/comments?post=67386"}],"version-history":[{"count":0,"href":"https:\/\/www.sp-ps.ch\/fr\/wp-json\/wp\/v2\/pages\/67386\/revisions"}],"wp:attachment":[{"href":"https:\/\/www.sp-ps.ch\/fr\/wp-json\/wp\/v2\/media?parent=67386"}],"curies":[{"name":"wp","href":"https:\/\/api.w.org\/{rel}","templated":true}]}}

PS International: Assemblée générale 2021 par ligne

<div data-elementor-type="wp-post" data-elementor-id="67386" class="elementor elementor-67386 elementor-66877" data-elementor-post-type="page">
						<section class="elementor-section elementor-top-section elementor-element elementor-element-62f6b3b093d7b elementor-section-boxed elementor-section-height-default elementor-section-height-default" data-id="62f6b3b093d7b" data-element_type="section" data-settings="{&quot;jet_parallax_layout_list&quot;:[],&quot;background_background&quot;:&quot;classic&quot;}">
						<div class="elementor-container elementor-column-gap-wide">
					<div class="elementor-column elementor-col-100 elementor-top-column elementor-element elementor-element-62f6b3b093d7c" data-id="62f6b3b093d7c" data-element_type="column">
			<div class="elementor-widget-wrap elementor-element-populated">
						<div class="elementor-element elementor-element-62f6b3b093cdd elementor-widget elementor-widget-heading" data-id="62f6b3b093cdd" data-element_type="widget" data-widget_type="heading.default">
				<div class="elementor-widget-container">
					<h1 class="elementor-heading-title elementor-size-default">PS International: Assemblée générale 2021 par ligne</h1>				</div>
				</div>
				<div class="elementor-element elementor-element-62f6b3b093d5d elementor-widget elementor-widget-jet-breadcrumbs" data-id="62f6b3b093d5d" data-element_type="widget" data-widget_type="jet-breadcrumbs.default">
				<div class="elementor-widget-container">
					<div class="elementor-jet-breadcrumbs jet-blocks">
		<div class="jet-breadcrumbs">
		<div class="jet-breadcrumbs__content">
		<div class="jet-breadcrumbs__wrap">
		</div>
		</div>
		</div></div>				</div>
				</div>
				<div class="elementor-element elementor-element-62f6b3b093d78 elementor-widget__width-initial elementor-widget elementor-widget-text-editor" data-id="62f6b3b093d78" data-element_type="widget" data-widget_type="text-editor.default">
				<div class="elementor-widget-container">
									Le PS International tenait son Assemblée générale numérique le samedi 25 septembre 2021.								</div>
				</div>
					</div>
		</div>
					</div>
		</section>
				<section class="elementor-section elementor-top-section elementor-element elementor-element-62f6b3b093d7e elementor-section-boxed elementor-section-height-default elementor-section-height-default" data-id="62f6b3b093d7e" data-element_type="section" data-settings="{&quot;jet_parallax_layout_list&quot;:[]}">
						<div class="elementor-container elementor-column-gap-default">
					<div class="elementor-column elementor-col-100 elementor-top-column elementor-element elementor-element-62f6b3b093d7f" data-id="62f6b3b093d7f" data-element_type="column">
			<div class="elementor-widget-wrap elementor-element-populated">
						<div class="elementor-element elementor-element-62f6b3b093d80 elementor-widget elementor-widget-spacer" data-id="62f6b3b093d80" data-element_type="widget" data-widget_type="spacer.default">
				<div class="elementor-widget-container">
							<div class="elementor-spacer">
			<div class="elementor-spacer-inner"></div>
		</div>
						</div>
				</div>
					</div>
		</div>
					</div>
		</section>
				<section class="elementor-section elementor-top-section elementor-element elementor-element-62f6b3b093d82 elementor-section-boxed elementor-section-height-default elementor-section-height-default" data-id="62f6b3b093d82" data-element_type="section" data-settings="{&quot;jet_parallax_layout_list&quot;:[]}">
						<div class="elementor-container elementor-column-gap-no">
					<div class="elementor-column elementor-col-100 elementor-top-column elementor-element elementor-element-62f6b3b093d83" data-id="62f6b3b093d83" data-element_type="column">
			<div class="elementor-widget-wrap elementor-element-populated">
						<div class="elementor-element elementor-element-62f6b3b03ea01 elementor-widget elementor-widget-text-editor" data-id="62f6b3b03ea01" data-element_type="widget" data-widget_type="text-editor.default">
				<div class="elementor-widget-container">
									<p>Avec des rapports sur la situation &agrave; Hong Kong, sur le rapport entre l&#8217;exploitation mini&egrave;re locale &agrave; petite &eacute;chelle et la Suisse en tant que plaque tournante de l&#8217;or, ainsi que sur les r&eacute;sultats d&#8217;une enqu&ecirc;te men&eacute;e par l&#8217;Antenne PS USA sur l&#8217;exercice du droit de vote des Suisse-sse-s de l&#8217;&eacute;tranger. En outre, nous nous informions sur la politique europ&eacute;enne du PS, sur l&#8217;&eacute;tat des pr&eacute;paratifs des &eacute;lections f&eacute;d&eacute;rales de 2023 ; et nous avons regl&eacute; nos affaires statutaires, ont compl&eacute;t&eacute; notre pr&eacute;sidence et comit&eacute; et nous avons approuv&eacute; nos nouveaux statuts.</p>
								</div>
				</div>
				<div class="elementor-element elementor-element-62f6b3b08fbf5 elementor-widget elementor-widget-spps_button_list" data-id="62f6b3b08fbf5" data-element_type="widget" data-widget_type="spps_button_list.default">
				<div class="elementor-widget-container">
					<div class="button-list-wrapper wrapper-spacing-small  "><div class="button-list-title"><h3>Les documents de notre assemblée générale 2021</h3></div><div class="button-list-container"><div class="button-list-items"><div class="button-list-item"><div class="button-wrapper "><a href="https://www.sp-ps.ch/wp-content/uploads/2020/11/analyse_enquete_droit_de_vote_suisse_de_letranger_antenne_usa.pdf"  target="_self" class="button-link button-link-default" >Antenne PS USA, Analyse de l’enquête sur les droits de vote depuis l’étranger<span class="button-media-date">02.05.2026</span></a></div></div><div class="button-list-item"><div class="button-wrapper "><a href="https://www.sp-ps.ch/wp-content/uploads/2020/11/sp-int-ag-2021-invitation_f.pdf"  target="_self" class="button-link button-link-default" >Invitation à l'Assemblée générale 2021 en ligne et ordre du jour<span class="button-media-date">02.05.2026</span></a></div></div><div class="button-list-item"><div class="button-wrapper "><a href="https://www.sp-ps.ch/wp-content/uploads/2020/11/statuts-ps-international_f_0.pdf"  target="_self" class="button-link button-link-default" >PS International, nouveaux statuts<span class="button-media-date">02.05.2026</span></a></div></div><div class="button-list-item"><div class="button-wrapper "><a href="https://www.sp-ps.ch/wp-content/uploads/2020/11/ps-int-am-proces-verbal-des-decisions_2021-04-24_f_2.pdf"  target="_self" class="button-link button-link-default" >PS International, procès-verbal de l'assemblée des membres du 24 avril 2021<span class="button-media-date">02.05.2026</span></a></div></div><div class="button-list-item"><div class="button-wrapper "><a href="https://www.sp-ps.ch/wp-content/uploads/2020/11/ps-int-rapport-2021_f.pdf"  target="_self" class="button-link button-link-default" >PS International, rapport d'activité pour le premier semestre de 2021<span class="button-media-date">02.05.2026</span></a></div></div><div class="button-list-item"><div class="button-wrapper "><a href="https://www.sp-ps.ch/wp-content/uploads/2020/11/sp-int-gv-vorstand-per-2021-2023_df_9.pdf"  target="_self" class="button-link button-link-default" >élection complémentaire pour la présidence et le comité 2021-2023<span class="button-media-date">02.05.2026</span></a></div></div></div></div></div>				</div>
				</div>
					</div>
		</div>
					</div>
		</section>
				</div>

<p>25 septembre 2021 &#8211; avec des rapports de notre personne de contact à Hong Kong et des antennes du PS en Afrique et aux États-Unis, de l&#8217;équipe de campagne du PS sur la planification de la campagne électorale de 2023 et de notre vice-président sur la politique européenne du parti.</p>
