{"id":67646,"date":"2017-10-04T00:00:00","date_gmt":"2017-10-03T22:00:00","guid":{"rendered":"https:\/\/test.sp-ps.ch\/a-propos-2\/"},"modified":"2017-10-04T00:00:00","modified_gmt":"2017-10-03T22:00:00","slug":"a-propos-2","status":"publish","type":"page","link":"https:\/\/www.sp-ps.ch\/fr\/a-propos-2\/","title":{"rendered":"\u00c0 propos"},"content":{"rendered":"\t\t<div data-elementor-type=\"wp-post\" data-elementor-id=\"67646\" class=\"elementor elementor-67646\" data-elementor-post-type=\"page\">\n\t\t\t\t\t\t<section class=\"elementor-section elementor-top-section elementor-element elementor-element-62f6b525207d3 elementor-section-boxed elementor-section-height-default elementor-section-height-default\" data-id=\"62f6b525207d3\" data-element_type=\"section\" data-settings=\"{&quot;jet_parallax_layout_list&quot;:[],&quot;background_background&quot;:&quot;classic&quot;}\">\n\t\t\t\t\t\t<div class=\"elementor-container elementor-column-gap-wide\">\n\t\t\t\t\t<div class=\"elementor-column elementor-col-100 elementor-top-column elementor-element elementor-element-62f6b525207d4\" data-id=\"62f6b525207d4\" data-element_type=\"column\">\n\t\t\t<div class=\"elementor-widget-wrap elementor-element-populated\">\n\t\t\t\t\t\t<div class=\"elementor-element elementor-element-62f6b52520771 elementor-widget elementor-widget-heading\" data-id=\"62f6b52520771\" data-element_type=\"widget\" data-widget_type=\"heading.default\">\n\t\t\t\t<div class=\"elementor-widget-container\">\n\t\t\t\t\t<h1 class=\"elementor-heading-title elementor-size-default\">\u00c0 propos<\/h1>\t\t\t\t<\/div>\n\t\t\t\t<\/div>\n\t\t\t\t<div class=\"elementor-element elementor-element-62f6b525207c2 elementor-widget elementor-widget-jet-breadcrumbs\" data-id=\"62f6b525207c2\" data-element_type=\"widget\" data-widget_type=\"jet-breadcrumbs.default\">\n\t\t\t\t<div class=\"elementor-widget-container\">\n\t\t\t\t\t<div class=\"elementor-jet-breadcrumbs jet-blocks\">\n\t\t<div class=\"jet-breadcrumbs\">\n\t\t<div class=\"jet-breadcrumbs__content\">\n\t\t<div class=\"jet-breadcrumbs__wrap\">\n\t\t<\/div>\n\t\t<\/div>\n\t\t<\/div><\/div>\t\t\t\t<\/div>\n\t\t\t\t<\/div>\n\t\t\t\t\t<\/div>\n\t\t<\/div>\n\t\t\t\t\t<\/div>\n\t\t<\/section>\n\t\t\t\t<section class=\"elementor-section elementor-top-section elementor-element elementor-element-62f6b525207d5 elementor-section-boxed elementor-section-height-default elementor-section-height-default\" data-id=\"62f6b525207d5\" data-element_type=\"section\" data-settings=\"{&quot;jet_parallax_layout_list&quot;:[]}\">\n\t\t\t\t\t\t<div class=\"elementor-container elementor-column-gap-default\">\n\t\t\t\t\t<div class=\"elementor-column elementor-col-100 elementor-top-column elementor-element elementor-element-62f6b525207d6\" data-id=\"62f6b525207d6\" data-element_type=\"column\">\n\t\t\t<div class=\"elementor-widget-wrap elementor-element-populated\">\n\t\t\t\t\t\t<div class=\"elementor-element elementor-element-62f6b525207d7 elementor-widget elementor-widget-spacer\" data-id=\"62f6b525207d7\" data-element_type=\"widget\" data-widget_type=\"spacer.default\">\n\t\t\t\t<div class=\"elementor-widget-container\">\n\t\t\t\t\t\t\t<div class=\"elementor-spacer\">\n\t\t\t<div class=\"elementor-spacer-inner\"><\/div>\n\t\t<\/div>\n\t\t\t\t\t\t<\/div>\n\t\t\t\t<\/div>\n\t\t\t\t\t<\/div>\n\t\t<\/div>\n\t\t\t\t\t<\/div>\n\t\t<\/section>\n\t\t\t\t<section class=\"elementor-section elementor-top-section elementor-element elementor-element-62f6b525207d8 elementor-section-boxed elementor-section-height-default elementor-section-height-default\" data-id=\"62f6b525207d8\" data-element_type=\"section\" data-settings=\"{&quot;jet_parallax_layout_list&quot;:[]}\">\n\t\t\t\t\t\t<div class=\"elementor-container elementor-column-gap-no\">\n\t\t\t\t\t<div class=\"elementor-column elementor-col-100 elementor-top-column elementor-element elementor-element-62f6b525207d9\" data-id=\"62f6b525207d9\" data-element_type=\"column\">\n\t\t\t<div class=\"elementor-widget-wrap elementor-element-populated\">\n\t\t\t\t\t\t<div class=\"elementor-element elementor-element-62f6b524d3fe8 elementor-widget elementor-widget-text-editor\" data-id=\"62f6b524d3fe8\" data-element_type=\"widget\" data-widget_type=\"text-editor.default\">\n\t\t\t\t<div class=\"elementor-widget-container\">\n\t\t\t\t\t\t\t\t\t<h3>Objectif et but<p>Le PS Migrant-e-s suisse se consid&egrave;re comme un mouvement d&rsquo;&eacute;galit&eacute; social-d&eacute;mocratique. Il s&rsquo;engage pour la participation politique des personnes issues de la migration &agrave; l&rsquo;int&eacute;rieur et &agrave; l&rsquo;ext&eacute;rieur du PS.<\/p><p>Son but est l&rsquo;&eacute;galit&eacute; de tou-te-s les migrant-e-s, que ce soit dans la soci&eacute;t&eacute; ou le domaine politique, &eacute;conomique, social ou culturel, la mise en &oelig;uvre des droits humains et l&rsquo;&eacute;limination de la discrimination envers les migrant-e-s.<\/p><p>Parall&egrave;lement, le PS Migrant-e-s soutient, en tant qu&rsquo;interm&eacute;diaire, le PS Suisse dans son engagement dans les pays d&rsquo;origine des migrantes et des migrants en faveur des valeurs et de la politique socialistes, comme la paix, la r&eacute;solution pacifique des conflits, l&rsquo;&eacute;mancipation, l&rsquo;autod&eacute;termination, l&rsquo;&eacute;galit&eacute; de toutes et de tous et la fin de l&rsquo;exploitation.<\/p><h3>Organisation<\/h3><p>Le Congr&egrave;s des 3 et 4 d&eacute;cembre 2016 &agrave; Thoune a reconnu le PS Migrant-e-s dans son statut comme organe du PS suisse. Le rang statutaire correspond &agrave; celui des Femmes socialistes et PS 60+.<br>Avec cette d&eacute;cision, les d&eacute;l&eacute;gu&eacute;-e-s ont reconnu le grand travail de mise en place du PS Migrant-e-s dans les derni&egrave;res ann&eacute;es. Lors du s&eacute;minaire du 14 avril 2012, environ 150 participant-e-s ont &eacute;lu un Comit&eacute; provisoire et d&eacute;fini des pistes d&lsquo;action. Petit &agrave; petit, les partis cantonaux ont d&eacute;sign&eacute; deux repr&eacute;sentant-e-s au Comit&eacute; provisoire, histoire d&rsquo;ancrer d&eacute;finitivement cette nouvelle instance sur l&rsquo;ensemble de la Suisse. Nombre de ces partis ont mis sur pied des structures de ce type (Argovie, B&acirc;le-ville, Berne, Soleure, St. Galle, Valais romand, Vaud, Zurich etc.), des efforts similaires sont faits dans les autres partis cantonaux.<br>La conf&eacute;rence des membres confirme les membres de la Conf&eacute;rence des d&eacute;l&eacute;gu&eacute;-e-s et &eacute;lit la pr&eacute;sidence, les d&eacute;l&eacute;gu&eacute;-e-s et les comit&eacute;s. Depuis 2015, le PS Migrant-e-s suisse est pr&eacute;sid&eacute; par Mustafa Atici (pr&eacute;sident), Fran&ccedil;oise Bassand et Osman Osmani (vice-pr&eacute;sident-e). L&#8217;Assembl&eacute;e G&eacute;n&eacute;rale du 18 mai 2019 les a confirm&eacute; et a &eacute;lu de plus Grazia Tredanari et Mike-Justin Kabongi comme vice-pr&eacute;sident-e.<\/p><\/h3>\n\t\t\t\t\t\t\t\t<\/div>\n\t\t\t\t<\/div>\n\t\t\t\t<div class=\"elementor-element elementor-element-62f6b5251c968 elementor-widget elementor-widget-spps_button_list\" data-id=\"62f6b5251c968\" data-element_type=\"widget\" data-widget_type=\"spps_button_list.default\">\n\t\t\t\t<div class=\"elementor-widget-container\">\n\t\t\t\t\t<div class=\"button-list-wrapper wrapper-spacing-small  \"><div class=\"button-list-title\"><h3>Documents<\/h3><\/div><div class=\"button-list-container\"><div class=\"button-list-items\"><div class=\"button-list-item\"><div class=\"button-wrapper \"><a href=\"https:\/\/www.sp-ps.ch\/wp-content\/uploads\/2022\/07\/sp-migrantinnen_konzeptentwurf-an-tagung_fr_1.pdf\"  target=\"_self\" class=\"button-link button-link-default\" >Document conceptuel 'Am\u00e9liorer la collaboration avel les organisations des migrant-e-s de gauche' (2012)<span class=\"button-media-date\">28.04.2026<\/span><\/a><\/div><\/div><div class=\"button-list-item\"><div class=\"button-wrapper \"><a href=\"https:\/\/www.sp-ps.ch\/wp-content\/uploads\/2022\/07\/portrait_ps_migrants_2.pdf\"  target=\"_self\" class=\"button-link button-link-default\" >Portrait du PS Migrant-e-s suisse (2017)<span class=\"button-media-date\">28.04.2026<\/span><\/a><\/div><\/div><div class=\"button-list-item\"><div class=\"button-wrapper \"><a href=\"https:\/\/www.sp-ps.ch\/wp-content\/uploads\/2022\/07\/220624_reglement-ps-migrant-e-s-suisse.pdf\"  target=\"_self\" class=\"button-link button-link-default\" >R\u00e8glement PS Migrant-e-s Suisse (2022)<span class=\"button-media-date\">28.04.2026<\/span><\/a><\/div><\/div><div class=\"button-list-item\"><div class=\"button-wrapper \"><a href=\"https:\/\/www.sp-ps.ch\/wp-content\/uploads\/2022\/07\/120909_resolution_ps_migrant-e-s_ptlugano_f_1.pdf\"  target=\"_self\" class=\"button-link button-link-default\" >R\u00e9solution 'Plan d'action visant \u00e0 renforcer la participation politique des immigr\u00e9-e-s au sein du parti' (congr\u00e8s 2012)<span class=\"button-media-date\">28.04.2026<\/span><\/a><\/div><\/div><div class=\"button-list-item\"><div class=\"button-wrapper \"><a href=\"https:\/\/www.sp-ps.ch\/wp-content\/uploads\/2022\/07\/140628_resolution_wahlen2015_ptwinterthur_f_1.pdf\"  target=\"_self\" class=\"button-link button-link-default\" >R\u00e9solution 'Poursuivre le plan d'action du PS Migrant-e-s' (congr\u00e8s 2015)<span class=\"button-media-date\">28.04.2026<\/span><\/a><\/div><\/div><\/div><\/div><\/div>\t\t\t\t<\/div>\n\t\t\t\t<\/div>\n\t\t\t\t<div class=\"elementor-element elementor-element-62f6b5251c986 elementor-widget elementor-widget-spps_button_list\" data-id=\"62f6b5251c986\" data-element_type=\"widget\" data-widget_type=\"spps_button_list.default\">\n\t\t\t\t<div class=\"elementor-widget-container\">\n\t\t\t\t\t<div class=\"button-list-wrapper wrapper-spacing-small  \"><div class=\"button-list-title\"><h3>Logos<\/h3><\/div><div class=\"button-list-container\"><div class=\"button-list-items\"><div class=\"button-list-item\"><div class=\"button-wrapper \"><a href=\"https:\/\/www.sp-ps.ch\/sites\/default\/files\/documents\/vorlage_sp_migr_bildmarke_positiv_4c.png\"  target=\"_self\" class=\"button-link button-link-default\" >Logo (D)<span class=\"button-media-date\">28.04.2026<\/span><\/a><\/div><\/div><div class=\"button-list-item\"><div class=\"button-wrapper \"><a href=\"https:\/\/www.sp-ps.ch\/sites\/default\/files\/documents\/ps_migr_f_image_cmyk.png\"  target=\"_self\" class=\"button-link button-link-default\" >Logo (F)<span class=\"button-media-date\">28.04.2026<\/span><\/a><\/div><\/div><div class=\"button-list-item\"><div class=\"button-wrapper \"><a href=\"https:\/\/www.sp-ps.ch\/sites\/default\/files\/documents\/modeles_ps_migr_marque_graphique_verbal_positiv_4c.jpg\"  target=\"_self\" class=\"button-link button-link-default\" >Logo avec text (F)<span class=\"button-media-date\">28.04.2026<\/span><\/a><\/div><\/div><div class=\"button-list-item\"><div class=\"button-wrapper \"><a href=\"https:\/\/www.sp-ps.ch\/sites\/default\/files\/documents\/vorlage_sp_migr_bildmarke_wortmarke_positiv_4c.jpg\"  target=\"_self\" class=\"button-link button-link-default\" >Logo inkl. Text (D)<span class=\"button-media-date\">28.04.2026<\/span><\/a><\/div><\/div><\/div><\/div><\/div>\t\t\t\t<\/div>\n\t\t\t\t<\/div>\n\t\t\t\t\t<\/div>\n\t\t<\/div>\n\t\t\t\t\t<\/div>\n\t\t<\/section>\n\t\t\t\t<\/div>\n\t\t","protected":false},"excerpt":{"rendered":"","protected":false},"author":1,"featured_media":0,"parent":0,"menu_order":0,"comment_status":"open","ping_status":"closed","template":"","meta":{"footnotes":""},"class_list":["post-67646","page","type-page","status-publish","hentry"],"_links":{"self":[{"href":"https:\/\/www.sp-ps.ch\/fr\/wp-json\/wp\/v2\/pages\/67646","targetHints":{"allow":["GET"]}}],"collection":[{"href":"https:\/\/www.sp-ps.ch\/fr\/wp-json\/wp\/v2\/pages"}],"about":[{"href":"https:\/\/www.sp-ps.ch\/fr\/wp-json\/wp\/v2\/types\/page"}],"author":[{"embeddable":true,"href":"https:\/\/www.sp-ps.ch\/fr\/wp-json\/wp\/v2\/users\/1"}],"replies":[{"embeddable":true,"href":"https:\/\/www.sp-ps.ch\/fr\/wp-json\/wp\/v2\/comments?post=67646"}],"version-history":[{"count":0,"href":"https:\/\/www.sp-ps.ch\/fr\/wp-json\/wp\/v2\/pages\/67646\/revisions"}],"wp:attachment":[{"href":"https:\/\/www.sp-ps.ch\/fr\/wp-json\/wp\/v2\/media?parent=67646"}],"curies":[{"name":"wp","href":"https:\/\/api.w.org\/{rel}","templated":true}]}}

À propos

<div data-elementor-type="wp-post" data-elementor-id="67646" class="elementor elementor-67646" data-elementor-post-type="page">
						<section class="elementor-section elementor-top-section elementor-element elementor-element-62f6b525207d3 elementor-section-boxed elementor-section-height-default elementor-section-height-default" data-id="62f6b525207d3" data-element_type="section" data-settings="{&quot;jet_parallax_layout_list&quot;:[],&quot;background_background&quot;:&quot;classic&quot;}">
						<div class="elementor-container elementor-column-gap-wide">
					<div class="elementor-column elementor-col-100 elementor-top-column elementor-element elementor-element-62f6b525207d4" data-id="62f6b525207d4" data-element_type="column">
			<div class="elementor-widget-wrap elementor-element-populated">
						<div class="elementor-element elementor-element-62f6b52520771 elementor-widget elementor-widget-heading" data-id="62f6b52520771" data-element_type="widget" data-widget_type="heading.default">
				<div class="elementor-widget-container">
					<h1 class="elementor-heading-title elementor-size-default">À propos</h1>				</div>
				</div>
				<div class="elementor-element elementor-element-62f6b525207c2 elementor-widget elementor-widget-jet-breadcrumbs" data-id="62f6b525207c2" data-element_type="widget" data-widget_type="jet-breadcrumbs.default">
				<div class="elementor-widget-container">
					<div class="elementor-jet-breadcrumbs jet-blocks">
		<div class="jet-breadcrumbs">
		<div class="jet-breadcrumbs__content">
		<div class="jet-breadcrumbs__wrap">
		</div>
		</div>
		</div></div>				</div>
				</div>
					</div>
		</div>
					</div>
		</section>
				<section class="elementor-section elementor-top-section elementor-element elementor-element-62f6b525207d5 elementor-section-boxed elementor-section-height-default elementor-section-height-default" data-id="62f6b525207d5" data-element_type="section" data-settings="{&quot;jet_parallax_layout_list&quot;:[]}">
						<div class="elementor-container elementor-column-gap-default">
					<div class="elementor-column elementor-col-100 elementor-top-column elementor-element elementor-element-62f6b525207d6" data-id="62f6b525207d6" data-element_type="column">
			<div class="elementor-widget-wrap elementor-element-populated">
						<div class="elementor-element elementor-element-62f6b525207d7 elementor-widget elementor-widget-spacer" data-id="62f6b525207d7" data-element_type="widget" data-widget_type="spacer.default">
				<div class="elementor-widget-container">
							<div class="elementor-spacer">
			<div class="elementor-spacer-inner"></div>
		</div>
						</div>
				</div>
					</div>
		</div>
					</div>
		</section>
				<section class="elementor-section elementor-top-section elementor-element elementor-element-62f6b525207d8 elementor-section-boxed elementor-section-height-default elementor-section-height-default" data-id="62f6b525207d8" data-element_type="section" data-settings="{&quot;jet_parallax_layout_list&quot;:[]}">
						<div class="elementor-container elementor-column-gap-no">
					<div class="elementor-column elementor-col-100 elementor-top-column elementor-element elementor-element-62f6b525207d9" data-id="62f6b525207d9" data-element_type="column">
			<div class="elementor-widget-wrap elementor-element-populated">
						<div class="elementor-element elementor-element-62f6b524d3fe8 elementor-widget elementor-widget-text-editor" data-id="62f6b524d3fe8" data-element_type="widget" data-widget_type="text-editor.default">
				<div class="elementor-widget-container">
									<h3>Objectif et but<p>Le PS Migrant-e-s suisse se consid&egrave;re comme un mouvement d&rsquo;&eacute;galit&eacute; social-d&eacute;mocratique. Il s&rsquo;engage pour la participation politique des personnes issues de la migration &agrave; l&rsquo;int&eacute;rieur et &agrave; l&rsquo;ext&eacute;rieur du PS.</p><p>Son but est l&rsquo;&eacute;galit&eacute; de tou-te-s les migrant-e-s, que ce soit dans la soci&eacute;t&eacute; ou le domaine politique, &eacute;conomique, social ou culturel, la mise en &oelig;uvre des droits humains et l&rsquo;&eacute;limination de la discrimination envers les migrant-e-s.</p><p>Parall&egrave;lement, le PS Migrant-e-s soutient, en tant qu&rsquo;interm&eacute;diaire, le PS Suisse dans son engagement dans les pays d&rsquo;origine des migrantes et des migrants en faveur des valeurs et de la politique socialistes, comme la paix, la r&eacute;solution pacifique des conflits, l&rsquo;&eacute;mancipation, l&rsquo;autod&eacute;termination, l&rsquo;&eacute;galit&eacute; de toutes et de tous et la fin de l&rsquo;exploitation.</p><h3>Organisation</h3><p>Le Congr&egrave;s des 3 et 4 d&eacute;cembre 2016 &agrave; Thoune a reconnu le PS Migrant-e-s dans son statut comme organe du PS suisse. Le rang statutaire correspond &agrave; celui des Femmes socialistes et PS 60+.<br>Avec cette d&eacute;cision, les d&eacute;l&eacute;gu&eacute;-e-s ont reconnu le grand travail de mise en place du PS Migrant-e-s dans les derni&egrave;res ann&eacute;es. Lors du s&eacute;minaire du 14 avril 2012, environ 150 participant-e-s ont &eacute;lu un Comit&eacute; provisoire et d&eacute;fini des pistes d&lsquo;action. Petit &agrave; petit, les partis cantonaux ont d&eacute;sign&eacute; deux repr&eacute;sentant-e-s au Comit&eacute; provisoire, histoire d&rsquo;ancrer d&eacute;finitivement cette nouvelle instance sur l&rsquo;ensemble de la Suisse. Nombre de ces partis ont mis sur pied des structures de ce type (Argovie, B&acirc;le-ville, Berne, Soleure, St. Galle, Valais romand, Vaud, Zurich etc.), des efforts similaires sont faits dans les autres partis cantonaux.<br>La conf&eacute;rence des membres confirme les membres de la Conf&eacute;rence des d&eacute;l&eacute;gu&eacute;-e-s et &eacute;lit la pr&eacute;sidence, les d&eacute;l&eacute;gu&eacute;-e-s et les comit&eacute;s. Depuis 2015, le PS Migrant-e-s suisse est pr&eacute;sid&eacute; par Mustafa Atici (pr&eacute;sident), Fran&ccedil;oise Bassand et Osman Osmani (vice-pr&eacute;sident-e). L&#8217;Assembl&eacute;e G&eacute;n&eacute;rale du 18 mai 2019 les a confirm&eacute; et a &eacute;lu de plus Grazia Tredanari et Mike-Justin Kabongi comme vice-pr&eacute;sident-e.</p></h3>
								</div>
				</div>
				<div class="elementor-element elementor-element-62f6b5251c968 elementor-widget elementor-widget-spps_button_list" data-id="62f6b5251c968" data-element_type="widget" data-widget_type="spps_button_list.default">
				<div class="elementor-widget-container">
					<div class="button-list-wrapper wrapper-spacing-small  "><div class="button-list-title"><h3>Documents</h3></div><div class="button-list-container"><div class="button-list-items"><div class="button-list-item"><div class="button-wrapper "><a href="https://www.sp-ps.ch/wp-content/uploads/2022/07/sp-migrantinnen_konzeptentwurf-an-tagung_fr_1.pdf"  target="_self" class="button-link button-link-default" >Document conceptuel 'Améliorer la collaboration avel les organisations des migrant-e-s de gauche' (2012)<span class="button-media-date">28.04.2026</span></a></div></div><div class="button-list-item"><div class="button-wrapper "><a href="https://www.sp-ps.ch/wp-content/uploads/2022/07/portrait_ps_migrants_2.pdf"  target="_self" class="button-link button-link-default" >Portrait du PS Migrant-e-s suisse (2017)<span class="button-media-date">28.04.2026</span></a></div></div><div class="button-list-item"><div class="button-wrapper "><a href="https://www.sp-ps.ch/wp-content/uploads/2022/07/220624_reglement-ps-migrant-e-s-suisse.pdf"  target="_self" class="button-link button-link-default" >Règlement PS Migrant-e-s Suisse (2022)<span class="button-media-date">28.04.2026</span></a></div></div><div class="button-list-item"><div class="button-wrapper "><a href="https://www.sp-ps.ch/wp-content/uploads/2022/07/120909_resolution_ps_migrant-e-s_ptlugano_f_1.pdf"  target="_self" class="button-link button-link-default" >Résolution 'Plan d'action visant à renforcer la participation politique des immigré-e-s au sein du parti' (congrès 2012)<span class="button-media-date">28.04.2026</span></a></div></div><div class="button-list-item"><div class="button-wrapper "><a href="https://www.sp-ps.ch/wp-content/uploads/2022/07/140628_resolution_wahlen2015_ptwinterthur_f_1.pdf"  target="_self" class="button-link button-link-default" >Résolution 'Poursuivre le plan d'action du PS Migrant-e-s' (congrès 2015)<span class="button-media-date">28.04.2026</span></a></div></div></div></div></div>				</div>
				</div>
				<div class="elementor-element elementor-element-62f6b5251c986 elementor-widget elementor-widget-spps_button_list" data-id="62f6b5251c986" data-element_type="widget" data-widget_type="spps_button_list.default">
				<div class="elementor-widget-container">
					<div class="button-list-wrapper wrapper-spacing-small  "><div class="button-list-title"><h3>Logos</h3></div><div class="button-list-container"><div class="button-list-items"><div class="button-list-item"><div class="button-wrapper "><a href="https://www.sp-ps.ch/sites/default/files/documents/vorlage_sp_migr_bildmarke_positiv_4c.png"  target="_self" class="button-link button-link-default" >Logo (D)<span class="button-media-date">28.04.2026</span></a></div></div><div class="button-list-item"><div class="button-wrapper "><a href="https://www.sp-ps.ch/sites/default/files/documents/ps_migr_f_image_cmyk.png"  target="_self" class="button-link button-link-default" >Logo (F)<span class="button-media-date">28.04.2026</span></a></div></div><div class="button-list-item"><div class="button-wrapper "><a href="https://www.sp-ps.ch/sites/default/files/documents/modeles_ps_migr_marque_graphique_verbal_positiv_4c.jpg"  target="_self" class="button-link button-link-default" >Logo avec text (F)<span class="button-media-date">28.04.2026</span></a></div></div><div class="button-list-item"><div class="button-wrapper "><a href="https://www.sp-ps.ch/sites/default/files/documents/vorlage_sp_migr_bildmarke_wortmarke_positiv_4c.jpg"  target="_self" class="button-link button-link-default" >Logo inkl. Text (D)<span class="button-media-date">28.04.2026</span></a></div></div></div></div></div>				</div>
				</div>
					</div>
		</div>
					</div>
		</section>
				</div>
