{"id":100281,"date":"2023-05-26T10:26:22","date_gmt":"2023-05-26T08:26:22","guid":{"rendered":"https:\/\/www.sp-ps.ch\/veranstaltung\/congres-3\/"},"modified":"2025-11-13T16:41:40","modified_gmt":"2025-11-13T15:41:40","slug":"brigue2025","status":"publish","type":"tribe_events","link":"https:\/\/www.sp-ps.ch\/fr\/agenda\/brigue2025\/","title":{"rendered":"Congr\u00e8s \u00e0 Brigue"},"content":{"rendered":"\t\t<div data-elementor-type=\"tec_event_single_static\" data-elementor-id=\"100281\" class=\"elementor elementor-100281 elementor-100279\" data-elementor-post-type=\"tribe_events\">\n\t\t\t\t\t\t<section class=\"elementor-section elementor-top-section elementor-element elementor-element-527e73ad elementor-section-boxed elementor-section-height-default elementor-section-height-default\" data-id=\"527e73ad\" data-element_type=\"section\" data-settings=\"{&quot;jet_parallax_layout_list&quot;:[]}\">\n\t\t\t\t\t\t<div class=\"elementor-container elementor-column-gap-default\">\n\t\t\t\t\t<div class=\"elementor-column elementor-col-100 elementor-top-column elementor-element elementor-element-5daac956\" data-id=\"5daac956\" data-element_type=\"column\">\n\t\t\t<div class=\"elementor-widget-wrap elementor-element-populated\">\n\t\t\t\t\t\t<div class=\"elementor-element elementor-element-34b53131 elementor-widget elementor-widget-text-editor\" data-id=\"34b53131\" data-element_type=\"widget\" data-widget_type=\"text-editor.default\">\n\t\t\t\t<div class=\"elementor-widget-container\">\n\t\t\t\t\t\t\t\t\t<h4>Simplonhalle, Rhonesandstrasse 18a, Brigue<\/h4>\n<p>&nbsp;<\/p>\n<h3>Proc\u00e8s-verbal<\/h3>\n<ul class=\"attachments\">\n<li><a href=\"https:\/\/www.sp-ps.ch\/wp-content\/uploads\/2025\/11\/Protokoll_Brig-2025-final.pdf\" target=\"_blank\" rel=\"noopener\">Le proc\u00e8s-verbal du Congr\u00e8s du 22 f\u00e9vrier 2025<\/a><\/li>\n<\/ul>\n<p>&nbsp;<\/p>\n<h3>Discours de la Co-Pr\u00e9sidence du PS Suisse<\/h3>\n<ul class=\"attachments\">\n<li><a href=\"https:\/\/www.sp-ps.ch\/wp-content\/uploads\/2025\/02\/250222_Parteitag-SP-Schweiz_Brig_Redetext-Mattea-Meyer-Cedric-Wermuth_DF.pdf\" target=\"_blank\" rel=\"noopener\">Discours de la Co-Pr\u00e9sidence du PS Suisse<\/a><\/li>\n<\/ul>\n<p>&nbsp;<\/p>\n<h3><strong>R\u00e9solutions et papiers de position approuv\u00e9es\u00a0<\/strong><\/h3>\n<ul class=\"attachments\">\n<li><a href=\"https:\/\/www.sp-ps.ch\/wp-content\/uploads\/2025\/03\/Rien-sur-nous-sans-nous.-Linclusion-maintenant\u2009-2025.pdf\" target=\"_blank\" rel=\"noopener\">Rien sur nous sans nous. L\u2019inclusion maintenant\u2009! (2025)<\/a><\/li>\n<li><a href=\"https:\/\/www.sp-ps.ch\/wp-content\/uploads\/2025\/10\/Exigences-en-matiere-dinclusion-dans-un-langage-simplifie-2025.pdf\">Exigences en mati\u00e8re d&#8217;inclusion dans un langage simplifi\u00e9 (2025)<\/a><\/li>\n<li><a href=\"https:\/\/www.sp-ps.ch\/wp-content\/uploads\/2025\/02\/Pour-une-politique-europeenne-de-la-Suisse-tournee-vers-lavenir-\u2014-renforcer-la-cooperation-et-lintegration.pdf\" target=\"_blank\" rel=\"noopener\">Pour une politique europ\u00e9enne de la Suisse tourn\u00e9e vers l\u2019avenir \u2014 renforcer la coop\u00e9ration et l\u2019int\u00e9gration (2025)<\/a><\/li>\n<li><a href=\"https:\/\/www.sp-ps.ch\/wp-content\/uploads\/2025\/02\/Pour-une-Syrie-democratique-pacifique-et-solidaire-et-pour-de-la-solidarite-avec-le-nord-et-lest-de-la-Syrie-Rojava.pdf\" target=\"_blank\" rel=\"noopener\">Pour une Syrie d\u00e9mocratique, pacifique et solidaire, et pour de la solidarit\u00e9 avec le nord et l\u2019est de la Syrie (Rojava) (2025)<\/a><\/li>\n<li><a href=\"https:\/\/www.sp-ps.ch\/wp-content\/uploads\/2025\/02\/Solidarite-avec-les-etudiant-es-et-les-lyceen-nes-vivant-en-Serbie.pdf\" target=\"_blank\" rel=\"noopener\">Solidarit\u00e9 avec les \u00e9tudiant-es et les lyc\u00e9en-nes vivant en Serbie (2025)<\/a><\/li>\n<li><a href=\"https:\/\/www.sp-ps.ch\/wp-content\/uploads\/2025\/02\/Pour-un-droit-de-la-nationalite-moderne.pdf\" target=\"_blank\" rel=\"noopener\">Pour un droit de la nationalit\u00e9 moderne (2025)<\/a><\/li>\n<li><a href=\"https:\/\/www.sp-ps.ch\/wp-content\/uploads\/2025\/02\/Une-politique-de-gauche-et-feministe-pour-lutter-contre-le-backlash-de-la-droite-conservatrice.pdf\" target=\"_blank\" rel=\"noopener\">Une politique de gauche et f\u00e9ministe pour lutter contre le backlash de la droite conservatrice (2025)<\/a><\/li>\n<\/ul>\n<p>&nbsp;<\/p>\n<h3><strong>Documentation finale (du 14 f\u00e9vrier 2025)<\/strong><\/h3>\n<ul class=\"attachments\">\n<li><a href=\"https:\/\/www.sp-ps.ch\/wp-content\/uploads\/2023\/05\/Schlussdokumentation-Brig2025_f.pdf\">Documentation finale, dont l\u2019ordre du jour<\/a><\/li>\n<li><a href=\"https:\/\/www.sp-ps.ch\/wp-content\/uploads\/2023\/05\/Schlussdokumentation-Inklusion-F-final-1.pdf\">Le papier de position \u00ab\u2009Rien sur nous sans nous. L\u2019inclusion maintenant\u2009! \u00bb avec toutes les propositions du d\u00e9lai n\u00b02, y compris les recommandations de la pr\u00e9sidence<\/a><\/li>\n<\/ul>\n<p>&nbsp;<\/p>\n<h3><strong>Documents (2\u00e8me envoi du 22 janvier 2025)<\/strong><\/h3>\n<ul class=\"attachments\">\n<li><a href=\"https:\/\/www.sp-ps.ch\/wp-content\/uploads\/2023\/05\/Versand2_Brig2025_f.pdf\">Envoi 2 (Invitation aux d\u00e9l\u00e9gu\u00e9-e-s)<\/a><\/li>\n<li><a href=\"https:\/\/www.sp-ps.ch\/wp-content\/uploads\/2023\/05\/Ueberarbeitete-Fassung-Inklusion-F_final.pdf\">Papier en discussion : version retravaill\u00e9e \u00ab\u2009Rien sur nous sans nous. L\u2019inclusion maintenant\u2009! \u00bb<\/a><\/li>\n<li><a href=\"https:\/\/www.sp-ps.ch\/wp-content\/uploads\/2023\/05\/Arbeitspapier-Inklusion-mit-Antraegen-F.pdf\">Papier de travail \u00ab\u2009Rien sur nous sans nous. L\u2019inclusion maintenant\u2009! \u00bb avec toutes les propositions du d\u00e9lai n\u00b01<\/a><\/li>\n<li><a href=\"https:\/\/www.sp-ps.ch\/wp-content\/uploads\/2023\/05\/Merkblatt_Antraege_f-5.pdf\">Fiche d\u2019information pour les amendements au papier de position<\/a><\/li>\n<li><a href=\"https:\/\/www.sp-ps.ch\/wp-content\/uploads\/2023\/05\/Antragsformular_f-6.docx\">Formulaire pour les amendements au papier de position<\/a><\/li>\n<\/ul>\n<h3>\u00a0<\/h3>\n<h3>\u00a0<\/h3>\n<p>&nbsp;<\/p>\n<h3><strong>Documents (1er envoi du 6 d\u00e9cembre 2024)<\/strong><\/h3>\n<ul class=\"attachments\">\n<li><a href=\"https:\/\/www.sp-ps.ch\/wp-content\/uploads\/2023\/05\/Versand1_Einladung_Sektionen_Brig_f-1.pdf\">Envoi 1 (Invitation aux sections)<\/a><\/li>\n<li><a href=\"https:\/\/www.sp-ps.ch\/wp-content\/uploads\/2023\/05\/Inklusionspapier-Franzoesisch_Final.pdf\">Le papier de position \u00ab\u2009Rien sur nous sans nous. L\u2019inclusion maintenant\u2009! \u00bb<\/a><\/li>\n<li><a href=\"https:\/\/www.sp-ps.ch\/wp-content\/uploads\/2023\/05\/Sektionsbuechlein-PT-Februrar-2025-Brig.pdf\">Livret des sections (avec les instructions pour le nombre de d\u00e9l\u00e9gu\u00e9-e-s)<\/a><\/li>\n<li><a href=\"https:\/\/www.sp-ps.ch\/wp-content\/uploads\/2023\/05\/Protokoll-Davos-Oktober-2024_final.pdf\">Le proc\u00e8s-verbal du Congr\u00e8s des 26 et 27 octobre 2024<\/a><\/li>\n<\/ul>\n<ul class=\"attachments\">\n<li style=\"list-style-type: none;\">\u00a0<\/li>\n<\/ul>\n<p>&nbsp;<\/p>\n\t\t\t\t\t\t\t\t<\/div>\n\t\t\t\t<\/div>\n\t\t\t\t\t<\/div>\n\t\t<\/div>\n\t\t\t\t\t<\/div>\n\t\t<\/section>\n\t\t\t\t<\/div>\n\t\t","protected":false},"excerpt":{"rendered":"<p>Simplonhalle, Rhonesandstrasse 18a, Brigue &nbsp; Proc\u00e8s-verbal Le proc\u00e8s-verbal du Congr\u00e8s du 22 f\u00e9vrier 2025 &nbsp; Discours de la Co-Pr\u00e9sidence du PS Suisse Discours de la Co-Pr\u00e9sidence du PS Suisse &nbsp; [&hellip;]<\/p>\n","protected":false},"author":64,"featured_media":0,"template":"","meta":{"_tribe_events_status":"","_tribe_events_status_reason":"","_tribe_events_is_hybrid":"","_tribe_events_is_virtual":"","_tribe_events_virtual_video_source":"","_tribe_events_virtual_embed_video":"","_tribe_events_virtual_linked_button_text":"","_tribe_events_virtual_linked_button":"","_tribe_events_virtual_show_embed_at":"","_tribe_events_virtual_show_embed_to":[],"_tribe_events_virtual_show_on_event":"","_tribe_events_virtual_show_on_views":"","_tribe_events_virtual_url":"","footnotes":""},"tags":[],"tribe_events_cat":[15417],"class_list":["post-100281","tribe_events","type-tribe_events","status-publish","hentry","tribe_events_cat-congres","cat_congres"],"_links":{"self":[{"href":"https:\/\/www.sp-ps.ch\/fr\/wp-json\/wp\/v2\/tribe_events\/100281","targetHints":{"allow":["GET"]}}],"collection":[{"href":"https:\/\/www.sp-ps.ch\/fr\/wp-json\/wp\/v2\/tribe_events"}],"about":[{"href":"https:\/\/www.sp-ps.ch\/fr\/wp-json\/wp\/v2\/types\/tribe_events"}],"author":[{"embeddable":true,"href":"https:\/\/www.sp-ps.ch\/fr\/wp-json\/wp\/v2\/users\/64"}],"version-history":[{"count":47,"href":"https:\/\/www.sp-ps.ch\/fr\/wp-json\/wp\/v2\/tribe_events\/100281\/revisions"}],"predecessor-version":[{"id":173076,"href":"https:\/\/www.sp-ps.ch\/fr\/wp-json\/wp\/v2\/tribe_events\/100281\/revisions\/173076"}],"wp:attachment":[{"href":"https:\/\/www.sp-ps.ch\/fr\/wp-json\/wp\/v2\/media?parent=100281"}],"wp:term":[{"taxonomy":"post_tag","embeddable":true,"href":"https:\/\/www.sp-ps.ch\/fr\/wp-json\/wp\/v2\/tags?post=100281"},{"taxonomy":"tribe_events_cat","embeddable":true,"href":"https:\/\/www.sp-ps.ch\/fr\/wp-json\/wp\/v2\/tribe_events_cat?post=100281"}],"curies":[{"name":"wp","href":"https:\/\/api.w.org\/{rel}","templated":true}]}}

Congrès à Brigue

<div data-elementor-type="tec_event_single_static" data-elementor-id="100281" class="elementor elementor-100281 elementor-100279" data-elementor-post-type="tribe_events">
						<section class="elementor-section elementor-top-section elementor-element elementor-element-527e73ad elementor-section-boxed elementor-section-height-default elementor-section-height-default" data-id="527e73ad" data-element_type="section" data-settings="{&quot;jet_parallax_layout_list&quot;:[]}">
						<div class="elementor-container elementor-column-gap-default">
					<div class="elementor-column elementor-col-100 elementor-top-column elementor-element elementor-element-5daac956" data-id="5daac956" data-element_type="column">
			<div class="elementor-widget-wrap elementor-element-populated">
						<div class="elementor-element elementor-element-34b53131 elementor-widget elementor-widget-text-editor" data-id="34b53131" data-element_type="widget" data-widget_type="text-editor.default">
				<div class="elementor-widget-container">
									<h4>Simplonhalle, Rhonesandstrasse 18a, Brigue</h4>
<p>&nbsp;</p>
<h3>Procès-verbal</h3>
<ul class="attachments">
<li><a href="https://www.sp-ps.ch/wp-content/uploads/2025/11/Protokoll_Brig-2025-final.pdf" target="_blank" rel="noopener">Le procès-verbal du Congrès du 22 février 2025</a></li>
</ul>
<p>&nbsp;</p>
<h3>Discours de la Co-Présidence du PS Suisse</h3>
<ul class="attachments">
<li><a href="https://www.sp-ps.ch/wp-content/uploads/2025/02/250222_Parteitag-SP-Schweiz_Brig_Redetext-Mattea-Meyer-Cedric-Wermuth_DF.pdf" target="_blank" rel="noopener">Discours de la Co-Présidence du PS Suisse</a></li>
</ul>
<p>&nbsp;</p>
<h3><strong>Résolutions et papiers de position approuvées </strong></h3>
<ul class="attachments">
<li><a href="https://www.sp-ps.ch/wp-content/uploads/2025/03/Rien-sur-nous-sans-nous.-Linclusion-maintenant -2025.pdf" target="_blank" rel="noopener">Rien sur nous sans nous. L’inclusion maintenant ! (2025)</a></li>
<li><a href="https://www.sp-ps.ch/wp-content/uploads/2025/10/Exigences-en-matiere-dinclusion-dans-un-langage-simplifie-2025.pdf">Exigences en matière d&#8217;inclusion dans un langage simplifié (2025)</a></li>
<li><a href="https://www.sp-ps.ch/wp-content/uploads/2025/02/Pour-une-politique-europeenne-de-la-Suisse-tournee-vers-lavenir-—-renforcer-la-cooperation-et-lintegration.pdf" target="_blank" rel="noopener">Pour une politique européenne de la Suisse tournée vers l’avenir — renforcer la coopération et l’intégration (2025)</a></li>
<li><a href="https://www.sp-ps.ch/wp-content/uploads/2025/02/Pour-une-Syrie-democratique-pacifique-et-solidaire-et-pour-de-la-solidarite-avec-le-nord-et-lest-de-la-Syrie-Rojava.pdf" target="_blank" rel="noopener">Pour une Syrie démocratique, pacifique et solidaire, et pour de la solidarité avec le nord et l’est de la Syrie (Rojava) (2025)</a></li>
<li><a href="https://www.sp-ps.ch/wp-content/uploads/2025/02/Solidarite-avec-les-etudiant-es-et-les-lyceen-nes-vivant-en-Serbie.pdf" target="_blank" rel="noopener">Solidarité avec les étudiant-es et les lycéen-nes vivant en Serbie (2025)</a></li>
<li><a href="https://www.sp-ps.ch/wp-content/uploads/2025/02/Pour-un-droit-de-la-nationalite-moderne.pdf" target="_blank" rel="noopener">Pour un droit de la nationalité moderne (2025)</a></li>
<li><a href="https://www.sp-ps.ch/wp-content/uploads/2025/02/Une-politique-de-gauche-et-feministe-pour-lutter-contre-le-backlash-de-la-droite-conservatrice.pdf" target="_blank" rel="noopener">Une politique de gauche et féministe pour lutter contre le backlash de la droite conservatrice (2025)</a></li>
</ul>
<p>&nbsp;</p>
<h3><strong>Documentation finale (du 14 février 2025)</strong></h3>
<ul class="attachments">
<li><a href="https://www.sp-ps.ch/wp-content/uploads/2023/05/Schlussdokumentation-Brig2025_f.pdf">Documentation finale, dont l’ordre du jour</a></li>
<li><a href="https://www.sp-ps.ch/wp-content/uploads/2023/05/Schlussdokumentation-Inklusion-F-final-1.pdf">Le papier de position « Rien sur nous sans nous. L’inclusion maintenant ! » avec toutes les propositions du délai n°2, y compris les recommandations de la présidence</a></li>
</ul>
<p>&nbsp;</p>
<h3><strong>Documents (2ème envoi du 22 janvier 2025)</strong></h3>
<ul class="attachments">
<li><a href="https://www.sp-ps.ch/wp-content/uploads/2023/05/Versand2_Brig2025_f.pdf">Envoi 2 (Invitation aux délégué-e-s)</a></li>
<li><a href="https://www.sp-ps.ch/wp-content/uploads/2023/05/Ueberarbeitete-Fassung-Inklusion-F_final.pdf">Papier en discussion : version retravaillée « Rien sur nous sans nous. L’inclusion maintenant ! »</a></li>
<li><a href="https://www.sp-ps.ch/wp-content/uploads/2023/05/Arbeitspapier-Inklusion-mit-Antraegen-F.pdf">Papier de travail « Rien sur nous sans nous. L’inclusion maintenant ! » avec toutes les propositions du délai n°1</a></li>
<li><a href="https://www.sp-ps.ch/wp-content/uploads/2023/05/Merkblatt_Antraege_f-5.pdf">Fiche d’information pour les amendements au papier de position</a></li>
<li><a href="https://www.sp-ps.ch/wp-content/uploads/2023/05/Antragsformular_f-6.docx">Formulaire pour les amendements au papier de position</a></li>
</ul>
<h3> </h3>
<h3> </h3>
<p>&nbsp;</p>
<h3><strong>Documents (1er envoi du 6 décembre 2024)</strong></h3>
<ul class="attachments">
<li><a href="https://www.sp-ps.ch/wp-content/uploads/2023/05/Versand1_Einladung_Sektionen_Brig_f-1.pdf">Envoi 1 (Invitation aux sections)</a></li>
<li><a href="https://www.sp-ps.ch/wp-content/uploads/2023/05/Inklusionspapier-Franzoesisch_Final.pdf">Le papier de position « Rien sur nous sans nous. L’inclusion maintenant ! »</a></li>
<li><a href="https://www.sp-ps.ch/wp-content/uploads/2023/05/Sektionsbuechlein-PT-Februrar-2025-Brig.pdf">Livret des sections (avec les instructions pour le nombre de délégué-e-s)</a></li>
<li><a href="https://www.sp-ps.ch/wp-content/uploads/2023/05/Protokoll-Davos-Oktober-2024_final.pdf">Le procès-verbal du Congrès des 26 et 27 octobre 2024</a></li>
</ul>
<ul class="attachments">
<li style="list-style-type: none;"> </li>
</ul>
<p>&nbsp;</p>
								</div>
				</div>
					</div>
		</div>
					</div>
		</section>
				</div>

<p>Simplonhalle, Rhonesandstrasse 18a, Brigue &nbsp; Procès-verbal Le procès-verbal du Congrès du 22 février 2025 &nbsp; Discours de la Co-Présidence du PS Suisse Discours de la Co-Présidence du PS Suisse &nbsp; [&hellip;]</p>
