{"id":140850,"date":"2024-08-28T10:57:03","date_gmt":"2024-08-28T08:57:03","guid":{"rendered":"https:\/\/www.sp-ps.ch\/veranstaltung\/commission-thematique-science-education-et-culture\/"},"modified":"2024-09-03T11:45:39","modified_gmt":"2024-09-03T09:45:39","slug":"commission-thematique-science-education-et-culture","status":"publish","type":"tribe_events","link":"https:\/\/www.sp-ps.ch\/fr\/agenda\/commission-thematique-science-education-et-culture\/","title":{"rendered":"Commission th\u00e9matique Science, \u00e9ducation et culture"},"content":{"rendered":"<p>Session en ligne sur Zoom, th\u00e8me: \u00ab G\u00e9n\u00e9ration de la peur &#8211; Les enfants et les jeunes \u00e0 l&#8217;\u00e8re du num\u00e9rique \u00bb. La participation est ouverte aux membres de la commission th\u00e9matique. <a href=\"https:\/\/www.sp-ps.ch\/fr\/parti\/commissions-thematiques\/\">Tu trouveras ici plus d&#8217;informations sur l&#8217;adh\u00e9sion<\/a>.<\/p>\n","protected":false},"excerpt":{"rendered":"<p>Session en ligne sur Zoom, th\u00e8me: \u00ab G\u00e9n\u00e9ration de la peur &#8211; Les enfants et les jeunes \u00e0 l&#8217;\u00e8re du num\u00e9rique \u00bb. La participation est ouverte aux membres de la [&hellip;]<\/p>\n","protected":false},"author":23,"featured_media":0,"template":"","meta":{"_tribe_events_status":"","_tribe_events_status_reason":"","_tribe_events_is_hybrid":"","_tribe_events_is_virtual":"","_tribe_events_virtual_video_source":"","_tribe_events_virtual_embed_video":"","_tribe_events_virtual_linked_button_text":"","_tribe_events_virtual_linked_button":"","_tribe_events_virtual_show_embed_at":"","_tribe_events_virtual_show_embed_to":[],"_tribe_events_virtual_show_on_event":"","_tribe_events_virtual_show_on_views":"","_tribe_events_virtual_url":"","footnotes":""},"tags":[],"tribe_events_cat":[15769],"class_list":["post-140850","tribe_events","type-tribe_events","status-publish","hentry","tribe_events_cat-tk-bildung-fr","cat_tk-bildung-fr"],"_links":{"self":[{"href":"https:\/\/www.sp-ps.ch\/fr\/wp-json\/wp\/v2\/tribe_events\/140850","targetHints":{"allow":["GET"]}}],"collection":[{"href":"https:\/\/www.sp-ps.ch\/fr\/wp-json\/wp\/v2\/tribe_events"}],"about":[{"href":"https:\/\/www.sp-ps.ch\/fr\/wp-json\/wp\/v2\/types\/tribe_events"}],"author":[{"embeddable":true,"href":"https:\/\/www.sp-ps.ch\/fr\/wp-json\/wp\/v2\/users\/23"}],"version-history":[{"count":5,"href":"https:\/\/www.sp-ps.ch\/fr\/wp-json\/wp\/v2\/tribe_events\/140850\/revisions"}],"predecessor-version":[{"id":141563,"href":"https:\/\/www.sp-ps.ch\/fr\/wp-json\/wp\/v2\/tribe_events\/140850\/revisions\/141563"}],"wp:attachment":[{"href":"https:\/\/www.sp-ps.ch\/fr\/wp-json\/wp\/v2\/media?parent=140850"}],"wp:term":[{"taxonomy":"post_tag","embeddable":true,"href":"https:\/\/www.sp-ps.ch\/fr\/wp-json\/wp\/v2\/tags?post=140850"},{"taxonomy":"tribe_events_cat","embeddable":true,"href":"https:\/\/www.sp-ps.ch\/fr\/wp-json\/wp\/v2\/tribe_events_cat?post=140850"}],"curies":[{"name":"wp","href":"https:\/\/api.w.org\/{rel}","templated":true}]}}

Commission thématique Science, éducation et culture

<p>Session en ligne sur Zoom, thème: « Génération de la peur &#8211; Les enfants et les jeunes à l&#8217;ère du numérique ». La participation est ouverte aux membres de la commission thématique. <a href="https://www.sp-ps.ch/fr/parti/commissions-thematiques/">Tu trouveras ici plus d&#8217;informations sur l&#8217;adhésion</a>.</p>

<p>Session en ligne sur Zoom, thème: « Génération de la peur &#8211; Les enfants et les jeunes à l&#8217;ère du numérique ». La participation est ouverte aux membres de la [&hellip;]</p>
