{"id":154570,"date":"2025-02-18T09:15:27","date_gmt":"2025-02-18T08:15:27","guid":{"rendered":"https:\/\/www.sp-ps.ch\/?post_type=tribe_events&#038;p=154570"},"modified":"2025-06-04T12:54:18","modified_gmt":"2025-06-04T10:54:18","slug":"reunion-de-la-commission-thematique-logement-et-politique-fonciere-2","status":"publish","type":"tribe_events","link":"https:\/\/www.sp-ps.ch\/fr\/agenda\/reunion-de-la-commission-thematique-logement-et-politique-fonciere-2\/","title":{"rendered":"R\u00e9union de la Commission th\u00e9matique Logement et politique fonci\u00e8re"},"content":{"rendered":"<p>R\u00e9union en ligne, via Zoom. Th\u00e8me : \u00c9tude sur le mod\u00e8le de loyer, avec <strong>Martin Tschirren<\/strong>, directeur de l\u2019Office f\u00e9d\u00e9ral du logement. La participation est ouverte aux membres de la commission th\u00e9matique. <a href=\"https:\/\/www.sp-ps.ch\/fr\/parti\/commissions-thematiques\/\">Tu trouveras ici plus d\u2019informations sur l\u2019adh\u00e9sion<\/a>.<\/p>\n","protected":false},"excerpt":{"rendered":"<p>R\u00e9union en ligne, via Zoom. Th\u00e8me : \u00c9tude sur le mod\u00e8le de loyer, avec Martin Tschirren, directeur de l\u2019Office f\u00e9d\u00e9ral du logement. La participation est ouverte aux membres de la [&hellip;]<\/p>\n","protected":false},"author":82,"featured_media":0,"template":"","meta":{"_tribe_events_status":"","_tribe_events_status_reason":"","_tribe_events_is_hybrid":"","_tribe_events_is_virtual":"","_tribe_events_virtual_video_source":"","_tribe_events_virtual_embed_video":"","_tribe_events_virtual_linked_button_text":"","_tribe_events_virtual_linked_button":"","_tribe_events_virtual_show_embed_at":"","_tribe_events_virtual_show_embed_to":[],"_tribe_events_virtual_show_on_event":"","_tribe_events_virtual_show_on_views":"","_tribe_events_virtual_url":"","footnotes":""},"tags":[],"tribe_events_cat":[15772,15737],"class_list":["post-154570","tribe_events","type-tribe_events","status-publish","hentry","tribe_events_cat-tk-wohnen-fr","tribe_events_cat-tk-fr","cat_tk-wohnen-fr","cat_tk-fr"],"_links":{"self":[{"href":"https:\/\/www.sp-ps.ch\/fr\/wp-json\/wp\/v2\/tribe_events\/154570","targetHints":{"allow":["GET"]}}],"collection":[{"href":"https:\/\/www.sp-ps.ch\/fr\/wp-json\/wp\/v2\/tribe_events"}],"about":[{"href":"https:\/\/www.sp-ps.ch\/fr\/wp-json\/wp\/v2\/types\/tribe_events"}],"author":[{"embeddable":true,"href":"https:\/\/www.sp-ps.ch\/fr\/wp-json\/wp\/v2\/users\/82"}],"version-history":[{"count":3,"href":"https:\/\/www.sp-ps.ch\/fr\/wp-json\/wp\/v2\/tribe_events\/154570\/revisions"}],"predecessor-version":[{"id":162521,"href":"https:\/\/www.sp-ps.ch\/fr\/wp-json\/wp\/v2\/tribe_events\/154570\/revisions\/162521"}],"wp:attachment":[{"href":"https:\/\/www.sp-ps.ch\/fr\/wp-json\/wp\/v2\/media?parent=154570"}],"wp:term":[{"taxonomy":"post_tag","embeddable":true,"href":"https:\/\/www.sp-ps.ch\/fr\/wp-json\/wp\/v2\/tags?post=154570"},{"taxonomy":"tribe_events_cat","embeddable":true,"href":"https:\/\/www.sp-ps.ch\/fr\/wp-json\/wp\/v2\/tribe_events_cat?post=154570"}],"curies":[{"name":"wp","href":"https:\/\/api.w.org\/{rel}","templated":true}]}}

Réunion de la Commission thématique Logement et politique foncière

<p>Réunion en ligne, via Zoom. Thème : Étude sur le modèle de loyer, avec <strong>Martin Tschirren</strong>, directeur de l’Office fédéral du logement. La participation est ouverte aux membres de la commission thématique. <a href="https://www.sp-ps.ch/fr/parti/commissions-thematiques/">Tu trouveras ici plus d’informations sur l’adhésion</a>.</p>

<p>Réunion en ligne, via Zoom. Thème : Étude sur le modèle de loyer, avec Martin Tschirren, directeur de l’Office fédéral du logement. La participation est ouverte aux membres de la [&hellip;]</p>
