{"id":162571,"date":"2025-06-05T10:28:45","date_gmt":"2025-06-05T08:28:45","guid":{"rendered":"https:\/\/www.sp-ps.ch\/veranstaltung\/reunion-de-la-commission-thematique-economie-et-finances-3\/"},"modified":"2025-06-05T10:55:39","modified_gmt":"2025-06-05T08:55:39","slug":"reunion-de-la-commission-thematique-economie-et-finances-3","status":"publish","type":"tribe_events","link":"https:\/\/www.sp-ps.ch\/fr\/agenda\/reunion-de-la-commission-thematique-economie-et-finances-3\/","title":{"rendered":"R\u00e9union de la commission th\u00e9matique \u00e9conomie et finances"},"content":{"rendered":"<p>Hybride, en ligne et au Palais f\u00e9d\u00e9ral.<\/p>\n<p>Th\u00e8me : dans quelle mesure la taxe sur la valeur ajout\u00e9e est-elle sociale ? Avec <strong>Ruedi Strahm<\/strong>, <strong>Daniel Lampart<\/strong> (UGT) et le professeur <strong>Marius Br\u00fclhart<\/strong> (Universit\u00e9 de Lausanne). La participation est ouverte \u00e0 tous les membres de la commission th\u00e9matique.<\/p>\n<p><a href=\"https:\/\/www.sp-ps.ch\/fr\/parti\/commissions-thematiques\/\">Vous trouverez ici des informations sur l&#8217;adh\u00e9sion.<\/a><\/p>\n","protected":false},"excerpt":{"rendered":"<p>Hybride, en ligne et au Palais f\u00e9d\u00e9ral. Th\u00e8me : dans quelle mesure la taxe sur la valeur ajout\u00e9e est-elle sociale ? Avec Ruedi Strahm, Daniel Lampart (UGT) et le professeur [&hellip;]<\/p>\n","protected":false},"author":87,"featured_media":0,"template":"","meta":{"_tribe_events_status":"","_tribe_events_status_reason":"","_tribe_events_is_hybrid":"","_tribe_events_is_virtual":"","_tribe_events_virtual_video_source":"","_tribe_events_virtual_embed_video":"","_tribe_events_virtual_linked_button_text":"","_tribe_events_virtual_linked_button":"","_tribe_events_virtual_show_embed_at":"","_tribe_events_virtual_show_embed_to":[],"_tribe_events_virtual_show_on_event":"","_tribe_events_virtual_show_on_views":"","_tribe_events_virtual_url":"","footnotes":""},"tags":[],"tribe_events_cat":[15748,15737],"class_list":["post-162571","tribe_events","type-tribe_events","status-publish","hentry","tribe_events_cat-tk-wirtschaft-fr","tribe_events_cat-tk-fr","cat_tk-wirtschaft-fr","cat_tk-fr"],"_links":{"self":[{"href":"https:\/\/www.sp-ps.ch\/fr\/wp-json\/wp\/v2\/tribe_events\/162571","targetHints":{"allow":["GET"]}}],"collection":[{"href":"https:\/\/www.sp-ps.ch\/fr\/wp-json\/wp\/v2\/tribe_events"}],"about":[{"href":"https:\/\/www.sp-ps.ch\/fr\/wp-json\/wp\/v2\/types\/tribe_events"}],"author":[{"embeddable":true,"href":"https:\/\/www.sp-ps.ch\/fr\/wp-json\/wp\/v2\/users\/87"}],"version-history":[{"count":5,"href":"https:\/\/www.sp-ps.ch\/fr\/wp-json\/wp\/v2\/tribe_events\/162571\/revisions"}],"predecessor-version":[{"id":162585,"href":"https:\/\/www.sp-ps.ch\/fr\/wp-json\/wp\/v2\/tribe_events\/162571\/revisions\/162585"}],"wp:attachment":[{"href":"https:\/\/www.sp-ps.ch\/fr\/wp-json\/wp\/v2\/media?parent=162571"}],"wp:term":[{"taxonomy":"post_tag","embeddable":true,"href":"https:\/\/www.sp-ps.ch\/fr\/wp-json\/wp\/v2\/tags?post=162571"},{"taxonomy":"tribe_events_cat","embeddable":true,"href":"https:\/\/www.sp-ps.ch\/fr\/wp-json\/wp\/v2\/tribe_events_cat?post=162571"}],"curies":[{"name":"wp","href":"https:\/\/api.w.org\/{rel}","templated":true}]}}

Réunion de la commission thématique économie et finances

<p>Hybride, en ligne et au Palais fédéral.</p>
<p>Thème : dans quelle mesure la taxe sur la valeur ajoutée est-elle sociale ? Avec <strong>Ruedi Strahm</strong>, <strong>Daniel Lampart</strong> (UGT) et le professeur <strong>Marius Brülhart</strong> (Université de Lausanne). La participation est ouverte à tous les membres de la commission thématique.</p>
<p><a href="https://www.sp-ps.ch/fr/parti/commissions-thematiques/">Vous trouverez ici des informations sur l&#8217;adhésion.</a></p>

<p>Hybride, en ligne et au Palais fédéral. Thème : dans quelle mesure la taxe sur la valeur ajoutée est-elle sociale ? Avec Ruedi Strahm, Daniel Lampart (UGT) et le professeur [&hellip;]</p>
