{"id":163354,"date":"2025-06-16T18:14:40","date_gmt":"2025-06-16T16:14:40","guid":{"rendered":"https:\/\/www.sp-ps.ch\/?post_type=tribe_events&#038;p=163354"},"modified":"2025-06-17T09:46:48","modified_gmt":"2025-06-17T07:46:48","slug":"grande-manifestation-nationale-solidarite-avec-gaza","status":"publish","type":"tribe_events","link":"https:\/\/www.sp-ps.ch\/fr\/agenda\/grande-manifestation-nationale-solidarite-avec-gaza\/","title":{"rendered":"Grande Manifestation Nationale: Solidarit\u00e9 avec Gaza"},"content":{"rendered":"<h1>Gaza : Le Conseil f\u00e9d\u00e9ral suisse doit enfin agir !<\/h1>\n<p>De plus en plus d\u2019organisations, dont Amnesty International, affirment qu\u2019Isra\u00ebl commet un g\u00e9nocide contre les palestinien.ne.s \u00e0 Gaza. Les intentions de nettoyage ethnique ont \u00e9t\u00e9 exprim\u00e9es clairement par le gouvernement Israelien. Les crimes de guerre du 7 octobre 2023 du Hamas et d\u2019autres groupes arm\u00e9s palestiniens ne justifient en rien les actes g\u00e9nocidaires et crimes de guerre commis par Isra\u00ebl.<\/p>\n<p>L\u2019arm\u00e9e isra\u00e9lienne a tu\u00e9 plus de 54\u2019000 personnes en un an et demi, dont au moins 15\u2019000 enfants. Ce bilan ne prend pas en compte toutes les morts indirectes et les corps encore sous les d\u00e9combres \u00e0 ce jour. A cela s\u2019ajoute l\u2019usage d\u00e9lib\u00e9r\u00e9 de la famine comme arme de guerre sur plus de deux millions d\u2019habitants de la bande de Gaza et la politique d\u2019occupation et d\u2019apartheid excerc\u00e9e de longue date par Israel dans les territoires occup\u00e9s qui est clairement contraire au droit international.<\/p>\n<p>En tant qu\u2019Etat d\u00e9positaire des Conventions de Gen\u00e8ve et si\u00e8ge du Conseil des droits de l\u2019homme de l\u2019ONU, la Suisse a une responsabilit\u00e9 particuli\u00e8re. L\u2019inaction, en particulier du DFAE, est inacceptable et doit changer imm\u00e9diatement.<\/p>\n<h3><\/h3>\n<h3>Nous demandons au Conseil f\u00e9d\u00e9ral de :<\/h3>\n<ol>\n<li><strong>S\u2019engager activement pour l\u2019instauration d\u2019un cessez-le-feu imm\u00e9diat, durable et contr\u00f4l\u00e9 par la communaut\u00e9 internationale,<\/strong> ainsi que pour la <strong>lev\u00e9e sans d\u00e9lai du blocus de Gaza. <\/strong><\/li>\n<li><strong>Condamner clairement les crimes de guerre document\u00e9s commis par Isra\u00ebl<\/strong> et soutenir toutes les initiatives visant <strong>\u00e0 emp\u00eacher tout d\u00e9placement forc\u00e9 ou expulsion ill\u00e9gale de la population de Gaza et de Cisjordanie. <\/strong><\/li>\n<li><strong>Reprendre sans d\u00e9lai le financement de l\u2019aide humanitaire d\u2019urgence \u00e0 Gaza via l\u2019UNRWA<\/strong> en d\u00e9bloquant au minimum les fonds annuels vers\u00e9s jusqu\u2019en 2023.<\/li>\n<li><strong>Mettre un terme sans d\u00e9lai \u00e0 toute coop\u00e9ration militaire avec Isra\u00ebl ainsi qu\u2019aux exportations li\u00e9es \u00e0 la s\u00e9curit\u00e9. <\/strong><\/li>\n<li><strong>Interdire aux entreprises suisses toute participation \u00e0 l\u2019occupation des territoires palestiniens<\/strong> \u2013 en particulier en mati\u00e8re d\u2019armements, de technologies \u00e0 double usage et de syst\u00e8mes de surveillance.<\/li>\n<li><strong>Reconna\u00eetre sans r\u00e9serve le droit du peuple palestinien \u00e0 l\u2019autod\u00e9termination collective<\/strong> et s\u2019engager r\u00e9solument pour sa mise en \u0153uvre concr\u00e8te.<\/li>\n<li><strong>\u0152uvrer \u00e0 la lib\u00e9ration de tout.e.s les otages et les prisonniers d\u00e9tenus arbitrairement en Isra\u00ebl et dans le territoire palestinien occup\u00e9,<\/strong> conform\u00e9ment au droit international.<\/li>\n<\/ol>\n<p>&nbsp;<\/p>\n<h3>Code de conduite<\/h3>\n<p>Cet appel \u00e0 manifester est port\u00e9 par une coalition d\u2019organisations et d\u2019acteurs politiques oeuvrant pour un engagement plus courageux de la Suisse face \u00e0 la situation et pour une mise en \u0153uvre des revendications adress\u00e9es au Conseil F\u00e9d\u00e9ral.<\/p>\n<p>Cette manifestation est autoris\u00e9e et pacifique, ouverte et accessible \u00e0 toute personne souhaitant adresser des revendications claires au Conseil f\u00e9d\u00e9ral. La propagande haineuse, le racisme, l\u2019islamophobie ou l\u2019antis\u00e9mitisme ne seront pas tol\u00e9r\u00e9s.<\/p>\n","protected":false},"excerpt":{"rendered":"<p>Gaza : Le Conseil f\u00e9d\u00e9ral suisse doit enfin agir ! De plus en plus d\u2019organisations, dont Amnesty International, affirment qu\u2019Isra\u00ebl commet un g\u00e9nocide contre les palestinien.ne.s \u00e0 Gaza. Les intentions [&hellip;]<\/p>\n","protected":false},"author":70,"featured_media":0,"template":"","meta":{"_tribe_events_status":"","_tribe_events_status_reason":"","_tribe_events_is_hybrid":"","_tribe_events_is_virtual":"","_tribe_events_virtual_video_source":"","_tribe_events_virtual_embed_video":"","_tribe_events_virtual_linked_button_text":"","_tribe_events_virtual_linked_button":"","_tribe_events_virtual_show_embed_at":"","_tribe_events_virtual_show_embed_to":[],"_tribe_events_virtual_show_on_event":"","_tribe_events_virtual_show_on_views":"","_tribe_events_virtual_url":"","footnotes":""},"tags":[],"tribe_events_cat":[],"class_list":["post-163354","tribe_events","type-tribe_events","status-publish","hentry"],"_links":{"self":[{"href":"https:\/\/www.sp-ps.ch\/fr\/wp-json\/wp\/v2\/tribe_events\/163354","targetHints":{"allow":["GET"]}}],"collection":[{"href":"https:\/\/www.sp-ps.ch\/fr\/wp-json\/wp\/v2\/tribe_events"}],"about":[{"href":"https:\/\/www.sp-ps.ch\/fr\/wp-json\/wp\/v2\/types\/tribe_events"}],"author":[{"embeddable":true,"href":"https:\/\/www.sp-ps.ch\/fr\/wp-json\/wp\/v2\/users\/70"}],"version-history":[{"count":4,"href":"https:\/\/www.sp-ps.ch\/fr\/wp-json\/wp\/v2\/tribe_events\/163354\/revisions"}],"predecessor-version":[{"id":163445,"href":"https:\/\/www.sp-ps.ch\/fr\/wp-json\/wp\/v2\/tribe_events\/163354\/revisions\/163445"}],"wp:attachment":[{"href":"https:\/\/www.sp-ps.ch\/fr\/wp-json\/wp\/v2\/media?parent=163354"}],"wp:term":[{"taxonomy":"post_tag","embeddable":true,"href":"https:\/\/www.sp-ps.ch\/fr\/wp-json\/wp\/v2\/tags?post=163354"},{"taxonomy":"tribe_events_cat","embeddable":true,"href":"https:\/\/www.sp-ps.ch\/fr\/wp-json\/wp\/v2\/tribe_events_cat?post=163354"}],"curies":[{"name":"wp","href":"https:\/\/api.w.org\/{rel}","templated":true}]}}

Grande Manifestation Nationale: Solidarité avec Gaza

<h1>Gaza : Le Conseil fédéral suisse doit enfin agir !</h1>
<p>De plus en plus d’organisations, dont Amnesty International, affirment qu’Israël commet un génocide contre les palestinien.ne.s à Gaza. Les intentions de nettoyage ethnique ont été exprimées clairement par le gouvernement Israelien. Les crimes de guerre du 7 octobre 2023 du Hamas et d’autres groupes armés palestiniens ne justifient en rien les actes génocidaires et crimes de guerre commis par Israël.</p>
<p>L’armée israélienne a tué plus de 54’000 personnes en un an et demi, dont au moins 15’000 enfants. Ce bilan ne prend pas en compte toutes les morts indirectes et les corps encore sous les décombres à ce jour. A cela s’ajoute l’usage délibéré de la famine comme arme de guerre sur plus de deux millions d’habitants de la bande de Gaza et la politique d’occupation et d’apartheid excercée de longue date par Israel dans les territoires occupés qui est clairement contraire au droit international.</p>
<p>En tant qu’Etat dépositaire des Conventions de Genève et siège du Conseil des droits de l’homme de l’ONU, la Suisse a une responsabilité particulière. L’inaction, en particulier du DFAE, est inacceptable et doit changer immédiatement.</p>
<h3></h3>
<h3>Nous demandons au Conseil fédéral de :</h3>
<ol>
<li><strong>S’engager activement pour l’instauration d’un cessez-le-feu immédiat, durable et contrôlé par la communauté internationale,</strong> ainsi que pour la <strong>levée sans délai du blocus de Gaza. </strong></li>
<li><strong>Condamner clairement les crimes de guerre documentés commis par Israël</strong> et soutenir toutes les initiatives visant <strong>à empêcher tout déplacement forcé ou expulsion illégale de la population de Gaza et de Cisjordanie. </strong></li>
<li><strong>Reprendre sans délai le financement de l’aide humanitaire d’urgence à Gaza via l’UNRWA</strong> en débloquant au minimum les fonds annuels versés jusqu’en 2023.</li>
<li><strong>Mettre un terme sans délai à toute coopération militaire avec Israël ainsi qu’aux exportations liées à la sécurité. </strong></li>
<li><strong>Interdire aux entreprises suisses toute participation à l’occupation des territoires palestiniens</strong> – en particulier en matière d’armements, de technologies à double usage et de systèmes de surveillance.</li>
<li><strong>Reconnaître sans réserve le droit du peuple palestinien à l’autodétermination collective</strong> et s’engager résolument pour sa mise en œuvre concrète.</li>
<li><strong>Œuvrer à la libération de tout.e.s les otages et les prisonniers détenus arbitrairement en Israël et dans le territoire palestinien occupé,</strong> conformément au droit international.</li>
</ol>
<p>&nbsp;</p>
<h3>Code de conduite</h3>
<p>Cet appel à manifester est porté par une coalition d’organisations et d’acteurs politiques oeuvrant pour un engagement plus courageux de la Suisse face à la situation et pour une mise en œuvre des revendications adressées au Conseil Fédéral.</p>
<p>Cette manifestation est autorisée et pacifique, ouverte et accessible à toute personne souhaitant adresser des revendications claires au Conseil fédéral. La propagande haineuse, le racisme, l’islamophobie ou l’antisémitisme ne seront pas tolérés.</p>

<p>Gaza : Le Conseil fédéral suisse doit enfin agir ! De plus en plus d’organisations, dont Amnesty International, affirment qu’Israël commet un génocide contre les palestinien.ne.s à Gaza. Les intentions [&hellip;]</p>
