{"id":173784,"date":"2025-11-25T15:15:52","date_gmt":"2025-11-25T14:15:52","guid":{"rendered":"https:\/\/www.sp-ps.ch\/veranstaltung\/assemblee-des-membres-des-femmes-socialistes-suisses-3\/"},"modified":"2026-02-07T09:34:08","modified_gmt":"2026-02-07T08:34:08","slug":"fss-7-2","status":"publish","type":"tribe_events","link":"https:\/\/www.sp-ps.ch\/fr\/agenda\/fss-7-2\/","title":{"rendered":"Assembl\u00e9e des membres des Femmes socialistes suisses"},"content":{"rendered":"<ul class=\"attachments\">\n<li><a href=\"https:\/\/www.sp-ps.ch\/wp-content\/uploads\/2026\/02\/260207-Traktanden-F-def.pdf\">Ordre du jour<\/a><\/li>\n<li><a href=\"https:\/\/tsueri.cloud\/s\/Dy5DMFQy5CRKwcZ\">Proc\u00e8s-verbal de l&#8217;assembl\u00e9e des membres du 6 septembre 2025<\/a><\/li>\n<li><a href=\"https:\/\/www.sp-ps.ch\/wp-content\/uploads\/2025\/02\/Geschaeftsordnung_MV_fr.pdf\">R\u00e8glement de l&#8217;assembl\u00e9e<\/a><\/li>\n<li><a href=\"https:\/\/www.sp-ps.ch\/wp-content\/uploads\/2025\/12\/PP-Feministische-Friedenspolitik-F.pdf\">Papier de position &#8220;Construire une paix f\u00e9ministe, briser la militarisation&#8221;<\/a><\/li>\n<li><a href=\"https:\/\/www.sp-ps.ch\/wp-content\/uploads\/2026\/02\/Antraege-Positionspapier-F.pdf\">Amendements au papier de position<\/a><\/li>\n<li><a href=\"https:\/\/www.sp-ps.ch\/wp-content\/uploads\/2026\/02\/R1-Fuer-alle-Frauen-F.pdf\">R\u00e9solution<\/a><\/li>\n<\/ul>\n<p>&nbsp;<\/p>\n","protected":false},"excerpt":{"rendered":"<p>Ordre du jour Proc\u00e8s-verbal de l&#8217;assembl\u00e9e des membres du 6 septembre 2025 R\u00e8glement de l&#8217;assembl\u00e9e Papier de position &#8220;Construire une paix f\u00e9ministe, briser la militarisation&#8221; Amendements au papier de position [&hellip;]<\/p>\n","protected":false},"author":56,"featured_media":0,"template":"","meta":{"_tribe_events_status":"","_tribe_events_status_reason":"","_tribe_events_is_hybrid":"","_tribe_events_is_virtual":"","_tribe_events_virtual_video_source":"","_tribe_events_virtual_embed_video":"","_tribe_events_virtual_linked_button_text":"","_tribe_events_virtual_linked_button":"","_tribe_events_virtual_show_embed_at":"","_tribe_events_virtual_show_embed_to":[],"_tribe_events_virtual_show_on_event":"","_tribe_events_virtual_show_on_views":"","_tribe_events_virtual_url":"","footnotes":""},"tags":[15376],"tribe_events_cat":[],"class_list":["post-173784","tribe_events","type-tribe_events","status-publish","hentry","tag-femmes-socialistes"],"_links":{"self":[{"href":"https:\/\/www.sp-ps.ch\/fr\/wp-json\/wp\/v2\/tribe_events\/173784","targetHints":{"allow":["GET"]}}],"collection":[{"href":"https:\/\/www.sp-ps.ch\/fr\/wp-json\/wp\/v2\/tribe_events"}],"about":[{"href":"https:\/\/www.sp-ps.ch\/fr\/wp-json\/wp\/v2\/types\/tribe_events"}],"author":[{"embeddable":true,"href":"https:\/\/www.sp-ps.ch\/fr\/wp-json\/wp\/v2\/users\/56"}],"version-history":[{"count":12,"href":"https:\/\/www.sp-ps.ch\/fr\/wp-json\/wp\/v2\/tribe_events\/173784\/revisions"}],"predecessor-version":[{"id":178361,"href":"https:\/\/www.sp-ps.ch\/fr\/wp-json\/wp\/v2\/tribe_events\/173784\/revisions\/178361"}],"wp:attachment":[{"href":"https:\/\/www.sp-ps.ch\/fr\/wp-json\/wp\/v2\/media?parent=173784"}],"wp:term":[{"taxonomy":"post_tag","embeddable":true,"href":"https:\/\/www.sp-ps.ch\/fr\/wp-json\/wp\/v2\/tags?post=173784"},{"taxonomy":"tribe_events_cat","embeddable":true,"href":"https:\/\/www.sp-ps.ch\/fr\/wp-json\/wp\/v2\/tribe_events_cat?post=173784"}],"curies":[{"name":"wp","href":"https:\/\/api.w.org\/{rel}","templated":true}]}}

Assemblée des membres des Femmes socialistes suisses

<ul class="attachments">
<li><a href="https://www.sp-ps.ch/wp-content/uploads/2026/02/260207-Traktanden-F-def.pdf">Ordre du jour</a></li>
<li><a href="https://tsueri.cloud/s/Dy5DMFQy5CRKwcZ">Procès-verbal de l&#8217;assemblée des membres du 6 septembre 2025</a></li>
<li><a href="https://www.sp-ps.ch/wp-content/uploads/2025/02/Geschaeftsordnung_MV_fr.pdf">Règlement de l&#8217;assemblée</a></li>
<li><a href="https://www.sp-ps.ch/wp-content/uploads/2025/12/PP-Feministische-Friedenspolitik-F.pdf">Papier de position &#8220;Construire une paix féministe, briser la militarisation&#8221;</a></li>
<li><a href="https://www.sp-ps.ch/wp-content/uploads/2026/02/Antraege-Positionspapier-F.pdf">Amendements au papier de position</a></li>
<li><a href="https://www.sp-ps.ch/wp-content/uploads/2026/02/R1-Fuer-alle-Frauen-F.pdf">Résolution</a></li>
</ul>
<p>&nbsp;</p>

<p>Ordre du jour Procès-verbal de l&#8217;assemblée des membres du 6 septembre 2025 Règlement de l&#8217;assemblée Papier de position &#8220;Construire une paix féministe, briser la militarisation&#8221; Amendements au papier de position [&hellip;]</p>
