{"id":175565,"date":"2025-12-24T16:40:47","date_gmt":"2025-12-24T15:40:47","guid":{"rendered":"https:\/\/www.sp-ps.ch\/veranstaltung\/conference-sur-les-violences-sexistes-et-sexuelles\/"},"modified":"2026-01-05T15:15:02","modified_gmt":"2026-01-05T14:15:02","slug":"conference-vss","status":"publish","type":"tribe_events","link":"https:\/\/www.sp-ps.ch\/fr\/agenda\/conference-vss\/","title":{"rendered":"Conf\u00e9rence sur les violences sexistes et sexuelles"},"content":{"rendered":"<p data-start=\"0\" data-end=\"428\">Les Femmes socialistes et le Parti socialiste suisse invitent \u00e0 une conf\u00e9rence contre les violences bas\u00e9es sur le genre. De la pr\u00e9vention et de l\u2019aide aux victimes \u00e0 la poursuite p\u00e9nale, en passant par les conditions-cadres politiques et financi\u00e8res : des expert\u00b7e\u00b7s de la politique, de la pratique et de la soci\u00e9t\u00e9 civile d\u00e9battront des champs d\u2019action centraux et des mesures politiques n\u00e9cessaires.<\/p>\n<p data-start=\"430\" data-end=\"598\">Seront notamment pr\u00e9sent\u00b7e\u00b7s : Laurence Bachmann, Lorella Bertani, Beat Jans, Agota Lavoyer, Simonetta Sommaruga, Cl\u00e9mentine Vernet, ainsi que de nombreux\u00b7ses autres invit\u00e9\u00b7e\u00b7s passionnant\u00b7e\u00b7s.<\/p>\n<p data-start=\"600\" data-end=\"692\" data-is-last-node=\"\" data-is-only-node=\"\">L&#8217;\u00e9venement est bilingue (fran\u00e7ais\/allemand). Une traduction simultan\u00e9e est pr\u00e9vue.<\/p>\n<p data-start=\"600\" data-end=\"692\" data-is-last-node=\"\" data-is-only-node=\"\"><div class=\"wpforms-container wpforms-container-full\" id=\"wpforms-175558\"><div class=\"wpforms-entry_limit-locked\" id=\"wpforms-locked-175558\"><div class=\"form-locked-message\"><p>Incroyable ! Mais nous sommes d\u00e9j\u00e0 complet.es. Tu peux toutefois t'inscrire sur la liste d'attente: www.sp-ps.ch\/tagung-warteliste<\/p>\n<\/div><\/div><\/div>  <!-- .wpforms-container --><\/p>\n","protected":false},"excerpt":{"rendered":"<p>Les Femmes socialistes et le Parti socialiste suisse invitent \u00e0 une conf\u00e9rence contre les violences bas\u00e9es sur le genre. De la pr\u00e9vention et de l\u2019aide aux victimes \u00e0 la poursuite [&hellip;]<\/p>\n","protected":false},"author":56,"featured_media":0,"template":"","meta":{"_tribe_events_status":"","_tribe_events_status_reason":"","_tribe_events_is_hybrid":"","_tribe_events_is_virtual":"","_tribe_events_virtual_video_source":"","_tribe_events_virtual_embed_video":"","_tribe_events_virtual_linked_button_text":"","_tribe_events_virtual_linked_button":"","_tribe_events_virtual_show_embed_at":"","_tribe_events_virtual_show_embed_to":[],"_tribe_events_virtual_show_on_event":"","_tribe_events_virtual_show_on_views":"","_tribe_events_virtual_url":"","footnotes":""},"tags":[15376],"tribe_events_cat":[],"class_list":["post-175565","tribe_events","type-tribe_events","status-publish","hentry","tag-femmes-socialistes"],"_links":{"self":[{"href":"https:\/\/www.sp-ps.ch\/fr\/wp-json\/wp\/v2\/tribe_events\/175565","targetHints":{"allow":["GET"]}}],"collection":[{"href":"https:\/\/www.sp-ps.ch\/fr\/wp-json\/wp\/v2\/tribe_events"}],"about":[{"href":"https:\/\/www.sp-ps.ch\/fr\/wp-json\/wp\/v2\/types\/tribe_events"}],"author":[{"embeddable":true,"href":"https:\/\/www.sp-ps.ch\/fr\/wp-json\/wp\/v2\/users\/56"}],"version-history":[{"count":4,"href":"https:\/\/www.sp-ps.ch\/fr\/wp-json\/wp\/v2\/tribe_events\/175565\/revisions"}],"predecessor-version":[{"id":175698,"href":"https:\/\/www.sp-ps.ch\/fr\/wp-json\/wp\/v2\/tribe_events\/175565\/revisions\/175698"}],"wp:attachment":[{"href":"https:\/\/www.sp-ps.ch\/fr\/wp-json\/wp\/v2\/media?parent=175565"}],"wp:term":[{"taxonomy":"post_tag","embeddable":true,"href":"https:\/\/www.sp-ps.ch\/fr\/wp-json\/wp\/v2\/tags?post=175565"},{"taxonomy":"tribe_events_cat","embeddable":true,"href":"https:\/\/www.sp-ps.ch\/fr\/wp-json\/wp\/v2\/tribe_events_cat?post=175565"}],"curies":[{"name":"wp","href":"https:\/\/api.w.org\/{rel}","templated":true}]}}

Conférence sur les violences sexistes et sexuelles

<p data-start="0" data-end="428">Les Femmes socialistes et le Parti socialiste suisse invitent à une conférence contre les violences basées sur le genre. De la prévention et de l’aide aux victimes à la poursuite pénale, en passant par les conditions-cadres politiques et financières : des expert·e·s de la politique, de la pratique et de la société civile débattront des champs d’action centraux et des mesures politiques nécessaires.</p>
<p data-start="430" data-end="598">Seront notamment présent·e·s : Laurence Bachmann, Lorella Bertani, Beat Jans, Agota Lavoyer, Simonetta Sommaruga, Clémentine Vernet, ainsi que de nombreux·ses autres invité·e·s passionnant·e·s.</p>
<p data-start="600" data-end="692" data-is-last-node="" data-is-only-node="">L&#8217;évenement est bilingue (français/allemand). Une traduction simultanée est prévue.</p>
<p data-start="600" data-end="692" data-is-last-node="" data-is-only-node=""><div class="wpforms-container wpforms-container-full" id="wpforms-175558"><div class="wpforms-entry_limit-locked" id="wpforms-locked-175558"><div class="form-locked-message"><p>Incroyable ! Mais nous sommes déjà complet.es. Tu peux toutefois t'inscrire sur la liste d'attente: www.sp-ps.ch/tagung-warteliste</p>
</div></div></div>  <!-- .wpforms-container --></p>

<p>Les Femmes socialistes et le Parti socialiste suisse invitent à une conférence contre les violences basées sur le genre. De la prévention et de l’aide aux victimes à la poursuite [&hellip;]</p>
