{"id":80930,"date":"2022-09-29T15:18:15","date_gmt":"2022-09-29T13:18:15","guid":{"rendered":"https:\/\/www.sp-ps.ch\/veranstaltung\/congres-a-fribourg\/"},"modified":"2023-09-14T09:58:04","modified_gmt":"2023-09-14T07:58:04","slug":"congresfribourg2023","status":"publish","type":"tribe_events","link":"https:\/\/www.sp-ps.ch\/fr\/agenda\/congresfribourg2023\/","title":{"rendered":"Congr\u00e8s \u00e0 Fribourg"},"content":{"rendered":"<p><a href=\"https:\/\/www.sp-ps.ch\/fr\/nos-positions\/dossiers-a-z\/liste-chronologique\/#resolution\"><strong>Lien vers les r\u00e9solutions adopt\u00e9es<\/strong><\/a><\/p>\n<p><strong><a href=\"https:\/\/www.sp-ps.ch\/fr\/images-du-congres-a-fribourg-2023\/\">Cliquez ici pour voir les photos du Congr\u00e8s.<\/a><\/strong><\/p>\n<p><a name=\"anmeldeformular\"><\/a><\/p>\n<p>Cliquez <a href=\"https:\/\/youtu.be\/VKSwhw-0GPU\"><strong>ici<\/strong> <\/a>pour le livestream.<\/p>\n<p>&nbsp;<\/p>\n<p><b>Proc\u00e8s-verbal<\/b><\/p>\n<ul class=\"attachments\">\n<li><a href=\"https:\/\/www.sp-ps.ch\/wp-content\/uploads\/2022\/09\/Protokoll_Parteitag_Februar_2023_def.pdf\">Proc\u00e8s-verbal du Congr\u00e8s du 25 f\u00e9vrier 2023<\/a><\/li>\n<\/ul>\n<p>&nbsp;<\/p>\n<p><strong>Version finale (du 17 f\u00e9vrier 2023<\/strong><strong>)<\/strong><\/p>\n<ul class=\"attachments\">\n<li><a href=\"https:\/\/www.sp-ps.ch\/wp-content\/uploads\/2022\/09\/Schlussdokumentation_f-1.pdf\">Documentation finale, dont l\u2019ordre du jour<\/a><\/li>\n<\/ul>\n<p>&nbsp;<\/p>\n<p><strong>Documents (2\u00e8me envoi du 25 janvier 2023)<\/strong><\/p>\n<ul class=\"attachments\">\n<li><a href=\"https:\/\/www.sp-ps.ch\/wp-content\/uploads\/2022\/09\/Versand2_Delegierte_f-1.pdf\">Envoi 2 (Invitation aux d\u00e9l\u00e9gu\u00e9-e-s)<\/a><\/li>\n<li><a href=\"https:\/\/www.sp-ps.ch\/wp-content\/uploads\/2022\/09\/230119_SPS_Analyse_Kaufkraft_A5_FR.pdf\">Document d\u2019analyse sur le pouvoir d\u2019achat<\/a><\/li>\n<\/ul>\n<p>&nbsp;<\/p>\n<p><strong>Documents (1er envoi du 1<sup>er<\/sup> d\u00e9cembre)<\/strong><\/p>\n<ul class=\"attachments\">\n<li><a href=\"https:\/\/www.sp-ps.ch\/wp-content\/uploads\/2022\/09\/Versand1_Einladung_Sektionen_f.pdf\">Envoi 1 (Invitation aux sections)<\/a><\/li>\n<li><a href=\"https:\/\/www.sp-ps.ch\/wp-content\/uploads\/2022\/11\/Protokoll_Parteitag_Oktober_2022_def-1.pdf\">Proc\u00e8s-verbal du Congr\u00e8s des 29 et 30 octobre 2022 \u00e0 B\u00e2le<\/a><\/li>\n<li><a href=\"https:\/\/www.sp-ps.ch\/wp-content\/uploads\/2022\/11\/Sektionsbuechlein-PT-Februar-2023-1.pdf\">Livret des sections (avec les instructions pour le nombre de d\u00e9l\u00e9gu\u00e9-e-s)<\/a><\/li>\n<\/ul>\n<p><a name=\"anmeldeformular\"><\/a><\/p>\n<p>&nbsp;<\/p>\n<h3>Livestream<\/h3>\n<div class=\"lyte-wrapper\" style=\"width:420px;max-width:100%;margin:5px;\"><div class=\"lyMe hidef\" id=\"WYL_VKSwhw-0GPU\"><div id=\"lyte_VKSwhw-0GPU\" data-src=\"https:\/\/www.sp-ps.ch\/youtubeLyteCache.php?origThumbUrl=%2F%2Fi.ytimg.com%2Fvi%2FVKSwhw-0GPU%2Fhqdefault.jpg\" class=\"pL\"><div class=\"tC\"><div class=\"tT\"><\/div><\/div><div class=\"play\"><\/div><div class=\"ctrl\"><div class=\"Lctrl\"><\/div><div class=\"Rctrl\"><\/div><\/div><\/div><noscript><a href=\"https:\/\/youtu.be\/VKSwhw-0GPU\" rel=\"nofollow\"><img fetchpriority=\"high\" decoding=\"async\" src=\"https:\/\/www.sp-ps.ch\/youtubeLyteCache.php?origThumbUrl=https%3A%2F%2Fi.ytimg.com%2Fvi%2FVKSwhw-0GPU%2F0.jpg\" alt=\"YouTube video thumbnail\" width=\"420\" height=\"216\" \/><br \/>Lire cette vid\u00e9o sur YouTube<\/a><\/noscript><\/div><\/div><div class=\"lL\" style=\"max-width:100%;width:420px;margin:5px;\"><\/div><\/p>\n","protected":false},"excerpt":{"rendered":"<p>Lien vers les r\u00e9solutions adopt\u00e9es Cliquez ici pour voir les photos du Congr\u00e8s. Cliquez ici pour le livestream. &nbsp; Proc\u00e8s-verbal Proc\u00e8s-verbal du Congr\u00e8s du 25 f\u00e9vrier 2023 &nbsp; Version finale [&hellip;]<\/p>\n","protected":false},"author":64,"featured_media":0,"template":"","meta":{"_tribe_events_status":"","_tribe_events_status_reason":"","_tribe_events_is_hybrid":"","_tribe_events_is_virtual":"","_tribe_events_virtual_video_source":"","_tribe_events_virtual_embed_video":"","_tribe_events_virtual_linked_button_text":"","_tribe_events_virtual_linked_button":"","_tribe_events_virtual_show_embed_at":"","_tribe_events_virtual_show_embed_to":[],"_tribe_events_virtual_show_on_event":"","_tribe_events_virtual_show_on_views":"","_tribe_events_virtual_url":"","footnotes":""},"tags":[],"tribe_events_cat":[15417],"class_list":["post-80930","tribe_events","type-tribe_events","status-publish","hentry","tribe_events_cat-congres","cat_congres"],"_links":{"self":[{"href":"https:\/\/www.sp-ps.ch\/fr\/wp-json\/wp\/v2\/tribe_events\/80930","targetHints":{"allow":["GET"]}}],"collection":[{"href":"https:\/\/www.sp-ps.ch\/fr\/wp-json\/wp\/v2\/tribe_events"}],"about":[{"href":"https:\/\/www.sp-ps.ch\/fr\/wp-json\/wp\/v2\/types\/tribe_events"}],"author":[{"embeddable":true,"href":"https:\/\/www.sp-ps.ch\/fr\/wp-json\/wp\/v2\/users\/64"}],"version-history":[{"count":41,"href":"https:\/\/www.sp-ps.ch\/fr\/wp-json\/wp\/v2\/tribe_events\/80930\/revisions"}],"predecessor-version":[{"id":112835,"href":"https:\/\/www.sp-ps.ch\/fr\/wp-json\/wp\/v2\/tribe_events\/80930\/revisions\/112835"}],"wp:attachment":[{"href":"https:\/\/www.sp-ps.ch\/fr\/wp-json\/wp\/v2\/media?parent=80930"}],"wp:term":[{"taxonomy":"post_tag","embeddable":true,"href":"https:\/\/www.sp-ps.ch\/fr\/wp-json\/wp\/v2\/tags?post=80930"},{"taxonomy":"tribe_events_cat","embeddable":true,"href":"https:\/\/www.sp-ps.ch\/fr\/wp-json\/wp\/v2\/tribe_events_cat?post=80930"}],"curies":[{"name":"wp","href":"https:\/\/api.w.org\/{rel}","templated":true}]}}

Congrès à Fribourg

<p><a href="https://www.sp-ps.ch/fr/nos-positions/dossiers-a-z/liste-chronologique/#resolution"><strong>Lien vers les résolutions adoptées</strong></a></p>
<p><strong><a href="https://www.sp-ps.ch/fr/images-du-congres-a-fribourg-2023/">Cliquez ici pour voir les photos du Congrès.</a></strong></p>
<p><a name="anmeldeformular"></a></p>
<p>Cliquez <a href="https://youtu.be/VKSwhw-0GPU"><strong>ici</strong> </a>pour le livestream.</p>
<p>&nbsp;</p>
<p><b>Procès-verbal</b></p>
<ul class="attachments">
<li><a href="https://www.sp-ps.ch/wp-content/uploads/2022/09/Protokoll_Parteitag_Februar_2023_def.pdf">Procès-verbal du Congrès du 25 février 2023</a></li>
</ul>
<p>&nbsp;</p>
<p><strong>Version finale (du 17 février 2023</strong><strong>)</strong></p>
<ul class="attachments">
<li><a href="https://www.sp-ps.ch/wp-content/uploads/2022/09/Schlussdokumentation_f-1.pdf">Documentation finale, dont l’ordre du jour</a></li>
</ul>
<p>&nbsp;</p>
<p><strong>Documents (2ème envoi du 25 janvier 2023)</strong></p>
<ul class="attachments">
<li><a href="https://www.sp-ps.ch/wp-content/uploads/2022/09/Versand2_Delegierte_f-1.pdf">Envoi 2 (Invitation aux délégué-e-s)</a></li>
<li><a href="https://www.sp-ps.ch/wp-content/uploads/2022/09/230119_SPS_Analyse_Kaufkraft_A5_FR.pdf">Document d’analyse sur le pouvoir d’achat</a></li>
</ul>
<p>&nbsp;</p>
<p><strong>Documents (1er envoi du 1<sup>er</sup> décembre)</strong></p>
<ul class="attachments">
<li><a href="https://www.sp-ps.ch/wp-content/uploads/2022/09/Versand1_Einladung_Sektionen_f.pdf">Envoi 1 (Invitation aux sections)</a></li>
<li><a href="https://www.sp-ps.ch/wp-content/uploads/2022/11/Protokoll_Parteitag_Oktober_2022_def-1.pdf">Procès-verbal du Congrès des 29 et 30 octobre 2022 à Bâle</a></li>
<li><a href="https://www.sp-ps.ch/wp-content/uploads/2022/11/Sektionsbuechlein-PT-Februar-2023-1.pdf">Livret des sections (avec les instructions pour le nombre de délégué-e-s)</a></li>
</ul>
<p><a name="anmeldeformular"></a></p>
<p>&nbsp;</p>
<h3>Livestream</h3>
<div class="lyte-wrapper" style="width:420px;max-width:100%;margin:5px;"><div class="lyMe hidef" id="WYL_VKSwhw-0GPU"><div id="lyte_VKSwhw-0GPU" data-src="https://www.sp-ps.ch/youtubeLyteCache.php?origThumbUrl=%2F%2Fi.ytimg.com%2Fvi%2FVKSwhw-0GPU%2Fhqdefault.jpg" class="pL"><div class="tC"><div class="tT"></div></div><div class="play"></div><div class="ctrl"><div class="Lctrl"></div><div class="Rctrl"></div></div></div><noscript><a href="https://youtu.be/VKSwhw-0GPU" rel="nofollow"><img fetchpriority="high" decoding="async" src="https://www.sp-ps.ch/youtubeLyteCache.php?origThumbUrl=https%3A%2F%2Fi.ytimg.com%2Fvi%2FVKSwhw-0GPU%2F0.jpg" alt="YouTube video thumbnail" width="420" height="216" /><br />Lire cette vidéo sur YouTube</a></noscript></div></div><div class="lL" style="max-width:100%;width:420px;margin:5px;"></div></p>

<p>Lien vers les résolutions adoptées Cliquez ici pour voir les photos du Congrès. Cliquez ici pour le livestream. &nbsp; Procès-verbal Procès-verbal du Congrès du 25 février 2023 &nbsp; Version finale [&hellip;]</p>
