{"id":102506,"date":"2023-06-16T14:11:56","date_gmt":"2023-06-16T12:11:56","guid":{"rendered":"https:\/\/www.sp-ps.ch\/?page_id=102506"},"modified":"2026-03-31T11:47:40","modified_gmt":"2026-03-31T09:47:40","slug":"giustizia-sociale-e-salute","status":"publish","type":"page","link":"https:\/\/www.sp-ps.ch\/it\/partito\/commissioni-tematiche\/giustizia-sociale-e-salute\/","title":{"rendered":"Commissione tematica &#8220;Giustizia sociale e salute&#8221;"},"content":{"rendered":"\t\t<div data-elementor-type=\"wp-page\" data-elementor-id=\"102506\" class=\"elementor elementor-102506 elementor-102504\" data-elementor-post-type=\"page\">\n\t\t\t\t\t\t<section class=\"elementor-section elementor-top-section elementor-element elementor-element-1d2bca0 elementor-section-boxed elementor-section-height-default elementor-section-height-default\" data-id=\"1d2bca0\" data-element_type=\"section\" data-settings=\"{&quot;jet_parallax_layout_list&quot;:[],&quot;background_background&quot;:&quot;classic&quot;}\">\n\t\t\t\t\t\t<div class=\"elementor-container elementor-column-gap-wide\">\n\t\t\t\t\t<div class=\"elementor-column elementor-col-100 elementor-top-column elementor-element elementor-element-0bcc30c\" data-id=\"0bcc30c\" data-element_type=\"column\">\n\t\t\t<div class=\"elementor-widget-wrap elementor-element-populated\">\n\t\t\t\t\t\t<div class=\"elementor-element elementor-element-b811fae elementor-widget elementor-widget-heading\" data-id=\"b811fae\" data-element_type=\"widget\" data-widget_type=\"heading.default\">\n\t\t\t\t<div class=\"elementor-widget-container\">\n\t\t\t\t\t<h1 class=\"elementor-heading-title elementor-size-default\">Commissione tematica \u00abGiustizia sociale e salute\u00bb<\/h1>\t\t\t\t<\/div>\n\t\t\t\t<\/div>\n\t\t\t\t<div class=\"elementor-element elementor-element-395a8b2 elementor-widget elementor-widget-jet-breadcrumbs\" data-id=\"395a8b2\" data-element_type=\"widget\" data-widget_type=\"jet-breadcrumbs.default\">\n\t\t\t\t<div class=\"elementor-widget-container\">\n\t\t\t\t\t<div class=\"elementor-jet-breadcrumbs jet-blocks\">\n\t\t<div class=\"jet-breadcrumbs\">\n\t\t<div class=\"jet-breadcrumbs__content\">\n\t\t<div class=\"jet-breadcrumbs__wrap\">\n\t\t<\/div>\n\t\t<\/div>\n\t\t<\/div><\/div>\t\t\t\t<\/div>\n\t\t\t\t<\/div>\n\t\t\t\t\t<\/div>\n\t\t<\/div>\n\t\t\t\t\t<\/div>\n\t\t<\/section>\n\t\t\t\t<section class=\"elementor-section elementor-top-section elementor-element elementor-element-be30af5 elementor-section-boxed elementor-section-height-default elementor-section-height-default\" data-id=\"be30af5\" data-element_type=\"section\" data-settings=\"{&quot;jet_parallax_layout_list&quot;:[]}\">\n\t\t\t\t\t\t<div class=\"elementor-container elementor-column-gap-wide\">\n\t\t\t\t\t<div class=\"elementor-column elementor-col-100 elementor-top-column elementor-element elementor-element-53664ee\" data-id=\"53664ee\" data-element_type=\"column\">\n\t\t\t<div class=\"elementor-widget-wrap elementor-element-populated\">\n\t\t\t\t\t\t<div class=\"elementor-element elementor-element-e1258f7 elementor-widget elementor-widget-spps_person_grid\" data-id=\"e1258f7\" data-element_type=\"widget\" id=\"Themenkommission-Soziale-Gerechtigkeit-und-Gesundheit\" data-widget_type=\"spps_person_grid.default\">\n\t\t\t\t<div class=\"elementor-widget-container\">\n\t\t\t\t\t<div class=\"button-list-wrapper \"><div class=\"button-list-container\"><div class=\"persons persons-grid-2\"><div class=\"persons-items\"><div class=\"persons-item\"><div class=\"person-container\"><div class=\"person-portrait\"><a href=\"https:\/\/www.sp-ps.ch\/it\/person\/yves-muehlematter\/\"><img decoding=\"async\" src=\"https:\/\/www.sp-ps.ch\/wp-content\/uploads\/2024\/12\/20241216_153303-600x600.jpg?v=1734440236\" alt=\"Yves M\u00fchlematter\" loading=\"lazy\"><\/a><\/div><div class=\"person-content\"><a href=\"https:\/\/www.sp-ps.ch\/it\/person\/yves-muehlematter\/\" class=\"person-name\"><p><strong>Yves M\u00fchlematter<\/strong><\/p><\/a><p class=\"person-position\">Municipale a Wichtrach BE<\/p><\/div><\/div><\/div><div class=\"persons-item\"><div class=\"person-container\"><div class=\"person-portrait\"><a href=\"https:\/\/www.sp-ps.ch\/it\/person\/valerie-piller-carrard\/\"><img decoding=\"async\" src=\"https:\/\/www.sp-ps.ch\/wp-content\/uploads\/2015\/06\/FR_NR_2023_SP_Piller_Carrard_Valerie_5610-G-600x600.jpg?v=1699526024\" alt=\"Val\u00e9rie Piller Carrard\" loading=\"lazy\"><\/a><\/div><div class=\"person-content\"><a href=\"https:\/\/www.sp-ps.ch\/it\/person\/valerie-piller-carrard\/\" class=\"person-name\"><p><strong>Val\u00e9rie Piller Carrard<\/strong><\/p><\/a><p class=\"person-position\">Consigliera nazionale FR, vice-presidente del partito<\/p><ul class=\"person-kontakt list-pills list-pills-grey\"><li><a href=\"mailto:valerie.piller_carrard@parl.ch\">E-Mail<\/a><\/li><\/ul><\/div><\/div><\/div><div class=\"persons-item\"><div class=\"person-container\"><div class=\"person-portrait\"><a href=\"https:\/\/www.sp-ps.ch\/it\/person\/anna-storz\/\"><img decoding=\"async\" src=\"https:\/\/www.sp-ps.ch\/wp-content\/uploads\/2022\/06\/anna_storz_bewerbungsfoto_quadrat-2-600x600.jpg?v=1659529563\" alt=\"Anna Storz\" loading=\"lazy\"><\/a><\/div><div class=\"person-content\"><a href=\"https:\/\/www.sp-ps.ch\/it\/person\/anna-storz\/\" class=\"person-name\"><p><strong>Anna Storz<\/strong><\/p><\/a><p class=\"person-position\">Consulente politica specializzata (CSSS)<\/p><ul class=\"person-kontakt list-pills list-pills-grey\"><li><a href=\"tel:+41313296962\">+41 31 329 69 62<\/a><\/li><li><a href=\"mailto:anna.storz@spschweiz.ch\">E-Mail<\/a><\/li><\/ul><\/div><\/div><\/div><\/div><\/div><\/div><\/div>\t\t\t\t<\/div>\n\t\t\t\t<\/div>\n\t\t\t\t\t<\/div>\n\t\t<\/div>\n\t\t\t\t\t<\/div>\n\t\t<\/section>\n\t\t\t\t<section class=\"elementor-section elementor-top-section elementor-element elementor-element-43fca17 elementor-section-boxed elementor-section-height-default elementor-section-height-default\" data-id=\"43fca17\" data-element_type=\"section\" data-settings=\"{&quot;jet_parallax_layout_list&quot;:[]}\">\n\t\t\t\t\t\t<div class=\"elementor-container elementor-column-gap-default\">\n\t\t\t\t\t<div class=\"elementor-column elementor-col-100 elementor-top-column elementor-element elementor-element-09de672\" data-id=\"09de672\" data-element_type=\"column\">\n\t\t\t<div class=\"elementor-widget-wrap elementor-element-populated\">\n\t\t\t\t\t\t<div class=\"elementor-element elementor-element-e0c6d87 elementor-widget elementor-widget-spps_title_text\" data-id=\"e0c6d87\" data-element_type=\"widget\" data-widget_type=\"spps_title_text.default\">\n\t\t\t\t<div class=\"elementor-widget-container\">\n\t\t\t\t\t<div class=\"title-text-wrapper \"><div class=\"title-text-container\"><div class=\"title-text-text\"><div class=\"body\"><div class=\"body\"><p><strong>Breve descrizione dei lavori commissionali<br \/><\/strong><\/p><p>I membri della Commissione tematica \u00abGiustizia sociale e salute\u00bb si occupano di questioni di politica sociale e di temi legati alla salute (ad esempio AVS, previdenza professionale o premi dell'assicurazione malattia). La scelta dei temi \u00e8 duplice: da un lato dipende dalle principali questioni politiche attualmente in discussione nel Parlamento federale, dall'altro, tutti i membri della Commissione tematica hanno la possibilit\u00e0 di proporre un tema. Inoltre, si preparano e redigono insieme documenti di posizione o dichiarazioni da sottoporre all'attenzione delle varie istanze del partito.<\/p><p>Di norma, si tengono 4 riunioni all'anno durante le sessioni dell'Assemblea federale, in alternanza a Berna e online.<\/p><\/div><\/div><\/div><\/div><\/div>\t\t\t\t<\/div>\n\t\t\t\t<\/div>\n\t\t\t\t<div class=\"elementor-element elementor-element-a1174c1 elementor-widget elementor-widget-spacer\" data-id=\"a1174c1\" data-element_type=\"widget\" data-widget_type=\"spacer.default\">\n\t\t\t\t<div class=\"elementor-widget-container\">\n\t\t\t\t\t\t\t<div class=\"elementor-spacer\">\n\t\t\t<div class=\"elementor-spacer-inner\"><\/div>\n\t\t<\/div>\n\t\t\t\t\t\t<\/div>\n\t\t\t\t<\/div>\n\t\t\t\t<div class=\"elementor-element elementor-element-7b91d66 elementor-widget elementor-widget-spps_call_to_action\" data-id=\"7b91d66\" data-element_type=\"widget\" data-widget_type=\"spps_call_to_action.default\">\n\t\t\t\t<div class=\"elementor-widget-container\">\n\t\t\t\t\t<div class=\"call-to-action-wrapper  \" style=\"background:#E4002B\" ><div class=\"call-to-action-title\"><h2>Interessata\/-o?<\/h2><\/div><div class=\"call-to-action-container\"><div class=\"call-to-action-text\"><p>Qui ti puoi iscrivere alla Commissione tematica \u00abGiustizia sociale e salute\u00bb.<\/p>\n<p>La tua presenza ci fa piacere!<\/p>\n<\/div><div class=\"call-to-action-buttons call-to-action-buttons-left\"><div class=\"button-wrapper \"><a href=\"https:\/\/www.sp-ps.ch\/it\/partito\/commissioni-tematiche\/diventare-membro-di-una-commissione-tematica\/\"  target=\"_self\" class=\"button-link button-link-default\"  style='color:#E4002B' onMouseOver=\"this.style.color='white';this.style.background='#E4002B'\" onMouseOut=\"this.style.color='#E4002B';this.style.background='#EBEBEB'\">Formulario d'iscrizione<\/a><\/div><\/div><\/div><\/div>\t\t\t\t<\/div>\n\t\t\t\t<\/div>\n\t\t\t\t\t<\/div>\n\t\t<\/div>\n\t\t\t\t\t<\/div>\n\t\t<\/section>\n\t\t\t\t<\/div>\n\t\t","protected":false},"excerpt":{"rendered":"<p>Commissione tematica \u00abGiustizia sociale e salute\u00bb Yves M\u00fchlematter Conseiller municipal \u00e0 Wichtrach, BE Val\u00e9rie Piller Carrard Conseill\u00e8re nationale FR, vice-pr\u00e9sidente du PS Suisse E-Mail Anna Storz Conseill\u00e8re specialis\u00e9e (CSSS) +41 [&hellip;]<\/p>\n","protected":false},"author":23,"featured_media":0,"parent":30652,"menu_order":7,"comment_status":"closed","ping_status":"closed","template":"","meta":{"footnotes":""},"class_list":["post-102506","page","type-page","status-publish","hentry"],"_links":{"self":[{"href":"https:\/\/www.sp-ps.ch\/it\/wp-json\/wp\/v2\/pages\/102506","targetHints":{"allow":["GET"]}}],"collection":[{"href":"https:\/\/www.sp-ps.ch\/it\/wp-json\/wp\/v2\/pages"}],"about":[{"href":"https:\/\/www.sp-ps.ch\/it\/wp-json\/wp\/v2\/types\/page"}],"author":[{"embeddable":true,"href":"https:\/\/www.sp-ps.ch\/it\/wp-json\/wp\/v2\/users\/23"}],"replies":[{"embeddable":true,"href":"https:\/\/www.sp-ps.ch\/it\/wp-json\/wp\/v2\/comments?post=102506"}],"version-history":[{"count":24,"href":"https:\/\/www.sp-ps.ch\/it\/wp-json\/wp\/v2\/pages\/102506\/revisions"}],"predecessor-version":[{"id":181316,"href":"https:\/\/www.sp-ps.ch\/it\/wp-json\/wp\/v2\/pages\/102506\/revisions\/181316"}],"up":[{"embeddable":true,"href":"https:\/\/www.sp-ps.ch\/it\/wp-json\/wp\/v2\/pages\/30652"}],"wp:attachment":[{"href":"https:\/\/www.sp-ps.ch\/it\/wp-json\/wp\/v2\/media?parent=102506"}],"curies":[{"name":"wp","href":"https:\/\/api.w.org\/{rel}","templated":true}]}}

<div data-elementor-type="wp-page" data-elementor-id="102506" class="elementor elementor-102506 elementor-102504" data-elementor-post-type="page">
						<section class="elementor-section elementor-top-section elementor-element elementor-element-1d2bca0 elementor-section-boxed elementor-section-height-default elementor-section-height-default" data-id="1d2bca0" data-element_type="section" data-settings="{&quot;jet_parallax_layout_list&quot;:[],&quot;background_background&quot;:&quot;classic&quot;}">
						<div class="elementor-container elementor-column-gap-wide">
					<div class="elementor-column elementor-col-100 elementor-top-column elementor-element elementor-element-0bcc30c" data-id="0bcc30c" data-element_type="column">
			<div class="elementor-widget-wrap elementor-element-populated">
						<div class="elementor-element elementor-element-b811fae elementor-widget elementor-widget-heading" data-id="b811fae" data-element_type="widget" data-widget_type="heading.default">
				<div class="elementor-widget-container">
					<h1 class="elementor-heading-title elementor-size-default">Commissione tematica «Giustizia sociale e salute»</h1>				</div>
				</div>
				<div class="elementor-element elementor-element-395a8b2 elementor-widget elementor-widget-jet-breadcrumbs" data-id="395a8b2" data-element_type="widget" data-widget_type="jet-breadcrumbs.default">
				<div class="elementor-widget-container">
					<div class="elementor-jet-breadcrumbs jet-blocks">
		<div class="jet-breadcrumbs">
		<div class="jet-breadcrumbs__content">
		<div class="jet-breadcrumbs__wrap">
		</div>
		</div>
		</div></div>				</div>
				</div>
					</div>
		</div>
					</div>
		</section>
				<section class="elementor-section elementor-top-section elementor-element elementor-element-be30af5 elementor-section-boxed elementor-section-height-default elementor-section-height-default" data-id="be30af5" data-element_type="section" data-settings="{&quot;jet_parallax_layout_list&quot;:[]}">
						<div class="elementor-container elementor-column-gap-wide">
					<div class="elementor-column elementor-col-100 elementor-top-column elementor-element elementor-element-53664ee" data-id="53664ee" data-element_type="column">
			<div class="elementor-widget-wrap elementor-element-populated">
						<div class="elementor-element elementor-element-e1258f7 elementor-widget elementor-widget-spps_person_grid" data-id="e1258f7" data-element_type="widget" id="Themenkommission-Soziale-Gerechtigkeit-und-Gesundheit" data-widget_type="spps_person_grid.default">
				<div class="elementor-widget-container">
					<div class="button-list-wrapper "><div class="button-list-container"><div class="persons persons-grid-2"><div class="persons-items"><div class="persons-item"><div class="person-container"><div class="person-portrait"><a href="https://www.sp-ps.ch/it/person/yves-muehlematter/"><img decoding="async" src="https://www.sp-ps.ch/wp-content/uploads/2024/12/20241216_153303-600x600.jpg?v=1734440236" alt="Yves Mühlematter" loading="lazy"></a></div><div class="person-content"><a href="https://www.sp-ps.ch/it/person/yves-muehlematter/" class="person-name"><p><strong>Yves Mühlematter</strong></p></a><p class="person-position">Municipale a Wichtrach BE</p></div></div></div><div class="persons-item"><div class="person-container"><div class="person-portrait"><a href="https://www.sp-ps.ch/it/person/valerie-piller-carrard/"><img decoding="async" src="https://www.sp-ps.ch/wp-content/uploads/2015/06/FR_NR_2023_SP_Piller_Carrard_Valerie_5610-G-600x600.jpg?v=1699526024" alt="Valérie Piller Carrard" loading="lazy"></a></div><div class="person-content"><a href="https://www.sp-ps.ch/it/person/valerie-piller-carrard/" class="person-name"><p><strong>Valérie Piller Carrard</strong></p></a><p class="person-position">Consigliera nazionale FR, vice-presidente del partito</p><ul class="person-kontakt list-pills list-pills-grey"><li><a href="mailto:valerie.piller_carrard@parl.ch">E-Mail</a></li></ul></div></div></div><div class="persons-item"><div class="person-container"><div class="person-portrait"><a href="https://www.sp-ps.ch/it/person/anna-storz/"><img decoding="async" src="https://www.sp-ps.ch/wp-content/uploads/2022/06/anna_storz_bewerbungsfoto_quadrat-2-600x600.jpg?v=1659529563" alt="Anna Storz" loading="lazy"></a></div><div class="person-content"><a href="https://www.sp-ps.ch/it/person/anna-storz/" class="person-name"><p><strong>Anna Storz</strong></p></a><p class="person-position">Consulente politica specializzata (CSSS)</p><ul class="person-kontakt list-pills list-pills-grey"><li><a href="tel:+41313296962">+41 31 329 69 62</a></li><li><a href="mailto:anna.storz@spschweiz.ch">E-Mail</a></li></ul></div></div></div></div></div></div></div>				</div>
				</div>
					</div>
		</div>
					</div>
		</section>
				<section class="elementor-section elementor-top-section elementor-element elementor-element-43fca17 elementor-section-boxed elementor-section-height-default elementor-section-height-default" data-id="43fca17" data-element_type="section" data-settings="{&quot;jet_parallax_layout_list&quot;:[]}">
						<div class="elementor-container elementor-column-gap-default">
					<div class="elementor-column elementor-col-100 elementor-top-column elementor-element elementor-element-09de672" data-id="09de672" data-element_type="column">
			<div class="elementor-widget-wrap elementor-element-populated">
						<div class="elementor-element elementor-element-e0c6d87 elementor-widget elementor-widget-spps_title_text" data-id="e0c6d87" data-element_type="widget" data-widget_type="spps_title_text.default">
				<div class="elementor-widget-container">
					<div class="title-text-wrapper "><div class="title-text-container"><div class="title-text-text"><div class="body"><div class="body"><p><strong>Breve descrizione dei lavori commissionali<br /></strong></p><p>I membri della Commissione tematica «Giustizia sociale e salute» si occupano di questioni di politica sociale e di temi legati alla salute (ad esempio AVS, previdenza professionale o premi dell'assicurazione malattia). La scelta dei temi è duplice: da un lato dipende dalle principali questioni politiche attualmente in discussione nel Parlamento federale, dall'altro, tutti i membri della Commissione tematica hanno la possibilità di proporre un tema. Inoltre, si preparano e redigono insieme documenti di posizione o dichiarazioni da sottoporre all'attenzione delle varie istanze del partito.</p><p>Di norma, si tengono 4 riunioni all'anno durante le sessioni dell'Assemblea federale, in alternanza a Berna e online.</p></div></div></div></div></div>				</div>
				</div>
				<div class="elementor-element elementor-element-a1174c1 elementor-widget elementor-widget-spacer" data-id="a1174c1" data-element_type="widget" data-widget_type="spacer.default">
				<div class="elementor-widget-container">
							<div class="elementor-spacer">
			<div class="elementor-spacer-inner"></div>
		</div>
						</div>
				</div>
				<div class="elementor-element elementor-element-7b91d66 elementor-widget elementor-widget-spps_call_to_action" data-id="7b91d66" data-element_type="widget" data-widget_type="spps_call_to_action.default">
				<div class="elementor-widget-container">
					<div class="call-to-action-wrapper  " style="background:#E4002B" ><div class="call-to-action-title"><h2>Interessata/-o?</h2></div><div class="call-to-action-container"><div class="call-to-action-text"><p>Qui ti puoi iscrivere alla Commissione tematica «Giustizia sociale e salute».</p>
<p>La tua presenza ci fa piacere!</p>
</div><div class="call-to-action-buttons call-to-action-buttons-left"><div class="button-wrapper "><a href="https://www.sp-ps.ch/it/partito/commissioni-tematiche/diventare-membro-di-una-commissione-tematica/"  target="_self" class="button-link button-link-default"  style='color:#E4002B' onMouseOver="this.style.color='white';this.style.background='#E4002B'" onMouseOut="this.style.color='#E4002B';this.style.background='#EBEBEB'">Formulario d'iscrizione</a></div></div></div></div>				</div>
				</div>
					</div>
		</div>
					</div>
		</section>
				</div>

<p>Commissione tematica «Giustizia sociale e salute» Yves Mühlematter Conseiller municipal à Wichtrach, BE Valérie Piller Carrard Conseillère nationale FR, vice-présidente du PS Suisse E-Mail Anna Storz Conseillère specialisée (CSSS) +41 [&hellip;]</p>
