{"id":119451,"date":"2023-12-04T11:57:38","date_gmt":"2023-12-04T10:57:38","guid":{"rendered":"https:\/\/www.sp-ps.ch\/no-alliniziativa-sulle-pensioni\/"},"modified":"2024-01-08T15:19:00","modified_gmt":"2024-01-08T14:19:00","slug":"no-alliniziativa-sulle-pensioni","status":"publish","type":"page","link":"https:\/\/www.sp-ps.ch\/it\/no-alliniziativa-sulle-pensioni\/","title":{"rendered":"NO all&#8217;iniziativa sulle pensioni!"},"content":{"rendered":"\t\t<div data-elementor-type=\"wp-page\" data-elementor-id=\"119451\" class=\"elementor elementor-119451 elementor-119257\" data-elementor-post-type=\"page\">\n\t\t\t\t\t\t<section class=\"elementor-section elementor-top-section elementor-element elementor-element-dedcae7 elementor-section-boxed elementor-section-height-default elementor-section-height-default\" data-id=\"dedcae7\" data-element_type=\"section\" data-settings=\"{&quot;jet_parallax_layout_list&quot;:[]}\">\n\t\t\t\t\t\t<div class=\"elementor-container elementor-column-gap-default\">\n\t\t\t\t\t<div class=\"elementor-column elementor-col-100 elementor-top-column elementor-element elementor-element-c8e8136\" data-id=\"c8e8136\" data-element_type=\"column\">\n\t\t\t<div class=\"elementor-widget-wrap elementor-element-populated\">\n\t\t\t\t\t\t<div class=\"elementor-element elementor-element-38938c5 elementor-widget elementor-widget-image\" data-id=\"38938c5\" data-element_type=\"widget\" data-widget_type=\"image.default\">\n\t\t\t\t<div class=\"elementor-widget-container\">\n\t\t\t\t\t\t\t\t\t\t\t\t\t\t\t<img fetchpriority=\"high\" decoding=\"async\" width=\"1920\" height=\"915\" src=\"https:\/\/www.sp-ps.ch\/wp-content\/uploads\/2024\/01\/R67_Pflegerin_IT.jpg\" class=\"attachment-full size-full wp-image-121329\" alt=\"\" srcset=\"https:\/\/www.sp-ps.ch\/wp-content\/uploads\/2024\/01\/R67_Pflegerin_IT.jpg 1920w, https:\/\/www.sp-ps.ch\/wp-content\/uploads\/2024\/01\/R67_Pflegerin_IT-300x143.jpg 300w, https:\/\/www.sp-ps.ch\/wp-content\/uploads\/2024\/01\/R67_Pflegerin_IT-1024x488.jpg 1024w, https:\/\/www.sp-ps.ch\/wp-content\/uploads\/2024\/01\/R67_Pflegerin_IT-768x366.jpg 768w, https:\/\/www.sp-ps.ch\/wp-content\/uploads\/2024\/01\/R67_Pflegerin_IT-1536x732.jpg 1536w, https:\/\/www.sp-ps.ch\/wp-content\/uploads\/2024\/01\/R67_Pflegerin_IT-1000x478.jpg 1000w\" sizes=\"(max-width: 1920px) 100vw, 1920px\" \/>\t\t\t\t\t\t\t\t\t\t\t\t\t\t\t<\/div>\n\t\t\t\t<\/div>\n\t\t\t\t<div class=\"elementor-element elementor-element-78762f9 elementor-widget elementor-widget-spps_button_list\" data-id=\"78762f9\" data-element_type=\"widget\" data-widget_type=\"spps_button_list.default\">\n\t\t\t\t<div class=\"elementor-widget-container\">\n\t\t\t\t\t<div class=\"button-list-wrapper   \"><div class=\"button-list-title\"><h2>NO all'et\u00e0 pensionabile a 67 anni<\/h2><\/div><div class=\"button-list-container\"><div class=\"button-list-text\"><p>I Giovani Liberali Radicali Svizzeri vogliono innalzare l'et\u00e0 pensionabile a 66 anni come primo passo e poi legarla all'aspettativa di vita media. In questo modo aprono la porta a un'et\u00e0 di pensionamento a 67 anni e oltre. Ci\u00f2 significherebbe che i lavoratori e le lavoratrici con redditi medio-bassi dovrebbero lavorare ancora pi\u00f9 a lungo, mentre i chi percepisce redditi pi\u00f9 alti potrebbe continuare ad andare in pensione anticipata.<\/p>\n<p><strong>L'innalzamento dell'et\u00e0 pensionabile colpisce soprattutto chi ha un reddito basso e medio <\/strong><\/p>\n<p>Chi pu\u00f2 permetterselo va in pensione anticipata: se l'et\u00e0 pensionabile aumenta, chi lavora per esempio nella vendita al dettaglio e nel settore di cura dovr\u00e0 lavorare ancora pi\u00f9 a lungo, mentre i manager di banche e i professori possono permettersi di andare in pensione anticipata. Ci\u00f2 \u00e8 doppiamente ingiusto, poich\u00e9 l'aspettativa di vita delle persone con un reddito basso \u00e8 pi\u00f9 bassa. L'iniziativa colpisce quindi pi\u00f9 duramente coloro che hanno gi\u00e0 una durata della pensione pi\u00f9 breve e tendono a essere in cattive condizioni di salute. Inoltre, molte persone over 55 anni stanno gi\u00e0 abbandonando il mercato del lavoro perch\u00e9 non sono pi\u00f9 in grado di lavorare o non riescono a trovare un impiego.<\/p>\n<p><strong>Invece di alzare l'et\u00e0 pensionabile, bisogna finalmente compensare la perdita di potere d'acquisto <\/strong><\/p>\n<p>Un'et\u00e0 pensionabile pi\u00f9 alta significa lavorare pi\u00f9 a lungo e percepire la pensione per meno tempo. Si tratta di fatto di un taglio alle pensioni. Allo stesso tempo, le persone con pensioni basse in particolare dovrebbero essere finalmente compensate per gli affitti e i premi di cassa malati in continuo aumento. Dopo tutto, le pensioni non sono pi\u00f9 sufficienti per molte persone. L'aumento del costo della vita coster\u00e0 alle persone attualmente pensionate un intero mese di pensione entro la fine del 2024. \u00c8 quindi urgente compensare la perdita di potere d'acquisto.<\/p>\n<p>&nbsp;<\/p>\n<p><strong>Chi c'\u00e8 dietro l'iniziativa?<\/strong><\/p>\n<p>L'iniziativa popolare \u00e8 stata promossa dai Giovani Liberali ed \u00e8 sostenuta dal PLR, dall'UDC, dall'Unione svizzera degli imprenditori e da varie organizzazioni padronali.<\/p>\n<p><strong>No all'iniziativa sulle pensioni! <\/strong><\/p>\n<p>Il PS \u00e8 contrario a un sistema pensionistico in cui chi guadagna di pi\u00f9 pu\u00f2 andare in pensione anticipata e tutte le altre persone devono lavorare fino allo sfinimento.<strong> La presidenza raccomanda quindi chiaramente al Congresso del partito del PS Svizzero di votare NO all'iniziativa pensionistica dei Giovani Liberali. Ogni persona ha il diritto di invecchiare con dignit\u00e0 e di godersi la pensione<\/strong><\/p>\n<\/div><\/div><\/div>\t\t\t\t<\/div>\n\t\t\t\t<\/div>\n\t\t\t\t\t<\/div>\n\t\t<\/div>\n\t\t\t\t\t<\/div>\n\t\t<\/section>\n\t\t\t\t<\/div>\n\t\t","protected":false},"excerpt":{"rendered":"<p>NO all&#8217;et\u00e0 pensionabile a 67 anni I Giovani Liberali Radicali Svizzeri vogliono innalzare l&#8217;et\u00e0 pensionabile a 66 anni come primo passo e poi legarla all&#8217;aspettativa di vita media. In questo [&hellip;]<\/p>\n","protected":false},"author":69,"featured_media":0,"parent":0,"menu_order":0,"comment_status":"closed","ping_status":"closed","template":"","meta":{"footnotes":""},"class_list":["post-119451","page","type-page","status-publish","hentry"],"_links":{"self":[{"href":"https:\/\/www.sp-ps.ch\/it\/wp-json\/wp\/v2\/pages\/119451","targetHints":{"allow":["GET"]}}],"collection":[{"href":"https:\/\/www.sp-ps.ch\/it\/wp-json\/wp\/v2\/pages"}],"about":[{"href":"https:\/\/www.sp-ps.ch\/it\/wp-json\/wp\/v2\/types\/page"}],"author":[{"embeddable":true,"href":"https:\/\/www.sp-ps.ch\/it\/wp-json\/wp\/v2\/users\/69"}],"replies":[{"embeddable":true,"href":"https:\/\/www.sp-ps.ch\/it\/wp-json\/wp\/v2\/comments?post=119451"}],"version-history":[{"count":12,"href":"https:\/\/www.sp-ps.ch\/it\/wp-json\/wp\/v2\/pages\/119451\/revisions"}],"predecessor-version":[{"id":121334,"href":"https:\/\/www.sp-ps.ch\/it\/wp-json\/wp\/v2\/pages\/119451\/revisions\/121334"}],"wp:attachment":[{"href":"https:\/\/www.sp-ps.ch\/it\/wp-json\/wp\/v2\/media?parent=119451"}],"curies":[{"name":"wp","href":"https:\/\/api.w.org\/{rel}","templated":true}]}}

<div data-elementor-type="wp-page" data-elementor-id="119451" class="elementor elementor-119451 elementor-119257" data-elementor-post-type="page">
						<section class="elementor-section elementor-top-section elementor-element elementor-element-dedcae7 elementor-section-boxed elementor-section-height-default elementor-section-height-default" data-id="dedcae7" data-element_type="section" data-settings="{&quot;jet_parallax_layout_list&quot;:[]}">
						<div class="elementor-container elementor-column-gap-default">
					<div class="elementor-column elementor-col-100 elementor-top-column elementor-element elementor-element-c8e8136" data-id="c8e8136" data-element_type="column">
			<div class="elementor-widget-wrap elementor-element-populated">
						<div class="elementor-element elementor-element-38938c5 elementor-widget elementor-widget-image" data-id="38938c5" data-element_type="widget" data-widget_type="image.default">
				<div class="elementor-widget-container">
															<img fetchpriority="high" decoding="async" width="1920" height="915" src="https://www.sp-ps.ch/wp-content/uploads/2024/01/R67_Pflegerin_IT.jpg" class="attachment-full size-full wp-image-121329" alt="" srcset="https://www.sp-ps.ch/wp-content/uploads/2024/01/R67_Pflegerin_IT.jpg 1920w, https://www.sp-ps.ch/wp-content/uploads/2024/01/R67_Pflegerin_IT-300x143.jpg 300w, https://www.sp-ps.ch/wp-content/uploads/2024/01/R67_Pflegerin_IT-1024x488.jpg 1024w, https://www.sp-ps.ch/wp-content/uploads/2024/01/R67_Pflegerin_IT-768x366.jpg 768w, https://www.sp-ps.ch/wp-content/uploads/2024/01/R67_Pflegerin_IT-1536x732.jpg 1536w, https://www.sp-ps.ch/wp-content/uploads/2024/01/R67_Pflegerin_IT-1000x478.jpg 1000w" sizes="(max-width: 1920px) 100vw, 1920px" />															</div>
				</div>
				<div class="elementor-element elementor-element-78762f9 elementor-widget elementor-widget-spps_button_list" data-id="78762f9" data-element_type="widget" data-widget_type="spps_button_list.default">
				<div class="elementor-widget-container">
					<div class="button-list-wrapper   "><div class="button-list-title"><h2>NO all'età pensionabile a 67 anni</h2></div><div class="button-list-container"><div class="button-list-text"><p>I Giovani Liberali Radicali Svizzeri vogliono innalzare l'età pensionabile a 66 anni come primo passo e poi legarla all'aspettativa di vita media. In questo modo aprono la porta a un'età di pensionamento a 67 anni e oltre. Ciò significherebbe che i lavoratori e le lavoratrici con redditi medio-bassi dovrebbero lavorare ancora più a lungo, mentre i chi percepisce redditi più alti potrebbe continuare ad andare in pensione anticipata.</p>
<p><strong>L'innalzamento dell'età pensionabile colpisce soprattutto chi ha un reddito basso e medio </strong></p>
<p>Chi può permetterselo va in pensione anticipata: se l'età pensionabile aumenta, chi lavora per esempio nella vendita al dettaglio e nel settore di cura dovrà lavorare ancora più a lungo, mentre i manager di banche e i professori possono permettersi di andare in pensione anticipata. Ciò è doppiamente ingiusto, poiché l'aspettativa di vita delle persone con un reddito basso è più bassa. L'iniziativa colpisce quindi più duramente coloro che hanno già una durata della pensione più breve e tendono a essere in cattive condizioni di salute. Inoltre, molte persone over 55 anni stanno già abbandonando il mercato del lavoro perché non sono più in grado di lavorare o non riescono a trovare un impiego.</p>
<p><strong>Invece di alzare l'età pensionabile, bisogna finalmente compensare la perdita di potere d'acquisto </strong></p>
<p>Un'età pensionabile più alta significa lavorare più a lungo e percepire la pensione per meno tempo. Si tratta di fatto di un taglio alle pensioni. Allo stesso tempo, le persone con pensioni basse in particolare dovrebbero essere finalmente compensate per gli affitti e i premi di cassa malati in continuo aumento. Dopo tutto, le pensioni non sono più sufficienti per molte persone. L'aumento del costo della vita costerà alle persone attualmente pensionate un intero mese di pensione entro la fine del 2024. È quindi urgente compensare la perdita di potere d'acquisto.</p>
<p>&nbsp;</p>
<p><strong>Chi c'è dietro l'iniziativa?</strong></p>
<p>L'iniziativa popolare è stata promossa dai Giovani Liberali ed è sostenuta dal PLR, dall'UDC, dall'Unione svizzera degli imprenditori e da varie organizzazioni padronali.</p>
<p><strong>No all'iniziativa sulle pensioni! </strong></p>
<p>Il PS è contrario a un sistema pensionistico in cui chi guadagna di più può andare in pensione anticipata e tutte le altre persone devono lavorare fino allo sfinimento.<strong> La presidenza raccomanda quindi chiaramente al Congresso del partito del PS Svizzero di votare NO all'iniziativa pensionistica dei Giovani Liberali. Ogni persona ha il diritto di invecchiare con dignità e di godersi la pensione</strong></p>
</div></div></div>				</div>
				</div>
					</div>
		</div>
					</div>
		</section>
				</div>

<p>NO all&#8217;età pensionabile a 67 anni I Giovani Liberali Radicali Svizzeri vogliono innalzare l&#8217;età pensionabile a 66 anni come primo passo e poi legarla all&#8217;aspettativa di vita media. In questo [&hellip;]</p>
