{"id":165677,"date":"2025-07-24T16:35:25","date_gmt":"2025-07-24T14:35:25","guid":{"rendered":"https:\/\/www.sp-ps.ch\/?page_id=165677"},"modified":"2025-07-24T16:51:50","modified_gmt":"2025-07-24T14:51:50","slug":"si-alle-id","status":"publish","type":"page","link":"https:\/\/www.sp-ps.ch\/it\/si-alle-id\/","title":{"rendered":"S\u00cc all&#8217;e-ID"},"content":{"rendered":"\t\t<div data-elementor-type=\"wp-page\" data-elementor-id=\"165677\" class=\"elementor elementor-165677 elementor-165675\" data-elementor-post-type=\"page\">\n\t\t\t\t\t\t<section class=\"elementor-section elementor-top-section elementor-element elementor-element-35f82ac elementor-section-boxed elementor-section-height-default elementor-section-height-default\" data-id=\"35f82ac\" data-element_type=\"section\" data-settings=\"{&quot;jet_parallax_layout_list&quot;:[],&quot;background_background&quot;:&quot;classic&quot;}\">\n\t\t\t\t\t\t\t<div class=\"elementor-background-overlay\"><\/div>\n\t\t\t\t\t\t\t<div class=\"elementor-container elementor-column-gap-default\">\n\t\t\t\t\t<div class=\"elementor-column elementor-col-100 elementor-top-column elementor-element elementor-element-274bc43\" data-id=\"274bc43\" data-element_type=\"column\">\n\t\t\t<div class=\"elementor-widget-wrap elementor-element-populated\">\n\t\t\t\t\t\t<div class=\"elementor-element elementor-element-32c16fe elementor-widget elementor-widget-image\" data-id=\"32c16fe\" data-element_type=\"widget\" data-widget_type=\"image.default\">\n\t\t\t\t<div class=\"elementor-widget-container\">\n\t\t\t\t\t\t\t\t\t\t\t\t\t\t\t<img fetchpriority=\"high\" decoding=\"async\" width=\"800\" height=\"450\" src=\"https:\/\/www.sp-ps.ch\/wp-content\/uploads\/2025\/07\/Header-e-id_it-1024x576.jpg\" class=\"attachment-large size-large wp-image-165735\" alt=\"\" srcset=\"https:\/\/www.sp-ps.ch\/wp-content\/uploads\/2025\/07\/Header-e-id_it-1024x576.jpg 1024w, https:\/\/www.sp-ps.ch\/wp-content\/uploads\/2025\/07\/Header-e-id_it-300x169.jpg 300w, https:\/\/www.sp-ps.ch\/wp-content\/uploads\/2025\/07\/Header-e-id_it-768x432.jpg 768w, https:\/\/www.sp-ps.ch\/wp-content\/uploads\/2025\/07\/Header-e-id_it-1536x864.jpg 1536w, https:\/\/www.sp-ps.ch\/wp-content\/uploads\/2025\/07\/Header-e-id_it.jpg 1920w\" sizes=\"(max-width: 800px) 100vw, 800px\" \/>\t\t\t\t\t\t\t\t\t\t\t\t\t\t\t<\/div>\n\t\t\t\t<\/div>\n\t\t\t\t<div class=\"elementor-element elementor-element-292f791 elementor-widget elementor-widget-spps_button_list\" data-id=\"292f791\" data-element_type=\"widget\" data-widget_type=\"spps_button_list.default\">\n\t\t\t\t<div class=\"elementor-widget-container\">\n\t\t\t\t\t<div class=\"button-list-wrapper   \"><div class=\"button-list-title\"><h2>S\u00cc all'e-ID il 28 settembre<\/h2><\/div><div class=\"button-list-container\"><div class=\"button-list-text\"><p>Il 28 settembre voteremo la legge federale sull'identit\u00e0 elettronica. Questa prevede un'e-ID pubblica sicura, volontaria e che rispetta la protezione dei dati. La Confederazione tutela la sfera privata, consente a tutti e tutte un accesso semplice e gratuito all'identit\u00e0 digitale e permette all'amministrazione pubblica di offrire servizi digitali. Con l'e-ID rafforziamo il servizio pubblico, promuoviamo la digitalizzazione e tuteliamo la sovranit\u00e0 digitale.<br \/><br \/><\/p>\n<h3><strong>Motivi per votare S\u00cc:<\/strong><\/h3>\n<ul>\n<li><strong>Responsabilit\u00e0 dello Stato anzich\u00e9 controllo privato: <\/strong>la nuova e-ID sar\u00e0 gestita esclusivamente dalla Confederazione. Lo Stato garantisce il rilascio, la gestione e la sicurezza dell'identit\u00e0 digitale, analogamente a quanto fa con il passaporto, la carta d'identit\u00e0 o le banconote. Nel 2021 il progetto allora in discussione \u00e8 stato respinto perch\u00e9 voleva affidare l'identit\u00e0 elettronica a fornitori privati. Il nuovo progetto di legge sull'e-ID, rielaborato, ha preso sul serio queste critiche e ha apportato miglioramenti sostanziali.<\/li>\n<li><strong>Facoltativa, gratuita, inclusiva: <\/strong>l'e-ID rimane facoltativa. Chi non utilizza i servizi digitali pu\u00f2 continuare a usufruire dei servizi analogici e dell'identit\u00e0 fisica o del passaporto. Il rilascio online dell'e-ID \u00e8 gratuito e promuove una democrazia accessibile e inclusiva.<\/li>\n<li><strong>Protezione dei dati all'avanguardia e autodeterminazione digitale: <\/strong>con l'e-ID mantenete il controllo sui vostri dati. Vengono trasmesse solo le informazioni strettamente necessarie, ad esempio \u00abmaggiore di 18 anni\u00bb invece della data di nascita esatta. La sfera privata rimane protetta e n\u00e9 lo Stato n\u00e9 le aziende private possono risalire a come e quando viene utilizzata l'e-ID.<\/li>\n<\/ul><\/div><\/div><\/div>\t\t\t\t<\/div>\n\t\t\t\t<\/div>\n\t\t\t\t<div class=\"elementor-element elementor-element-a2a621c elementor-widget elementor-widget-spacer\" data-id=\"a2a621c\" data-element_type=\"widget\" data-widget_type=\"spacer.default\">\n\t\t\t\t<div class=\"elementor-widget-container\">\n\t\t\t\t\t\t\t<div class=\"elementor-spacer\">\n\t\t\t<div class=\"elementor-spacer-inner\"><\/div>\n\t\t<\/div>\n\t\t\t\t\t\t<\/div>\n\t\t\t\t<\/div>\n\t\t\t\t\t<\/div>\n\t\t<\/div>\n\t\t\t\t\t<\/div>\n\t\t<\/section>\n\t\t\t\t<\/div>\n\t\t","protected":false},"excerpt":{"rendered":"<p>S\u00cc all&#8217;e-ID il 28 settembre Il 28 settembre voteremo la legge federale sull&#8217;identit\u00e0 elettronica. Questa prevede un&#8217;e-ID pubblica sicura, volontaria e che rispetta la protezione dei dati. La Confederazione tutela [&hellip;]<\/p>\n","protected":false},"author":83,"featured_media":0,"parent":0,"menu_order":3,"comment_status":"closed","ping_status":"closed","template":"","meta":{"footnotes":""},"class_list":["post-165677","page","type-page","status-publish","hentry"],"_links":{"self":[{"href":"https:\/\/www.sp-ps.ch\/it\/wp-json\/wp\/v2\/pages\/165677","targetHints":{"allow":["GET"]}}],"collection":[{"href":"https:\/\/www.sp-ps.ch\/it\/wp-json\/wp\/v2\/pages"}],"about":[{"href":"https:\/\/www.sp-ps.ch\/it\/wp-json\/wp\/v2\/types\/page"}],"author":[{"embeddable":true,"href":"https:\/\/www.sp-ps.ch\/it\/wp-json\/wp\/v2\/users\/83"}],"replies":[{"embeddable":true,"href":"https:\/\/www.sp-ps.ch\/it\/wp-json\/wp\/v2\/comments?post=165677"}],"version-history":[{"count":7,"href":"https:\/\/www.sp-ps.ch\/it\/wp-json\/wp\/v2\/pages\/165677\/revisions"}],"predecessor-version":[{"id":165743,"href":"https:\/\/www.sp-ps.ch\/it\/wp-json\/wp\/v2\/pages\/165677\/revisions\/165743"}],"wp:attachment":[{"href":"https:\/\/www.sp-ps.ch\/it\/wp-json\/wp\/v2\/media?parent=165677"}],"curies":[{"name":"wp","href":"https:\/\/api.w.org\/{rel}","templated":true}]}}

SÌ all&#8217;e-ID

<div data-elementor-type="wp-page" data-elementor-id="165677" class="elementor elementor-165677 elementor-165675" data-elementor-post-type="page">
						<section class="elementor-section elementor-top-section elementor-element elementor-element-35f82ac elementor-section-boxed elementor-section-height-default elementor-section-height-default" data-id="35f82ac" data-element_type="section" data-settings="{&quot;jet_parallax_layout_list&quot;:[],&quot;background_background&quot;:&quot;classic&quot;}">
							<div class="elementor-background-overlay"></div>
							<div class="elementor-container elementor-column-gap-default">
					<div class="elementor-column elementor-col-100 elementor-top-column elementor-element elementor-element-274bc43" data-id="274bc43" data-element_type="column">
			<div class="elementor-widget-wrap elementor-element-populated">
						<div class="elementor-element elementor-element-32c16fe elementor-widget elementor-widget-image" data-id="32c16fe" data-element_type="widget" data-widget_type="image.default">
				<div class="elementor-widget-container">
															<img fetchpriority="high" decoding="async" width="800" height="450" src="https://www.sp-ps.ch/wp-content/uploads/2025/07/Header-e-id_it-1024x576.jpg" class="attachment-large size-large wp-image-165735" alt="" srcset="https://www.sp-ps.ch/wp-content/uploads/2025/07/Header-e-id_it-1024x576.jpg 1024w, https://www.sp-ps.ch/wp-content/uploads/2025/07/Header-e-id_it-300x169.jpg 300w, https://www.sp-ps.ch/wp-content/uploads/2025/07/Header-e-id_it-768x432.jpg 768w, https://www.sp-ps.ch/wp-content/uploads/2025/07/Header-e-id_it-1536x864.jpg 1536w, https://www.sp-ps.ch/wp-content/uploads/2025/07/Header-e-id_it.jpg 1920w" sizes="(max-width: 800px) 100vw, 800px" />															</div>
				</div>
				<div class="elementor-element elementor-element-292f791 elementor-widget elementor-widget-spps_button_list" data-id="292f791" data-element_type="widget" data-widget_type="spps_button_list.default">
				<div class="elementor-widget-container">
					<div class="button-list-wrapper   "><div class="button-list-title"><h2>SÌ all'e-ID il 28 settembre</h2></div><div class="button-list-container"><div class="button-list-text"><p>Il 28 settembre voteremo la legge federale sull'identità elettronica. Questa prevede un'e-ID pubblica sicura, volontaria e che rispetta la protezione dei dati. La Confederazione tutela la sfera privata, consente a tutti e tutte un accesso semplice e gratuito all'identità digitale e permette all'amministrazione pubblica di offrire servizi digitali. Con l'e-ID rafforziamo il servizio pubblico, promuoviamo la digitalizzazione e tuteliamo la sovranità digitale.<br /><br /></p>
<h3><strong>Motivi per votare SÌ:</strong></h3>
<ul>
<li><strong>Responsabilità dello Stato anziché controllo privato: </strong>la nuova e-ID sarà gestita esclusivamente dalla Confederazione. Lo Stato garantisce il rilascio, la gestione e la sicurezza dell'identità digitale, analogamente a quanto fa con il passaporto, la carta d'identità o le banconote. Nel 2021 il progetto allora in discussione è stato respinto perché voleva affidare l'identità elettronica a fornitori privati. Il nuovo progetto di legge sull'e-ID, rielaborato, ha preso sul serio queste critiche e ha apportato miglioramenti sostanziali.</li>
<li><strong>Facoltativa, gratuita, inclusiva: </strong>l'e-ID rimane facoltativa. Chi non utilizza i servizi digitali può continuare a usufruire dei servizi analogici e dell'identità fisica o del passaporto. Il rilascio online dell'e-ID è gratuito e promuove una democrazia accessibile e inclusiva.</li>
<li><strong>Protezione dei dati all'avanguardia e autodeterminazione digitale: </strong>con l'e-ID mantenete il controllo sui vostri dati. Vengono trasmesse solo le informazioni strettamente necessarie, ad esempio «maggiore di 18 anni» invece della data di nascita esatta. La sfera privata rimane protetta e né lo Stato né le aziende private possono risalire a come e quando viene utilizzata l'e-ID.</li>
</ul></div></div></div>				</div>
				</div>
				<div class="elementor-element elementor-element-a2a621c elementor-widget elementor-widget-spacer" data-id="a2a621c" data-element_type="widget" data-widget_type="spacer.default">
				<div class="elementor-widget-container">
							<div class="elementor-spacer">
			<div class="elementor-spacer-inner"></div>
		</div>
						</div>
				</div>
					</div>
		</div>
					</div>
		</section>
				</div>

<p>SÌ all&#8217;e-ID il 28 settembre Il 28 settembre voteremo la legge federale sull&#8217;identità elettronica. Questa prevede un&#8217;e-ID pubblica sicura, volontaria e che rispetta la protezione dei dati. La Confederazione tutela [&hellip;]</p>
