{"id":167923,"date":"2025-09-09T17:10:22","date_gmt":"2025-09-09T15:10:22","guid":{"rendered":"https:\/\/www.sp-ps.ch\/?page_id=167923"},"modified":"2026-03-31T12:09:42","modified_gmt":"2026-03-31T10:09:42","slug":"commissione-tematica-democratizzazione-della-democrazia","status":"publish","type":"page","link":"https:\/\/www.sp-ps.ch\/it\/partito\/commissioni-tematiche\/commissione-tematica-democratizzazione-della-democrazia\/","title":{"rendered":"Commissione tematica &#8220;Democrazia della democrazia&#8221;"},"content":{"rendered":"\t\t<div data-elementor-type=\"wp-page\" data-elementor-id=\"167923\" class=\"elementor elementor-167923 elementor-167921\" data-elementor-post-type=\"page\">\n\t\t\t\t\t\t<section class=\"elementor-section elementor-top-section elementor-element elementor-element-b29a9c2 elementor-section-boxed elementor-section-height-default elementor-section-height-default\" data-id=\"b29a9c2\" data-element_type=\"section\" data-settings=\"{&quot;jet_parallax_layout_list&quot;:[],&quot;background_background&quot;:&quot;classic&quot;}\">\n\t\t\t\t\t\t<div class=\"elementor-container elementor-column-gap-wide\">\n\t\t\t\t\t<div class=\"elementor-column elementor-col-100 elementor-top-column elementor-element elementor-element-3a2f6d4\" data-id=\"3a2f6d4\" data-element_type=\"column\">\n\t\t\t<div class=\"elementor-widget-wrap elementor-element-populated\">\n\t\t\t\t\t\t<div class=\"elementor-element elementor-element-9637b78 elementor-widget elementor-widget-heading\" data-id=\"9637b78\" data-element_type=\"widget\" data-widget_type=\"heading.default\">\n\t\t\t\t<div class=\"elementor-widget-container\">\n\t\t\t\t\t<h1 class=\"elementor-heading-title elementor-size-default\">Commissione tematica \u00abDemocratizzazione della democrazia\u00bb<\/h1>\t\t\t\t<\/div>\n\t\t\t\t<\/div>\n\t\t\t\t<div class=\"elementor-element elementor-element-c0f37a6 elementor-widget elementor-widget-jet-breadcrumbs\" data-id=\"c0f37a6\" data-element_type=\"widget\" data-widget_type=\"jet-breadcrumbs.default\">\n\t\t\t\t<div class=\"elementor-widget-container\">\n\t\t\t\t\t<div class=\"elementor-jet-breadcrumbs jet-blocks\">\n\t\t<div class=\"jet-breadcrumbs\">\n\t\t<div class=\"jet-breadcrumbs__content\">\n\t\t<div class=\"jet-breadcrumbs__wrap\">\n\t\t<\/div>\n\t\t<\/div>\n\t\t<\/div><\/div>\t\t\t\t<\/div>\n\t\t\t\t<\/div>\n\t\t\t\t\t<\/div>\n\t\t<\/div>\n\t\t\t\t\t<\/div>\n\t\t<\/section>\n\t\t\t\t<section class=\"elementor-section elementor-top-section elementor-element elementor-element-4923a57 elementor-section-boxed elementor-section-height-default elementor-section-height-default\" data-id=\"4923a57\" data-element_type=\"section\" data-settings=\"{&quot;jet_parallax_layout_list&quot;:[]}\">\n\t\t\t\t\t\t<div class=\"elementor-container elementor-column-gap-wide\">\n\t\t\t\t\t<div class=\"elementor-column elementor-col-100 elementor-top-column elementor-element elementor-element-d5bc095\" data-id=\"d5bc095\" data-element_type=\"column\">\n\t\t\t<div class=\"elementor-widget-wrap elementor-element-populated\">\n\t\t\t\t\t\t<div class=\"elementor-element elementor-element-f5e3fb9 elementor-widget elementor-widget-spacer\" data-id=\"f5e3fb9\" data-element_type=\"widget\" data-widget_type=\"spacer.default\">\n\t\t\t\t<div class=\"elementor-widget-container\">\n\t\t\t\t\t\t\t<div class=\"elementor-spacer\">\n\t\t\t<div class=\"elementor-spacer-inner\"><\/div>\n\t\t<\/div>\n\t\t\t\t\t\t<\/div>\n\t\t\t\t<\/div>\n\t\t\t\t<div class=\"elementor-element elementor-element-5943041 elementor-widget elementor-widget-spps_person_grid\" data-id=\"5943041\" data-element_type=\"widget\" data-widget_type=\"spps_person_grid.default\">\n\t\t\t\t<div class=\"elementor-widget-container\">\n\t\t\t\t\t<div class=\"button-list-wrapper \"><div class=\"button-list-container\"><div class=\"persons persons-grid-2\"><div class=\"persons-items\"><div class=\"persons-item\"><div class=\"person-container\"><div class=\"person-portrait\"><a href=\"https:\/\/www.sp-ps.ch\/it\/person\/manuel-graf\/\"><img decoding=\"async\" src=\"https:\/\/www.sp-ps.ch\/wp-content\/uploads\/2025\/06\/DSCF5897_low-600x600.jpg?v=1754900844\" alt=\"Manuel Graf\" loading=\"lazy\"><\/a><\/div><div class=\"person-content\"><a href=\"https:\/\/www.sp-ps.ch\/it\/person\/manuel-graf\/\" class=\"person-name\"><p><strong>Manuel Graf<\/strong><\/p><\/a><p class=\"person-position\"> Responsabile del Dipartimento di politica &amp; segretario generale aggiunto<\/p><ul class=\"person-kontakt list-pills list-pills-grey\"><li><a href=\"tel:+41313296983\">+41 31 329 69 83<\/a><\/li><li><a href=\"mailto:manuel.graf@spschweiz.ch\">E-Mail<\/a><\/li><\/ul><\/div><\/div><\/div><\/div><\/div><\/div><\/div>\t\t\t\t<\/div>\n\t\t\t\t<\/div>\n\t\t\t\t<div class=\"elementor-element elementor-element-6e87532 elementor-widget elementor-widget-spps_title_text\" data-id=\"6e87532\" data-element_type=\"widget\" data-widget_type=\"spps_title_text.default\">\n\t\t\t\t<div class=\"elementor-widget-container\">\n\t\t\t\t\t<div class=\"title-text-wrapper \"><div class=\"title-text-title\"><h3>Breve descrizione dei lavori commissionali<\/h3><\/div><div class=\"title-text-container\"><div class=\"title-text-text\"><p>Il compito principale della commissione tematica \u00e8 quello di far comprendere l'enorme potenziale progressista della democrazia e della democratizzazione di tutti gli ambiti della vita, nonch\u00e9 le origini e le forme di erosione della democrazia. Quali fattori e influenze ostacolano e impediscono la democrazia?<\/p><p>\u00c8 necessario concretizzare i possibili processi di democratizzazione, determinarne i primi passi ed elaborare proposte adeguate per tutti i livelli del partito, le sezioni e i gruppi parlamentari. Inoltre, la commissione tematica sviluppa proposte per la democratizzazione della democrazia, sia all'interno che all'esterno del partito. Ci\u00f2 include anche il feedback sullo stato di attuazione e la presentazione di ulteriori proposte.<\/p><p>La commissione tematica si riunisce di norma quattro volte all'anno, in presenza o online.<\/p><p>Copresidente designato: Andi Gross.<\/p><\/div><\/div><\/div>\t\t\t\t<\/div>\n\t\t\t\t<\/div>\n\t\t\t\t<div class=\"elementor-element elementor-element-03512ea elementor-widget elementor-widget-spacer\" data-id=\"03512ea\" data-element_type=\"widget\" data-widget_type=\"spacer.default\">\n\t\t\t\t<div class=\"elementor-widget-container\">\n\t\t\t\t\t\t\t<div class=\"elementor-spacer\">\n\t\t\t<div class=\"elementor-spacer-inner\"><\/div>\n\t\t<\/div>\n\t\t\t\t\t\t<\/div>\n\t\t\t\t<\/div>\n\t\t\t\t<div class=\"elementor-element elementor-element-618d1e0 elementor-widget elementor-widget-spps_call_to_action\" data-id=\"618d1e0\" data-element_type=\"widget\" data-widget_type=\"spps_call_to_action.default\">\n\t\t\t\t<div class=\"elementor-widget-container\">\n\t\t\t\t\t<div class=\"call-to-action-wrapper  \" style=\"background:#E4002B\" ><div class=\"call-to-action-title\"><h2>Interessata\/-o?<\/h2><\/div><div class=\"call-to-action-container\"><div class=\"call-to-action-text\"><p>Qui puoi iscriverti alla Commissione tematica \u00abPolitica della digitalizzazione e dei dati\u00bb.<\/p>\n<\/div><div class=\"call-to-action-buttons call-to-action-buttons-left\"><div class=\"button-wrapper \"><a href=\"https:\/\/www.sp-ps.ch\/it\/partito\/commissioni-tematiche\/diventare-membro-di-una-commissione-tematica\/\"  target=\"_self\" class=\"button-link button-link-default\"  style='color:#E4002B' onMouseOver=\"this.style.color='white';this.style.background='#E4002B'\" onMouseOut=\"this.style.color='#E4002B';this.style.background='#EBEBEB'\">Formulario d'iscrizione<\/a><\/div><\/div><\/div><\/div>\t\t\t\t<\/div>\n\t\t\t\t<\/div>\n\t\t\t\t\t<\/div>\n\t\t<\/div>\n\t\t\t\t\t<\/div>\n\t\t<\/section>\n\t\t\t\t<section class=\"elementor-section elementor-top-section elementor-element elementor-element-0b93ba2 elementor-section-boxed elementor-section-height-default elementor-section-height-default\" data-id=\"0b93ba2\" data-element_type=\"section\" data-settings=\"{&quot;jet_parallax_layout_list&quot;:[]}\">\n\t\t\t\t\t\t<div class=\"elementor-container elementor-column-gap-default\">\n\t\t\t\t\t<div class=\"elementor-column elementor-col-100 elementor-top-column elementor-element elementor-element-3349ac4\" data-id=\"3349ac4\" data-element_type=\"column\">\n\t\t\t<div class=\"elementor-widget-wrap\">\n\t\t\t\t\t\t\t<\/div>\n\t\t<\/div>\n\t\t\t\t\t<\/div>\n\t\t<\/section>\n\t\t\t\t<\/div>\n\t\t","protected":false},"excerpt":{"rendered":"<p>Commissione tematica \u00abDemocratizzazione della democrazia\u00bb Manuel Graf Chef du D\u00e9partement politique &amp; secr\u00e9taire g\u00e9n\u00e9ral adjoint +41 31 329 69 83 E-Mail Breve descrizione dei lavori commissionali Il compito principale della [&hellip;]<\/p>\n","protected":false},"author":23,"featured_media":0,"parent":30652,"menu_order":3,"comment_status":"closed","ping_status":"closed","template":"","meta":{"footnotes":""},"class_list":["post-167923","page","type-page","status-publish","hentry"],"_links":{"self":[{"href":"https:\/\/www.sp-ps.ch\/it\/wp-json\/wp\/v2\/pages\/167923","targetHints":{"allow":["GET"]}}],"collection":[{"href":"https:\/\/www.sp-ps.ch\/it\/wp-json\/wp\/v2\/pages"}],"about":[{"href":"https:\/\/www.sp-ps.ch\/it\/wp-json\/wp\/v2\/types\/page"}],"author":[{"embeddable":true,"href":"https:\/\/www.sp-ps.ch\/it\/wp-json\/wp\/v2\/users\/23"}],"replies":[{"embeddable":true,"href":"https:\/\/www.sp-ps.ch\/it\/wp-json\/wp\/v2\/comments?post=167923"}],"version-history":[{"count":16,"href":"https:\/\/www.sp-ps.ch\/it\/wp-json\/wp\/v2\/pages\/167923\/revisions"}],"predecessor-version":[{"id":181359,"href":"https:\/\/www.sp-ps.ch\/it\/wp-json\/wp\/v2\/pages\/167923\/revisions\/181359"}],"up":[{"embeddable":true,"href":"https:\/\/www.sp-ps.ch\/it\/wp-json\/wp\/v2\/pages\/30652"}],"wp:attachment":[{"href":"https:\/\/www.sp-ps.ch\/it\/wp-json\/wp\/v2\/media?parent=167923"}],"curies":[{"name":"wp","href":"https:\/\/api.w.org\/{rel}","templated":true}]}}

<div data-elementor-type="wp-page" data-elementor-id="167923" class="elementor elementor-167923 elementor-167921" data-elementor-post-type="page">
						<section class="elementor-section elementor-top-section elementor-element elementor-element-b29a9c2 elementor-section-boxed elementor-section-height-default elementor-section-height-default" data-id="b29a9c2" data-element_type="section" data-settings="{&quot;jet_parallax_layout_list&quot;:[],&quot;background_background&quot;:&quot;classic&quot;}">
						<div class="elementor-container elementor-column-gap-wide">
					<div class="elementor-column elementor-col-100 elementor-top-column elementor-element elementor-element-3a2f6d4" data-id="3a2f6d4" data-element_type="column">
			<div class="elementor-widget-wrap elementor-element-populated">
						<div class="elementor-element elementor-element-9637b78 elementor-widget elementor-widget-heading" data-id="9637b78" data-element_type="widget" data-widget_type="heading.default">
				<div class="elementor-widget-container">
					<h1 class="elementor-heading-title elementor-size-default">Commissione tematica «Democratizzazione della democrazia»</h1>				</div>
				</div>
				<div class="elementor-element elementor-element-c0f37a6 elementor-widget elementor-widget-jet-breadcrumbs" data-id="c0f37a6" data-element_type="widget" data-widget_type="jet-breadcrumbs.default">
				<div class="elementor-widget-container">
					<div class="elementor-jet-breadcrumbs jet-blocks">
		<div class="jet-breadcrumbs">
		<div class="jet-breadcrumbs__content">
		<div class="jet-breadcrumbs__wrap">
		</div>
		</div>
		</div></div>				</div>
				</div>
					</div>
		</div>
					</div>
		</section>
				<section class="elementor-section elementor-top-section elementor-element elementor-element-4923a57 elementor-section-boxed elementor-section-height-default elementor-section-height-default" data-id="4923a57" data-element_type="section" data-settings="{&quot;jet_parallax_layout_list&quot;:[]}">
						<div class="elementor-container elementor-column-gap-wide">
					<div class="elementor-column elementor-col-100 elementor-top-column elementor-element elementor-element-d5bc095" data-id="d5bc095" data-element_type="column">
			<div class="elementor-widget-wrap elementor-element-populated">
						<div class="elementor-element elementor-element-f5e3fb9 elementor-widget elementor-widget-spacer" data-id="f5e3fb9" data-element_type="widget" data-widget_type="spacer.default">
				<div class="elementor-widget-container">
							<div class="elementor-spacer">
			<div class="elementor-spacer-inner"></div>
		</div>
						</div>
				</div>
				<div class="elementor-element elementor-element-5943041 elementor-widget elementor-widget-spps_person_grid" data-id="5943041" data-element_type="widget" data-widget_type="spps_person_grid.default">
				<div class="elementor-widget-container">
					<div class="button-list-wrapper "><div class="button-list-container"><div class="persons persons-grid-2"><div class="persons-items"><div class="persons-item"><div class="person-container"><div class="person-portrait"><a href="https://www.sp-ps.ch/it/person/manuel-graf/"><img decoding="async" src="https://www.sp-ps.ch/wp-content/uploads/2025/06/DSCF5897_low-600x600.jpg?v=1754900844" alt="Manuel Graf" loading="lazy"></a></div><div class="person-content"><a href="https://www.sp-ps.ch/it/person/manuel-graf/" class="person-name"><p><strong>Manuel Graf</strong></p></a><p class="person-position"> Responsabile del Dipartimento di politica &amp; segretario generale aggiunto</p><ul class="person-kontakt list-pills list-pills-grey"><li><a href="tel:+41313296983">+41 31 329 69 83</a></li><li><a href="mailto:manuel.graf@spschweiz.ch">E-Mail</a></li></ul></div></div></div></div></div></div></div>				</div>
				</div>
				<div class="elementor-element elementor-element-6e87532 elementor-widget elementor-widget-spps_title_text" data-id="6e87532" data-element_type="widget" data-widget_type="spps_title_text.default">
				<div class="elementor-widget-container">
					<div class="title-text-wrapper "><div class="title-text-title"><h3>Breve descrizione dei lavori commissionali</h3></div><div class="title-text-container"><div class="title-text-text"><p>Il compito principale della commissione tematica è quello di far comprendere l'enorme potenziale progressista della democrazia e della democratizzazione di tutti gli ambiti della vita, nonché le origini e le forme di erosione della democrazia. Quali fattori e influenze ostacolano e impediscono la democrazia?</p><p>È necessario concretizzare i possibili processi di democratizzazione, determinarne i primi passi ed elaborare proposte adeguate per tutti i livelli del partito, le sezioni e i gruppi parlamentari. Inoltre, la commissione tematica sviluppa proposte per la democratizzazione della democrazia, sia all'interno che all'esterno del partito. Ciò include anche il feedback sullo stato di attuazione e la presentazione di ulteriori proposte.</p><p>La commissione tematica si riunisce di norma quattro volte all'anno, in presenza o online.</p><p>Copresidente designato: Andi Gross.</p></div></div></div>				</div>
				</div>
				<div class="elementor-element elementor-element-03512ea elementor-widget elementor-widget-spacer" data-id="03512ea" data-element_type="widget" data-widget_type="spacer.default">
				<div class="elementor-widget-container">
							<div class="elementor-spacer">
			<div class="elementor-spacer-inner"></div>
		</div>
						</div>
				</div>
				<div class="elementor-element elementor-element-618d1e0 elementor-widget elementor-widget-spps_call_to_action" data-id="618d1e0" data-element_type="widget" data-widget_type="spps_call_to_action.default">
				<div class="elementor-widget-container">
					<div class="call-to-action-wrapper  " style="background:#E4002B" ><div class="call-to-action-title"><h2>Interessata/-o?</h2></div><div class="call-to-action-container"><div class="call-to-action-text"><p>Qui puoi iscriverti alla Commissione tematica «Politica della digitalizzazione e dei dati».</p>
</div><div class="call-to-action-buttons call-to-action-buttons-left"><div class="button-wrapper "><a href="https://www.sp-ps.ch/it/partito/commissioni-tematiche/diventare-membro-di-una-commissione-tematica/"  target="_self" class="button-link button-link-default"  style='color:#E4002B' onMouseOver="this.style.color='white';this.style.background='#E4002B'" onMouseOut="this.style.color='#E4002B';this.style.background='#EBEBEB'">Formulario d'iscrizione</a></div></div></div></div>				</div>
				</div>
					</div>
		</div>
					</div>
		</section>
				<section class="elementor-section elementor-top-section elementor-element elementor-element-0b93ba2 elementor-section-boxed elementor-section-height-default elementor-section-height-default" data-id="0b93ba2" data-element_type="section" data-settings="{&quot;jet_parallax_layout_list&quot;:[]}">
						<div class="elementor-container elementor-column-gap-default">
					<div class="elementor-column elementor-col-100 elementor-top-column elementor-element elementor-element-3349ac4" data-id="3349ac4" data-element_type="column">
			<div class="elementor-widget-wrap">
							</div>
		</div>
					</div>
		</section>
				</div>

<p>Commissione tematica «Democratizzazione della democrazia» Manuel Graf Chef du Département politique &amp; secrétaire général adjoint +41 31 329 69 83 E-Mail Breve descrizione dei lavori commissionali Il compito principale della [&hellip;]</p>
