{"id":151900,"date":"2025-01-10T15:48:33","date_gmt":"2025-01-10T14:48:33","guid":{"rendered":"https:\/\/www.sp-ps.ch\/veranstaltung\/programme-de-demantelement-du-conseil-federal-une-attaque-contre-la-suisse-sociale\/"},"modified":"2025-01-27T11:43:03","modified_gmt":"2025-01-27T10:43:03","slug":"programme-de-demantelement-du-conseil-federal-une-attaque-contre-la-suisse-sociale","status":"publish","type":"tribe_events","link":"https:\/\/www.sp-ps.ch\/it\/agenda\/programme-de-demantelement-du-conseil-federal-une-attaque-contre-la-suisse-sociale\/","title":{"rendered":"Programme de d\u00e9mant\u00e8lement du Conseil f\u00e9d\u00e9ral : une attaque contre la Suisse solidaire"},"content":{"rendered":"<p><strong>Programme de d\u00e9mant\u00e8lement du Conseil f\u00e9d\u00e9ral : une attaque contre la Suisse solidaire<\/strong><\/p>\n<p>La ministre des Finances PLR Karin Keller-Sutter et les partis bourgeois attaquent la Suisse solidaire avec leur programme de coupes budg\u00e9taires. Leurs plans nous font reculer de plusieurs ann\u00e9es en mati\u00e8re de pouvoir d&#8217;achat, de protection du climat et d&#8217;\u00e9galit\u00e9. Les charges sont transf\u00e9r\u00e9es aux plus d\u00e9munis et les in\u00e9galit\u00e9s dans la population augmentent. Avec les membres du Conseil National Laurence Fehlmann Rielle et Samuel Bendahan, nous analyserons l&#8217;id\u00e9ologie n\u00e9olib\u00e9rale qui se cache derri\u00e8re ce programme de d\u00e9mant\u00e8lement et le frein \u00e0 l&#8217;endettement, tout en discutant des moyens pour y r\u00e9sister.<\/p>\n<p>&nbsp;<\/p>\n<details>\n<summary><strong>Voir plus d&#8217;informations<\/strong><\/summary>\n<p>&nbsp;<\/p>\n<p><strong>Date et lieu<\/strong><\/p>\n<p>Jeudi 13 mars 2025, 19h30 \u2013 21h00, en ligne<\/p>\n<p>&nbsp;<\/p>\n<p><strong>Public cible<\/strong><\/p>\n<p>Membres et personnes int\u00e9ress\u00e9es<\/p>\n<p>&nbsp;<\/p>\n<p><strong>Intervenant-es<\/strong><\/p>\n<p>Laurence Fehlmann Rielle, conseill\u00e8re nationale PS\/GE<\/p>\n<p>Samuel Bendahan, co-pr\u00e9sident du Groupe socialiste aux Chambres f\u00e9d\u00e9rales<\/p>\n<p>&nbsp;<\/p>\n<p><strong>Co\u00fbts<\/strong><\/p>\n<p>Aucun<\/p>\n<p>&nbsp;<\/p>\n<p><strong>Personne de contact<\/strong><\/p>\n<p>Lukas Probst, <a href=\"mailto:lukas.probst@spschweiz.ch\">lukas.probst@spschweiz.ch<\/a><\/p>\n<p>&nbsp;<\/p>\n<p><strong>D\u00e9lai d\u2019inscription<\/strong><\/p>\n<p>10.03.2025<\/p>\n<p>&nbsp;<\/p>\n<p><strong>Information<\/strong><\/p>\n<p>Pour des raisons de protection de donn\u00e9es, nous n\u2019enregistrons pas nos \u00e9v\u00e8nements en ligne. Cependant, nous envoyons apr\u00e8s la formation toute la documentation disponible aux participant-es inscrit-es.<\/p>\n<\/details>\n<p>&nbsp;<\/p>\n<p><strong>Inscription<\/strong><\/p>\n<table class=\"wp-list-table widefat fixed striped table-view-list forms\">\n<tbody id=\"the-list\" data-wp-lists=\"list:form\">\n<tr>\n<td class=\"shortcode column-shortcode\" data-colname=\"Code court\"><div class=\"wpforms-container wpforms-container-full\" id=\"wpforms-151749\"><div class=\"wpforms-schedule-locked\" id=\"wpforms-locked-151749\"><div class=\"form-locked-message\"><p>Malheureusement, le d\u00e9lai d'inscription a expir\u00e9. Si tu souhaites tout de m\u00eame participer \u00e0 l'\u00e9v\u00e8nement, \u00e9cris un mail \u00e0 <a href=\"mailto:lukas.probst@spschweiz.ch\">lukas.probst@spschweiz.ch<\/a>. Merci beaucoup !<\/p>\n<\/div><\/div><\/div>  <!-- .wpforms-container --><\/td>\n<\/tr>\n<\/tbody>\n<\/table>\n<p>&nbsp;<\/p>\n","protected":false},"excerpt":{"rendered":"<p>Programme de d\u00e9mant\u00e8lement du Conseil f\u00e9d\u00e9ral : une attaque contre la Suisse solidaire La ministre des Finances PLR Karin Keller-Sutter et les partis bourgeois attaquent la Suisse solidaire avec leur [&hellip;]<\/p>\n","protected":false},"author":82,"featured_media":0,"template":"","meta":{"_tribe_events_status":"","_tribe_events_status_reason":"","_tribe_events_is_hybrid":"","_tribe_events_is_virtual":"","_tribe_events_virtual_video_source":"","_tribe_events_virtual_embed_video":"","_tribe_events_virtual_linked_button_text":"","_tribe_events_virtual_linked_button":"","_tribe_events_virtual_show_embed_at":"","_tribe_events_virtual_show_embed_to":[],"_tribe_events_virtual_show_on_event":"","_tribe_events_virtual_show_on_views":"","_tribe_events_virtual_url":"","footnotes":""},"tags":[],"tribe_events_cat":[15666,15672],"class_list":["post-151900","tribe_events","type-tribe_events","status-publish","hentry","tribe_events_cat-formazione","tribe_events_cat-persone-iscritte-simpatizzanti-persone-interessate","cat_formazione","cat_persone-iscritte-simpatizzanti-persone-interessate"],"_links":{"self":[{"href":"https:\/\/www.sp-ps.ch\/it\/wp-json\/wp\/v2\/tribe_events\/151900","targetHints":{"allow":["GET"]}}],"collection":[{"href":"https:\/\/www.sp-ps.ch\/it\/wp-json\/wp\/v2\/tribe_events"}],"about":[{"href":"https:\/\/www.sp-ps.ch\/it\/wp-json\/wp\/v2\/types\/tribe_events"}],"author":[{"embeddable":true,"href":"https:\/\/www.sp-ps.ch\/it\/wp-json\/wp\/v2\/users\/82"}],"version-history":[{"count":5,"href":"https:\/\/www.sp-ps.ch\/it\/wp-json\/wp\/v2\/tribe_events\/151900\/revisions"}],"predecessor-version":[{"id":153059,"href":"https:\/\/www.sp-ps.ch\/it\/wp-json\/wp\/v2\/tribe_events\/151900\/revisions\/153059"}],"wp:attachment":[{"href":"https:\/\/www.sp-ps.ch\/it\/wp-json\/wp\/v2\/media?parent=151900"}],"wp:term":[{"taxonomy":"post_tag","embeddable":true,"href":"https:\/\/www.sp-ps.ch\/it\/wp-json\/wp\/v2\/tags?post=151900"},{"taxonomy":"tribe_events_cat","embeddable":true,"href":"https:\/\/www.sp-ps.ch\/it\/wp-json\/wp\/v2\/tribe_events_cat?post=151900"}],"curies":[{"name":"wp","href":"https:\/\/api.w.org\/{rel}","templated":true}]}}

Programme de démantèlement du Conseil fédéral : une attaque contre la Suisse solidaire

<p><strong>Programme de démantèlement du Conseil fédéral : une attaque contre la Suisse solidaire</strong></p>
<p>La ministre des Finances PLR Karin Keller-Sutter et les partis bourgeois attaquent la Suisse solidaire avec leur programme de coupes budgétaires. Leurs plans nous font reculer de plusieurs années en matière de pouvoir d&#8217;achat, de protection du climat et d&#8217;égalité. Les charges sont transférées aux plus démunis et les inégalités dans la population augmentent. Avec les membres du Conseil National Laurence Fehlmann Rielle et Samuel Bendahan, nous analyserons l&#8217;idéologie néolibérale qui se cache derrière ce programme de démantèlement et le frein à l&#8217;endettement, tout en discutant des moyens pour y résister.</p>
<p>&nbsp;</p>
<details>
<summary><strong>Voir plus d&#8217;informations</strong></summary>
<p>&nbsp;</p>
<p><strong>Date et lieu</strong></p>
<p>Jeudi 13 mars 2025, 19h30 – 21h00, en ligne</p>
<p>&nbsp;</p>
<p><strong>Public cible</strong></p>
<p>Membres et personnes intéressées</p>
<p>&nbsp;</p>
<p><strong>Intervenant-es</strong></p>
<p>Laurence Fehlmann Rielle, conseillère nationale PS/GE</p>
<p>Samuel Bendahan, co-président du Groupe socialiste aux Chambres fédérales</p>
<p>&nbsp;</p>
<p><strong>Coûts</strong></p>
<p>Aucun</p>
<p>&nbsp;</p>
<p><strong>Personne de contact</strong></p>
<p>Lukas Probst, <a href="mailto:lukas.probst@spschweiz.ch">lukas.probst@spschweiz.ch</a></p>
<p>&nbsp;</p>
<p><strong>Délai d’inscription</strong></p>
<p>10.03.2025</p>
<p>&nbsp;</p>
<p><strong>Information</strong></p>
<p>Pour des raisons de protection de données, nous n’enregistrons pas nos évènements en ligne. Cependant, nous envoyons après la formation toute la documentation disponible aux participant-es inscrit-es.</p>
</details>
<p>&nbsp;</p>
<p><strong>Inscription</strong></p>
<table class="wp-list-table widefat fixed striped table-view-list forms">
<tbody id="the-list" data-wp-lists="list:form">
<tr>
<td class="shortcode column-shortcode" data-colname="Code court"><div class="wpforms-container wpforms-container-full" id="wpforms-151749"><div class="wpforms-schedule-locked" id="wpforms-locked-151749"><div class="form-locked-message"><p>Malheureusement, le délai d'inscription a expiré. Si tu souhaites tout de même participer à l'évènement, écris un mail à <a href="mailto:lukas.probst@spschweiz.ch">lukas.probst@spschweiz.ch</a>. Merci beaucoup !</p>
</div></div></div>  <!-- .wpforms-container --></td>
</tr>
</tbody>
</table>
<p>&nbsp;</p>

<p>Programme de démantèlement du Conseil fédéral : une attaque contre la Suisse solidaire La ministre des Finances PLR Karin Keller-Sutter et les partis bourgeois attaquent la Suisse solidaire avec leur [&hellip;]</p>
