{"id":158326,"date":"2025-04-08T14:48:24","date_gmt":"2025-04-08T12:48:24","guid":{"rendered":"https:\/\/www.sp-ps.ch\/?post_type=tribe_events&#038;p=158326"},"modified":"2025-04-08T14:48:24","modified_gmt":"2025-04-08T12:48:24","slug":"promouvoir-legalite-et-linclusion-au-sein-du-ps","status":"publish","type":"tribe_events","link":"https:\/\/www.sp-ps.ch\/it\/agenda\/promouvoir-legalite-et-linclusion-au-sein-du-ps\/","title":{"rendered":"Promouvoir l\u2019\u00e9galit\u00e9 et l\u2019inclusion au sein du PS"},"content":{"rendered":"<p><strong>Promouvoir l\u2019\u00e9galit\u00e9 et l\u2019inclusion au sein du PS<\/strong><\/p>\n<p>L\u2019\u00e9galit\u00e9 de genre et des orientations sexuelles\u00a0et l\u2019inclusion de personnes en situation de handicap ne sont malheureusement pas encore des \u00e9vidences m\u00eame au sein du Parti Socialiste. Dans le cadre de la publication du nouveau manuel des sections \u00ab\u00a0L\u2019\u00e9galit\u00e9 dans les sections\u00a0\u00bb et du papier de mesures \u00ab\u00a0Pour un PS inclusif\u00a0\u00bb, nous discutons des raisons de ce ph\u00e9nom\u00e8ne, et examinons les mesures concr\u00e8tes que nous pouvons mettre en place pour am\u00e9liorer la situation dans les sections.<\/p>\n<p>&nbsp;<\/p>\n<details open=\"open\">\n<summary><strong>Voir plus d&#8217;information<\/strong><\/summary>\n<p>&nbsp;<\/p>\n<p><strong>Date et lieu<\/strong><\/p>\n<p>Mercredi 17 septembre 2025, 19h30 \u2013 21h00<\/p>\n<p>Online sur Zoom<\/p>\n<p>&nbsp;<\/p>\n<p><strong>Public cible<\/strong><\/p>\n<p>Membres exer\u00e7ant une fonction interne au parti (formation des comit\u00e9s)<\/p>\n<p>&nbsp;<\/p>\n<p><strong>Intervenant-es<\/strong><\/p>\n<p>Nicole Tille, Conseill\u00e8re communale (PS) Chatel-Saint-Denis et activiste de l\u2019\u00e9galit\u00e9 et l\u2019inclusion<\/p>\n<p>Laurie Willommet, Co-Pr\u00e9sidente Femmes socialistes vaudoises et Conseill\u00e8re municipale \u00e0 Vevey<\/p>\n<p>&nbsp;<\/p>\n<p><strong>Personne de contact<\/strong><\/p>\n<p>Gina La Mantia,\u00a0 <a href=\"mailto:gina.lamantia@spschweiz.ch\">gina.lamantia@spschweiz.ch<\/a><\/p>\n<p>&nbsp;<\/p>\n<p><strong>D\u00e9lai d\u2019inscription<\/strong><\/p>\n<p>15.09.2025<\/p>\n<p>&nbsp;<\/p>\n<p><strong>Information<\/strong><\/p>\n<p>Pour des raisons de protection des donn\u00e9es, nous n\u2019enregistrons pas nos \u00e9v\u00e8nements en ligne. Cependant, nous envoyons, apr\u00e8s la formation, toute la documentation disponible aux participant-es inscrit-es.<\/p>\n<\/details>\n<p>&nbsp;<\/p>\n<p><strong>Inscription<\/strong><\/p>\n<table class=\"wp-list-table widefat fixed striped table-view-list forms\">\n<tbody id=\"the-list\" data-wp-lists=\"list:form\">\n<tr>\n<td class=\"shortcode column-shortcode\" data-colname=\"Code court\"><div class=\"wpforms-container wpforms-container-full\" id=\"wpforms-158320\"><div class=\"wpforms-schedule-locked\" id=\"wpforms-locked-158320\"><div class=\"form-locked-message\"><p>Malheureusement, l'inscription pour le webinaire \"<b><span lang=\"FR-CH\" style=\"font-family: 'NimbusSanNov',serif\">Promouvoir l\u2019\u00e9galit\u00e9 et l\u2019inclusion au sein du PS<\/span><\/b>\" est termin\u00e9e. Si tu souhaites quand m\u00eame participer, tu peux nous \u00e9crire \u00e0 gina.lamantia@spschweiz.ch<\/p>\n<p>&nbsp;<\/p>\n<p class=\"MsoNormal\">\n<\/div><\/div><\/div>  <!-- .wpforms-container --><\/td>\n<\/tr>\n<\/tbody>\n<\/table>\n<p>&nbsp;<\/p>\n<p>&nbsp;<\/p>\n","protected":false},"excerpt":{"rendered":"<p>Promouvoir l\u2019\u00e9galit\u00e9 et l\u2019inclusion au sein du PS L\u2019\u00e9galit\u00e9 de genre et des orientations sexuelles\u00a0et l\u2019inclusion de personnes en situation de handicap ne sont malheureusement pas encore des \u00e9vidences m\u00eame [&hellip;]<\/p>\n","protected":false},"author":87,"featured_media":0,"template":"","meta":{"_tribe_events_status":"","_tribe_events_status_reason":"","_tribe_events_is_hybrid":"","_tribe_events_is_virtual":"","_tribe_events_virtual_video_source":"","_tribe_events_virtual_embed_video":"","_tribe_events_virtual_linked_button_text":"","_tribe_events_virtual_linked_button":"","_tribe_events_virtual_show_embed_at":"","_tribe_events_virtual_show_embed_to":[],"_tribe_events_virtual_show_on_event":"","_tribe_events_virtual_show_on_views":"","_tribe_events_virtual_url":"","footnotes":""},"tags":[],"tribe_events_cat":[15666,15673],"class_list":["post-158326","tribe_events","type-tribe_events","status-publish","hentry","tribe_events_cat-formazione","tribe_events_cat-persone-iscritte-con-funzioni-interne-al-partito-it","cat_formazione","cat_persone-iscritte-con-funzioni-interne-al-partito-it"],"_links":{"self":[{"href":"https:\/\/www.sp-ps.ch\/it\/wp-json\/wp\/v2\/tribe_events\/158326","targetHints":{"allow":["GET"]}}],"collection":[{"href":"https:\/\/www.sp-ps.ch\/it\/wp-json\/wp\/v2\/tribe_events"}],"about":[{"href":"https:\/\/www.sp-ps.ch\/it\/wp-json\/wp\/v2\/types\/tribe_events"}],"author":[{"embeddable":true,"href":"https:\/\/www.sp-ps.ch\/it\/wp-json\/wp\/v2\/users\/87"}],"version-history":[{"count":1,"href":"https:\/\/www.sp-ps.ch\/it\/wp-json\/wp\/v2\/tribe_events\/158326\/revisions"}],"predecessor-version":[{"id":158341,"href":"https:\/\/www.sp-ps.ch\/it\/wp-json\/wp\/v2\/tribe_events\/158326\/revisions\/158341"}],"wp:attachment":[{"href":"https:\/\/www.sp-ps.ch\/it\/wp-json\/wp\/v2\/media?parent=158326"}],"wp:term":[{"taxonomy":"post_tag","embeddable":true,"href":"https:\/\/www.sp-ps.ch\/it\/wp-json\/wp\/v2\/tags?post=158326"},{"taxonomy":"tribe_events_cat","embeddable":true,"href":"https:\/\/www.sp-ps.ch\/it\/wp-json\/wp\/v2\/tribe_events_cat?post=158326"}],"curies":[{"name":"wp","href":"https:\/\/api.w.org\/{rel}","templated":true}]}}

Promouvoir l’égalité et l’inclusion au sein du PS

<p><strong>Promouvoir l’égalité et l’inclusion au sein du PS</strong></p>
<p>L’égalité de genre et des orientations sexuelles et l’inclusion de personnes en situation de handicap ne sont malheureusement pas encore des évidences même au sein du Parti Socialiste. Dans le cadre de la publication du nouveau manuel des sections « L’égalité dans les sections » et du papier de mesures « Pour un PS inclusif », nous discutons des raisons de ce phénomène, et examinons les mesures concrètes que nous pouvons mettre en place pour améliorer la situation dans les sections.</p>
<p>&nbsp;</p>
<details open="open">
<summary><strong>Voir plus d&#8217;information</strong></summary>
<p>&nbsp;</p>
<p><strong>Date et lieu</strong></p>
<p>Mercredi 17 septembre 2025, 19h30 – 21h00</p>
<p>Online sur Zoom</p>
<p>&nbsp;</p>
<p><strong>Public cible</strong></p>
<p>Membres exerçant une fonction interne au parti (formation des comités)</p>
<p>&nbsp;</p>
<p><strong>Intervenant-es</strong></p>
<p>Nicole Tille, Conseillère communale (PS) Chatel-Saint-Denis et activiste de l’égalité et l’inclusion</p>
<p>Laurie Willommet, Co-Présidente Femmes socialistes vaudoises et Conseillère municipale à Vevey</p>
<p>&nbsp;</p>
<p><strong>Personne de contact</strong></p>
<p>Gina La Mantia,  <a href="mailto:gina.lamantia@spschweiz.ch">gina.lamantia@spschweiz.ch</a></p>
<p>&nbsp;</p>
<p><strong>Délai d’inscription</strong></p>
<p>15.09.2025</p>
<p>&nbsp;</p>
<p><strong>Information</strong></p>
<p>Pour des raisons de protection des données, nous n’enregistrons pas nos évènements en ligne. Cependant, nous envoyons, après la formation, toute la documentation disponible aux participant-es inscrit-es.</p>
</details>
<p>&nbsp;</p>
<p><strong>Inscription</strong></p>
<table class="wp-list-table widefat fixed striped table-view-list forms">
<tbody id="the-list" data-wp-lists="list:form">
<tr>
<td class="shortcode column-shortcode" data-colname="Code court"><div class="wpforms-container wpforms-container-full" id="wpforms-158320"><div class="wpforms-schedule-locked" id="wpforms-locked-158320"><div class="form-locked-message"><p>Malheureusement, l'inscription pour le webinaire "<b><span lang="FR-CH" style="font-family: 'NimbusSanNov',serif">Promouvoir l’égalité et l’inclusion au sein du PS</span></b>" est terminée. Si tu souhaites quand même participer, tu peux nous écrire à gina.lamantia@spschweiz.ch</p>
<p>&nbsp;</p>
<p class="MsoNormal">
</div></div></div>  <!-- .wpforms-container --></td>
</tr>
</tbody>
</table>
<p>&nbsp;</p>
<p>&nbsp;</p>

<p>Promouvoir l’égalité et l’inclusion au sein du PS L’égalité de genre et des orientations sexuelles et l’inclusion de personnes en situation de handicap ne sont malheureusement pas encore des évidences même [&hellip;]</p>
